000
CXUS52 KMLB 010726
CF6DAB
PRELIMINARY LOCAL CLIMATOLOGICAL DATA (WS FORM: F-6)
STATION: DAYTONA BEACH
MONTH: DECEMBER
YEAR: 2023
LATITUDE: 29 10 N
LONGITUDE: 81 3 W
TEMPERATURE IN F: :PCPN: SNOW: WIND :SUNSHINE: SKY :PK WND
================================================================================
1 2 3 4 5 6A 6B 7 8 9 10 11 12 13 14 15 16 17 18
12Z AVG MX 2MIN
DY MAX MIN AVG DEP HDD CDD WTR SNW DPTH SPD SPD DIR MIN PSBL S-S WX SPD DR
================================================================================
1 80 59 70 6 0 5 T 0.0 0 2.1 9 90 M M 6 1 17 100
2 83 69 76 12 0 11 0.00 0.0 0 2.7 9 230 M M 8 1 14 180
3 83 68 76 12 0 11 0.03 0.0 0 5.9 24 280 M M 8 18 39 260
4 78 59 69 5 0 4 0.00 0.0 0 6.5 15 260 M M 8 23 260
5 72 51 62 -2 3 0 0.00 0.0 0 5.8 17 280 M M 7 24 270
6 63 49 56 -8 9 0 0.00 0.0 0 9.0 21 10 M M 2 27 350
7 68 45 57 -6 8 0 0.00 0.0 0 5.5 13 30 M M 3 1 17 20
8 74 52 63 0 2 0 T 0.0 0 2.8 9 70 M M 8 1 13 40
9 81 61 71 8 0 6 T 0.0 0 3.3 12 160 M M 6 1 18 150
10 81 65 73 10 0 8 0.24 0.0 0 7.1 22 270 M M 6 13 29 230
11 66 47 57 -6 8 0 T 0.0 0 9.3 23 290 M M 6 32 290
12 70 47 59 -3 6 0 0.00 0.0 0 10.4 22 10 M M 6 32 340
13 76 63 70 8 0 5 0.01 0.0 0 11.7 26 40 M M 8 1 36 40
14 73 63 68 6 0 3 0.01 0.0 0 17.4 30 60 M M 8 1 43 70
15 72 63 68 6 0 3 0.01 0.0 0 16.0 28 60 M M 8 37 70
16 71 66 69 7 0 4 2.57 0.0 0 12.1 23 80 M M 9 1 37 100
17 74 60 67 5 0 2 1.31 0.0 0 14.9 26 310 M M 10 18 43 300
18 68 51 60 -1 5 0 0.00 0.0 0 10.8 22 260 M M 3 32 270
19 58 46 52 -9 13 0 0.00 0.0 0 12.5 21 10 M M 3 30 10
20 69 47 58 -3 7 0 0.00 0.0 0 10.2 18 50 M M 8 24 40
21 69 58 64 3 1 0 0.00 0.0 0 11.9 22 40 M M 5 29 40
22 70 58 64 3 1 0 0.04 0.0 0 6.7 17 50 M M 9 1 23 50
23 73 54 64 3 1 0 0.00 0.0 0 5.8 17 60 M M 3 1 23 60
24 73 58 66 6 0 1 T 0.0 0 5.6 15 80 M M 7 21 90
25 72 66 69 9 0 4 0.07 0.0 0 4.3 12 170 M M 9 1 19 110
26 72 62 67 7 0 2 0.20 0.0 0 3.5 9 280 M M 7 12 13 280
27 71 57 64 4 1 0 0.01 0.0 0 7.4 13 280 M M 9 1 19 270
28 63 52 58 -2 7 0 0.15 0.0 0 2.7 10 290 M M 8 1 14 290
29 59 43 51 -9 14 0 0.00 0.0 0 8.1 20 250 M M 5 1 29 290
30 62 41 52 -8 13 0 0.00 0.0 0 5.8 15 260 M M 3 21 260
31 65 39 52 -7 13 0 0.00 0.0 0 4.4 16 300 M M 1 1 23 290
================================================================================
SM 2209 1719 112 69 4.65 0.0 242.2 M 197
================================================================================
AV 71.3 55.5 7.8 FASTST M M 6 MAX(MPH)
MISC ----> 30 60 # 43 70
================================================================================
NOTES:
# LAST OF SEVERAL OCCURRENCES
COLUMN 17 PEAK WIND IN M.P.H.
PRELIMINARY LOCAL CLIMATOLOGICAL DATA (WS FORM: F-6) , PAGE 2
STATION: DAYTONA BEACH
MONTH: DECEMBER
YEAR: 2023
LATITUDE: 29 10 N
LONGITUDE: 81 3 W
[TEMPERATURE DATA] [PRECIPITATION DATA] SYMBOLS USED IN COLUMN 16
AVERAGE MONTHLY: 63.4 TOTAL FOR MONTH: 4.65 1 = FOG OR MIST
DPTR FM NORMAL: 1.6 DPTR FM NORMAL: 2.31 2 = FOG REDUCING VISIBILITY
HIGHEST: 83 ON 3, 2 GRTST 24HR 3.88 ON 16-17 TO 1/4 MILE OR LESS
LOWEST: 39 ON 31 3 = THUNDER
SNOW, ICE PELLETS, HAIL 4 = ICE PELLETS
TOTAL MONTH: 0.0 INCH 5 = HAIL
GRTST 24HR 0.0 6 = FREEZING RAIN OR DRIZZLE
GRTST DEPTH: 0 7 = DUSTSTORM OR SANDSTORM:
VSBY 1/2 MILE OR LESS
8 = SMOKE OR HAZE
[NO. OF DAYS WITH] [WEATHER - DAYS WITH] 9 = BLOWING SNOW
X = TORNADO
MAX 32 OR BELOW: 0 0.01 INCH OR MORE: 12
MAX 90 OR ABOVE: 0 0.10 INCH OR MORE: 5
MIN 32 OR BELOW: 0 0.50 INCH OR MORE: 2
MIN 0 OR BELOW: 0 1.00 INCH OR MORE: 2
[HDD (BASE 65) ]
TOTAL THIS MO. 112 CLEAR (SCALE 0-3) 5
DPTR FM NORMAL -49 PTCLDY (SCALE 4-7) 19
TOTAL FM JUL 1 159 CLOUDY (SCALE 8-10) 7
DPTR FM NORMAL -71
[CDD (BASE 65) ]
TOTAL THIS MO. 69
DPTR FM NORMAL 7 [PRESSURE DATA]
TOTAL FM JAN 1 3642 HIGHEST SLP M ON M
DPTR FM NORMAL 531 LOWEST SLP 29.43 ON 17
[REMARKS]
#FINAL-12-23#