000
CXUS54 KFWD 072133
CF6DAL
PRELIMINARY LOCAL CLIMATOLOGICAL DATA (WS FORM: F-6)
STATION: DALLAS LOVE FIELD
MONTH: MARCH
YEAR: 2022
LATITUDE: 32 50 N
LONGITUDE: 96 51 W
TEMPERATURE IN F: :PCPN: SNOW: WIND :SUNSHINE: SKY :PK WND
================================================================================
1 2 3 4 5 6A 6B 7 8 9 10 11 12 13 14 15 16 17 18
12Z AVG MX 2MIN
DY MAX MIN AVG DEP HDD CDD WTR SNW DPTH SPD SPD DIR MIN PSBL S-S WX SPD DR
================================================================================
1 73 36 55 0 10 0 0.00 0.0 0 3.6 10 160 M M 8 15 140
2 77 43 60 4 5 0 0.00 0.0 0 3.1 14 180 M M 6 20 190
3 78 45 62 6 3 0 0.00 0.0 0 4.5 13 140 M M 3 19 210
4 73 55 64 8 1 0 0.00 0.0 0 10.6 23 150 M M 8 1 35 160
5 78 63 71 15 0 6 T 0.0 0 12.5 24 180 M M 8 1 39 180
6 78 39 59 2 6 0 0.02 0.0 0 13.6 32 320 M M 9 51 10
7 52 36 44 -13 21 0 0.06 T 0 11.8 25 330 M M 7 14 45 30
8 49 34 42 -15 23 0 T T 0 7.1 14 340 M M 6 4 31 200
9 59 30 45 -13 20 0 0.00 0.0 0 4.9 13 20 M M 1 32 40
10 68 42 55 -3 10 0 0.00 0.0 0 7.8 29 330 M M 1 36 330
11 44 32 38 -20 27 0 0.07 T 0 16.0 25 340 M M 7 4 42 330
12 57 26 42 -16 23 0 0.00 0.0 0 4.9 12 170 M M 0 17 170
13 65 43 54 -5 11 0 0.00 0.0 0 12.6 23 150 M M 2 33 170
14 77 50 64 5 1 0 0.34 0.0 0 13.0 26 320 M M 7 3 37 320
15 71 46 59 0 6 0 0.00 0.0 0 9.5 21 330 M M 3 35 340
16 80 45 63 3 2 0 0.00 0.0 0 6.7 17 160 M M 2 26 160
17 74 54 64 4 1 0 T 0.0 0 13.5 25 150 M M 5 3 40 160
18 66 47 57 -3 8 0 0.00 0.0 0 16.4 31 290 M M 5 44 330
19 76 41 59 -2 6 0 0.00 0.0 0 3.9 13 210 M M 1 8 17 220
20 79 55 67 6 0 2 0.00 0.0 0 11.5 24 150 M M 4 33 150
21 73 56 65 4 0 0 1.46 0.0 0 13.4 29 300 M M 9 13 42 170
22 59 48 54 -7 11 0 0.00 0.0 0 15.3 26 310 M M 8 36 320
23 64 46 55 -7 10 0 0.00 0.0 0 13.5 29 320 M M 4 39 310
24 68 38 53 -9 12 0 0.00 0.0 0 6.0 21 320 M M 2 29 10
25 82 42 62 0 3 0 0.00 0.0 0 2.7 10 260 M M 1 14 260
26 85 54 70 8 0 5 0.00 0.0 0 7.6 14 120 M M 0 22 80
27 92 54 73 10 0 8 0.00 0.0 0 9.2 22 150 M M 5 31 180
28 84 60 72 9 0 7 0.00 0.0 0 14.1 24 170 M M 4 36 150
29 79 68 74 11 0 9 0.00 0.0 0 17.3 30 190 M M 9 47 170
30 74 46 60 -4 5 0 1.06 0.0 0 12.8 30 320 M M 7 13 40 170
31 70 45 58 -6 7 0 T 0.0 0 7.7 28 330 M M 3 34 330
================================================================================
SM 2204 1419 232 37 3.01 T 307.1 M 145
================================================================================
AV 71.1 45.8 9.9 FASTST M M 5 MAX(MPH)
MISC ----> 32 320 51 10
================================================================================
NOTES:
# LAST OF SEVERAL OCCURRENCES
COLUMN 17 PEAK WIND IN M.P.H.
PRELIMINARY LOCAL CLIMATOLOGICAL DATA (WS FORM: F-6) , PAGE 2
STATION: DALLAS LOVE FIELD
MONTH: MARCH
YEAR: 2022
LATITUDE: 32 50 N
LONGITUDE: 96 51 W
[TEMPERATURE DATA] [PRECIPITATION DATA] SYMBOLS USED IN COLUMN 16
AVERAGE MONTHLY: 58.4 TOTAL FOR MONTH: 3.01 1 = FOG OR MIST
DPTR FM NORMAL: -1.2 DPTR FM NORMAL: -0.44 2 = FOG REDUCING VISIBILITY
HIGHEST: 92 ON 27 GRTST 24HR 1.46 ON 21-21 TO 1/4 MILE OR LESS
LOWEST: 26 ON 12 3 = THUNDER
SNOW, ICE PELLETS, HAIL 4 = ICE PELLETS
TOTAL MONTH: T 5 = HAIL
GRTST 24HR T ON 7- 7 6 = FREEZING RAIN OR DRIZZLE
GRTST DEPTH: 0 7 = DUSTSTORM OR SANDSTORM:
VSBY 1/2 MILE OR LESS
8 = SMOKE OR HAZE
[NO. OF DAYS WITH] [WEATHER - DAYS WITH] 9 = BLOWING SNOW
X = TORNADO
MAX 32 OR BELOW: 0 0.01 INCH OR MORE: 6
MAX 90 OR ABOVE: 1 0.10 INCH OR MORE: 3
MIN 32 OR BELOW: 3 0.50 INCH OR MORE: 2
MIN 0 OR BELOW: 0 1.00 INCH OR MORE: 2
[HDD (BASE 65) ]
TOTAL THIS MO. 232 CLEAR (SCALE 0-3) 12
DPTR FM NORMAL 19 PTCLDY (SCALE 4-7) 14
TOTAL FM JUL 1 1811 CLOUDY (SCALE 8-10) 5
DPTR FM NORMAL -109
[CDD (BASE 65) ]
TOTAL THIS MO. 37
DPTR FM NORMAL -10 [PRESSURE DATA]
TOTAL FM JAN 1 40 HIGHEST SLP 30.52 ON 12
DPTR FM NORMAL -22 LOWEST SLP 29.42 ON 30
[REMARKS]
#FINAL-03-22#