000
CXUS51 KRNK 010821
CF6DAN
PRELIMINARY LOCAL CLIMATOLOGICAL DATA (WS FORM: F-6)
STATION: DANVILLE VA
MONTH: MAY
YEAR: 2021
LATITUDE: 36 34 N
LONGITUDE: 79 20 W
TEMPERATURE IN F: :PCPN: SNOW: WIND :SUNSHINE: SKY :PK WND
================================================================================
1 2 3 4 5 6A 6B 7 8 9 10 11 12 13 14 15 16 17 18
12Z AVG MX 2MIN
DY MAX MIN AVG DEP HDD CDD WTR SNW DPTH SPD SPD DIR MIN PSBL S-S WX SPD DR
================================================================================
1 72 46 59 -3 6 0 0.00 0.0 0 5.3 14 360 M M 0 21 330
2 82 42 62 0 3 0 0.00 0.0 0 6.2 18 220 M M 0 27 220
3 75 65 70 7 0 5 0.29 0.0 0 5.8 16 220 M M 6 1 24 220
4 85 63 74 11 0 9 0.02 0.0 0 8.3 22 230 M M 3 27 230
5 84 56 70 7 0 5 0.00 0.0 0 10.0 20 260 M M 4 26 270
6 68 45 57 -6 8 0 0.00 0.0 0 3.1 12 60 M M 3 15 10
7 67 40 54 -10 11 0 0.11 0.0 0 5.2 21 340 M M 5 13 27 340
8 71 39 55 -9 10 0 T 0.0 0 6.6 18 260 M M 2 1 26 270
9 78 47 63 -1 2 0 T 0.0 0 6.3 21 220 M M 4 32 210
10 78 57 68 4 0 3 0.01 0.0 0 6.7 16 220 M M 8 23 200
11 70 51 61 -4 4 0 0.00 0.0 0 3.5 9 330 M M 5 13 90
12 59 40 50 -15 15 0 T 0.0 0 5.7 14 40 M M 8 18 60
13 72 37 55 -10 10 0 0.00 0.0 0 3.8 15 30 M M 2 20 40
14 72 40 56 -9 9 0 0.00 0.0 0 1.7 13 280 M M 5 16 290
15 77 40 59 -7 6 0 0.00 0.0 0 1.9 9 10 M M 1 15 60
16 67 45 56 -10 9 0 T 0.0 0 1.9 8 60 M M 8 10 100
17 71 56 64 -2 1 0 T 0.0 0 3.2 9 360 M M 10 11 290
18 75 53 64 -2 1 0 T 0.0 0 0.6 8 80 M M 6 1 11 100
19 83 47 65 -2 0 0 0.00 0.0 0 1.9 7 190 M M 0 12 11 120
20 87 49 68 1 0 3 0.00 0.0 0 2.0 9 200 M M 0 13 230
21 84 55 70 3 0 5 0.00 0.0 0 3.6 12 40 M M 0 16 40
22 89 50 70 2 0 5 0.00 0.0 0 3.2 9 260 M M 0 12 230
23 92 62 77 9 0 12 0.00 0.0 0 5.5 15 340 M M 1 19 330
24 90 62 76 8 0 11 0.00 0.0 0 5.0 13 60 M M 4 18 40
25 84 64 74 6 0 9 0.00 0.0 0 2.7 9 60 M M 5 14 100
26 94 66 80 11 0 15 T 0.0 0 5.3 17 240 M M 2 13 23 220
27 89 63 76 7 0 11 0.00 0.0 0 3.0 10 230 M M 3 15 230
28 91 67 79 10 0 14 0.06 0.0 0 4.8 25 240 M M 5 1 34 290
29 82 52 67 -2 0 2 0.07 0.0 0 8.2 20 40 M M 9 1 25 50
30 66 51 59 -11 6 0 0.07 0.0 0 6.4 17 40 M M 9 1 23 40
31 75 50 63 -7 2 0 0.00 0.0 0 1.6 7 270 M M 5 1 M M
================================================================================
SM 2429 1600 103 109 0.63 0.0 139.0 M 123
================================================================================
AV 78.4 51.6 4.5 FASTST M M 4 MAX(MPH)
MISC ----> 25 240 34 290
================================================================================
NOTES:
# LAST OF SEVERAL OCCURRENCES
COLUMN 17 PEAK WIND IN M.P.H.
PRELIMINARY LOCAL CLIMATOLOGICAL DATA (WS FORM: F-6) , PAGE 2
STATION: DANVILLE VA
MONTH: MAY
YEAR: 2021
LATITUDE: 36 34 N
LONGITUDE: 79 20 W
[TEMPERATURE DATA] [PRECIPITATION DATA] SYMBOLS USED IN COLUMN 16
AVERAGE MONTHLY: 65.0 TOTAL FOR MONTH: 0.63 1 = FOG OR MIST
DPTR FM NORMAL: -1.0 DPTR FM NORMAL: -3.50 2 = FOG REDUCING VISIBILITY
HIGHEST: 94 ON 26 GRTST 24HR 0.29 ON 3- 3 TO 1/4 MILE OR LESS
LOWEST: 37 ON 13 3 = THUNDER
SNOW, ICE PELLETS, HAIL 4 = ICE PELLETS
TOTAL MONTH: 0.0 INCH 5 = HAIL
GRTST 24HR 0.0 6 = FREEZING RAIN OR DRIZZLE
GRTST DEPTH: 0 7 = DUSTSTORM OR SANDSTORM:
VSBY 1/2 MILE OR LESS
8 = SMOKE OR HAZE
[NO. OF DAYS WITH] [WEATHER - DAYS WITH] 9 = BLOWING SNOW
X = TORNADO
MAX 32 OR BELOW: 0 0.01 INCH OR MORE: 7
MAX 90 OR ABOVE: 4 0.10 INCH OR MORE: 2
MIN 32 OR BELOW: 0 0.50 INCH OR MORE: 0
MIN 0 OR BELOW: 0 1.00 INCH OR MORE: 0
[HDD (BASE 65) ]
TOTAL THIS MO. 103 CLEAR (SCALE 0-3) 14
DPTR FM NORMAL 26 PTCLDY (SCALE 4-7) 14
TOTAL FM JUL 1 3559 CLOUDY (SCALE 8-10) 3
DPTR FM NORMAL -245
[CDD (BASE 65) ]
TOTAL THIS MO. 109
DPTR FM NORMAL 1 [PRESSURE DATA]
TOTAL FM JAN 1 137 HIGHEST SLP 30.52 ON 21
DPTR FM NORMAL -6 LOWEST SLP 29.66 ON 29
[REMARKS]
#FINAL-05-21#