000
CXUS51 KRNK 011011
CLMDAN
CLIMATE REPORT
NATIONAL WEATHER SERVICE BLACKSBURG, VA
511 AM EST FRI MAR 01 2024
...................................
...THE DANVILLE VA CLIMATE SUMMARY FOR THE MONTH OF FEBRUARY 2024...
CLIMATE NORMAL PERIOD: 1991 TO 2020
CLIMATE RECORD PERIOD: 1916 TO 2024
WEATHER OBSERVED NORMAL DEPART LAST YEAR`S
VALUE DATE(S) VALUE FROM VALUE
NORMAL
..............................................................
TEMPERATURE (F)
RECORD
HIGH 85 02/27/1977
LOW 3 02/20/2015
02/18/1958
02/08/1936
HIGHEST 68 02/10 79
02/28
LOWEST 23 02/07 18
02/18
02/19
AVG. MAXIMUM 57.1 52.7 4.4 61.8
AVG. MINIMUM 32.7 30.2 2.5 38.2
MEAN 44.9 41.5 3.4 50.0
DAYS MAX >= 90 0 0.0 0.0 0
DAYS MAX <= 32 0 0.6 -0.6 0
DAYS MIN <= 32 17 18.2 -1.2 8
DAYS MIN <= 0 0 0.0 0.0 0
PRECIPITATION (INCHES)
RECORD
MAXIMUM 6.62 1998
MINIMUM 0.41 1968
TOTALS 1.70 2.73 -1.03 1.97
DAYS >= .01 9 9.7 -0.7 5
DAYS >= .10 5 5.8 -0.8 2
DAYS >= .50 1 1.4 -0.4 2
DAYS >= 1.00 0 0.4 -0.4 0
GREATEST
24 HR. TOTAL 0.81 0.96
SNOWFALL (INCHES)
TOTALS 0.0 2.5 -2.5 T
DAYS >= TRACE 0 1.2 -1.2 2
DAYS >= 1.0 0 0.6 -0.6 0
GREATEST
24 HR TOTAL MM MM
DEGREE DAYS
HEATING TOTAL 575 660 -85 417
COOLING TOTAL 0 1 -1 3
..............................................................
WIND (MPH)
AVERAGE WIND SPEED 5.2
RESULTANT WIND SPEED/DIRECTION 1/270
HIGHEST WIND SPEED/DIRECTION 28/320 DATE 02/28
HIGHEST GUST SPEED/DIRECTION 42/290 DATE 02/28
SKY COVER
AVERAGE SKY COVER 0.31
AVERAGE RH (PERCENT) 62
WEATHER CONDITIONS. NUMBER OF DAYS WITH
THUNDERSTORM 0 MIXED PRECIP 0
HEAVY RAIN 0 RAIN 2
LIGHT RAIN 9 FREEZING RAIN 0
LT FREEZING RAIN 0 HAIL 0
HEAVY SNOW 0 SNOW 0
LIGHT SNOW 0 SLEET 0
FOG 6 FOG W/VIS <= 1/4 MILE 2
HAZE 0
- INDICATES NEGATIVE NUMBERS.
R INDICATES RECORD WAS SET OR TIED.
MM INDICATES DATA IS MISSING.
T INDICATES TRACE AMOUNT.
$$