000
CDUS43 KDVN 230736
CLIDBQ


CLIMATE REPORT
NATIONAL WEATHER SERVICE QUAD CITIES IA IL
235 AM CDT MON APR 23 2018


...................................

...THE DUBUQUE IA CLIMATE SUMMARY FOR APRIL 22 2018...

CLIMATE NORMAL PERIOD 1981 TO 2010
CLIMATE RECORD PERIOD 1873 TO 2018


WEATHER ITEM   OBSERVED TIME   RECORD YEAR NORMAL DEPARTURE LAST
                VALUE   (LST)  VALUE       VALUE  FROM      YEAR
                                                  NORMAL
..................................................................
TEMPERATURE (F)
 YESTERDAY
  MAXIMUM         64    452 PM  93    1980  61      3       63
  MINIMUM         40    549 AM  25    1986  40      0       36
  AVERAGE         52                        51      1       50

PRECIPITATION (IN)
  YESTERDAY        0.00          2.05 1999   0.13  -0.13     0.00
  MONTH TO DATE    1.59                      2.60  -1.01     3.76
  SINCE MAR 1      3.43                      5.01  -1.58     5.89
  SINCE JAN 1      7.48                      7.62  -0.14     9.70

SNOWFALL (IN)
  YESTERDAY        0.0          MM      MM   0.1   -0.1      0.0
  MONTH TO DATE    8.6                       1.8    6.8       T
  SINCE MAR 1     16.2                       8.1    8.1      4.5
  SINCE JUL 1     38.2                      41.7   -3.5     27.1
  SNOW DEPTH       0

DEGREE DAYS
 HEATING
  YESTERDAY       13                        15     -2       15
  MONTH TO DATE  685                       407    278      294
  SINCE MAR 1   1639                      1325    314     1183
  SINCE JUL 1   6944                      6718    226     5664

 COOLING
  YESTERDAY        0                         0      0        0
  MONTH TO DATE    0                         0      0        5
  SINCE MAR 1      0                         0      0        5
  SINCE JAN 1      0                         0      0        5
..................................................................


WIND (MPH)
  HIGHEST WIND SPEED    20   HIGHEST WIND DIRECTION     E (70)
  HIGHEST GUST SPEED    23   HIGHEST GUST DIRECTION     E (80)
  AVERAGE WIND SPEED     9.4


SKY COVER
  POSSIBLE SUNSHINE  MM
  AVERAGE SKY COVER 0.2


WEATHER CONDITIONS
 THE FOLLOWING WEATHER WAS RECORDED YESTERDAY.
  NO SIGNIFICANT WEATHER WAS OBSERVED.


RELATIVE HUMIDITY (PERCENT)
 HIGHEST    62           300 AM
 LOWEST     25          1200 PM
 AVERAGE    44

..........................................................


THE DUBUQUE IA CLIMATE NORMALS FOR TODAY
                         NORMAL    RECORD    YEAR
 MAXIMUM TEMPERATURE (F)   62        85      1925
 MINIMUM TEMPERATURE (F)   41        22      1910


SUNRISE AND SUNSET
APRIL 23 2018.........SUNRISE   609 AM CDT   SUNSET   754 PM CDT
APRIL 24 2018.........SUNRISE   608 AM CDT   SUNSET   755 PM CDT


-  INDICATES NEGATIVE NUMBERS.
R  INDICATES RECORD WAS SET OR TIED.
MM INDICATES DATA IS MISSING.
T  INDICATES TRACE AMOUNT.




$$
