000
CXUS51 KLWX 010915
CF6DCA
PRELIMINARY LOCAL CLIMATOLOGICAL DATA (WS FORM: F-6)
STATION: WASHINGTON NATIONAL DC
MONTH: FEBRUARY
YEAR: 2024
LATITUDE: 38 50 N
LONGITUDE: 77 2 W
TEMPERATURE IN F: :PCPN: SNOW: WIND :SUNSHINE: SKY :PK WND
================================================================================
1 2 3 4 5 6A 6B 7 8 9 10 11 12 13 14 15 16 17 18
12Z AVG MX 2MIN
DY MAX MIN AVG DEP HDD CDD WTR SNW DPTH SPD SPD DIR MIN PSBL S-S WX SPD DR
================================================================================
1 54 32 43 5 22 0 0.00 0.0 0 7.1 14 170 M M 4 12 19 170
2 52 42 47 9 18 0 0.01 0.0 0 10.2 23 340 M M 10 30 350
3 51 35 43 5 22 0 0.00 0.0 0 8.1 17 10 M M 1 23 360
4 51 32 42 4 23 0 0.00 0.0 0 3.1 10 60 M M 1 13 50
5 53 32 43 5 22 0 0.00 0.0 0 6.3 14 350 M M 2 18 10
6 48 33 41 3 24 0 0.00 0.0 0 9.4 18 20 M M 1 33 10
7 53 31 42 3 23 0 0.00 0.0 0 3.8 8 130 M M 3 10 130
8 56 34 45 6 20 0 0.00 0.0 0 6.5 12 160 M M 7 16 160
9 63 42 53 14 12 0 0.00 0.0 0 7.0 12 160 M M 8 M M
10 64 45 55 16 10 0 0.00 0.0 M 5.6 16 210 M M 9 22 210
11 54 47 51 12 14 0 0.13 M M 4.6 12 30 M M 10 1 16 30
12 49 44 47 8 18 0 0.11 0.0 0 4.2 13 90 M M 10 18 17 90
13 49 36 43 3 22 0 0.74 T 0 13.4 30 330 M M 8 1 47 350
14 47 35 41 1 24 0 0.00 0.0 0 11.9 26 340 M M 4 35 340
15 49 32 41 1 24 0 0.00 0.0 0 7.4 18 180 M M 5 28 180
16 51 39 45 5 20 0 0.00 0.0 0 10.1 25 290 M M 5 39 310
17 42 31 37 -3 28 0 0.10 0.1 T 12.7 28 280 M M 7 1 40 290
18 50 26 38 -3 27 0 0.00 0.0 0 8.3 21 220 M M 3 28 220
19 49 33 41 0 24 0 0.00 0.0 0 5.3 14 340 M M 2 22 340
20 51 31 41 0 24 0 0.00 0.0 0 5.2 15 100 M M 4 17 100
21 50 31 41 0 24 0 0.00 0.0 0 5.5 13 120 M M 3 17 130
22 53 33 43 1 22 0 T 0.0 0 6.6 16 180 M M 8 3 21 180
23 52 41 47 5 18 0 0.01 0.0 0 5.2 12 320 M M 9 15 320
24 53 33 43 1 22 0 0.02 0.0 0 10.4 21 350 M M 8 28 320
25 47 29 38 -4 27 0 0.00 0.0 0 8.2 15 170 M M 2 20 210
26 68 38 53 11 12 0 0.00 0.0 0 6.0 13 180 M M 6 17 190
27 64 43 54 11 11 0 0.02 0.0 0 8.0 22 170 M M 9 1 28 180
28 65 42 54 11 11 0 0.27 0.0 0 17.0 32 300 M M 10 1 50 330
29 50 33 42 -1 23 0 0.00 0.0 0 12.0 24 320 M M 1 35 320
================================================================================
SM 1538 1035 591 0 1.41 0.1 229.1 M 160
================================================================================
AV 53.0 35.7 7.9 FASTST M M 6 MAX(MPH)
MISC ----> 32 300 50 330
================================================================================
NOTES:
# LAST OF SEVERAL OCCURRENCES
COLUMN 17 PEAK WIND IN M.P.H.
PRELIMINARY LOCAL CLIMATOLOGICAL DATA (WS FORM: F-6) , PAGE 2
STATION: WASHINGTON NATIONAL DC
MONTH: FEBRUARY
YEAR: 2024
LATITUDE: 38 50 N
LONGITUDE: 77 2 W
[TEMPERATURE DATA] [PRECIPITATION DATA] SYMBOLS USED IN COLUMN 16
AVERAGE MONTHLY: 44.4 TOTAL FOR MONTH: 1.41 1 = FOG OR MIST
DPTR FM NORMAL: 4.4 DPTR FM NORMAL: -1.21 2 = FOG REDUCING VISIBILITY
HIGHEST: 68 ON 26 GRTST 24HR 0.84 ON 12-13 TO 1/4 MILE OR LESS
LOWEST: 26 ON 18 3 = THUNDER
SNOW, ICE PELLETS, HAIL 4 = ICE PELLETS
TOTAL MONTH: 0.1 INCH 5 = HAIL
GRTST 24HR 0.1 ON 17-17 6 = FREEZING RAIN OR DRIZZLE
GRTST DEPTH: T 7 = DUSTSTORM OR SANDSTORM:
VSBY 1/2 MILE OR LESS
8 = SMOKE OR HAZE
[NO. OF DAYS WITH] [WEATHER - DAYS WITH] 9 = BLOWING SNOW
X = TORNADO
MAX 32 OR BELOW: 0 0.01 INCH OR MORE: 9
MAX 90 OR ABOVE: 0 0.10 INCH OR MORE: 5
MIN 32 OR BELOW: 10 0.50 INCH OR MORE: 1
MIN 0 OR BELOW: 0 1.00 INCH OR MORE: 0
[HDD (BASE 65) ]
TOTAL THIS MO. 591 CLEAR (SCALE 0-3) 9
DPTR FM NORMAL -108 PTCLDY (SCALE 4-7) 12
TOTAL FM JUL 1 2552 CLOUDY (SCALE 8-10) 8
DPTR FM NORMAL -415
[CDD (BASE 65) ]
TOTAL THIS MO. 0
DPTR FM NORMAL 0 [PRESSURE DATA]
TOTAL FM JAN 1 1 HIGHEST SLP 30.49 ON 29
DPTR FM NORMAL 1 LOWEST SLP 29.36 ON 13
[REMARKS]
#FINAL-02-24#