000
CXUS54 KHUN 010810
CF6DCU
PRELIMINARY LOCAL CLIMATOLOGICAL DATA (WS FORM: F-6)
STATION: DECATUR
MONTH: JULY
YEAR: 2020
LATITUDE: 34 39 N
LONGITUDE: 86 56 W
TEMPERATURE IN F: :PCPN: SNOW: WIND :SUNSHINE: SKY :PK WND
================================================================================
1 2 3 4 5 6A 6B 7 8 9 10 11 12 13 14 15 16 17 18
12Z AVG MX 2MIN
DY MAX MIN AVG DEP HDD CDD WTR SNW DPTH SPD SPD DIR MIN PSBL S-S WX SPD DR
================================================================================
1 79 68 74 -5 0 9 1.28 0.0 0 5.3 16 320 M M 0 138 20 170
2 87 68 78 -1 0 13 0.00 0.0 0 2.9 9 280 M M 0 1 20 40
3 93 69 81 2 0 16 0.00 0.0 0 2.7 10 90 M M 0 12 15 90
4 92 69 81 2 0 16 0.10 0.0 0 2.6 16 200 M M 0 138 21 200
5 92 70 81 2 0 16 0.04 0.0 0 2.6 20 60 M M 0 13 25 50
6 88 68 78 -1 0 13 0.00 0.0 0 3.5 9 50 M M 0 1 16 80
7 89 70 80 1 0 15 0.05 0.0 0 1.7 17 130 M M 3 1 23 120
8 87 72 80 1 0 15 0.00 0.0 0 3.2 12 20 M M 2 13 16 90
9 90 70 80 0 0 15 0.00 0.0 0 2.3 9 270 M M 3 1 14 270
10 91 70 81 1 0 16 0.00 M M 5.3 15 280 M M 1 1 19 280
11 90 64 77 -3 0 12 0.00 0.0 M 5.3 16 340 M M 0 1 21 300
12 82 68 75 -5 0 10 0.93 0.0 0 5.2 21 40 M M 3 13 30 40
13 88 68 78 -2 0 13 0.00 0.0 0 2.3 10 290 M M 5 1 13 290
14 91 67 79 -1 0 14 0.00 0.0 0 1.5 7 290 M M 1 18 13 310
15 92 67 80 0 0 15 0.00 0.0 0 2.2 12 220 M M 0 18 16 210
16 91 71 81 1 0 16 0.00 0.0 0 4.8 12 150 M M 0 15 160
17 93 69 81 1 0 16 0.00 0.0 0 2.5 10 140 M M 1 1 15 160
18 94 71 83 3 0 18 0.00 0.0 0 2.8 8 290 M M 1 1 12 190
19 93 72 83 3 0 18 0.13 0.0 0 1.4 13 180 M M 1 1 17 160
20 92 72 82 2 0 17 T 0.0 0 2.8 20 180 M M 2 13 25 180
21 93 73 83 3 0 18 0.08 0.0 0 4.3 21 200 M M 1 138 26 200
22 89 71 80 0 0 15 0.04 0.0 0 3.4 17 200 M M 1 13 23 190
23 92 70 81 1 0 16 0.00 0.0 0 3.3 12 170 M M 0 16 160
24 89 70 80 0 0 15 0.00 0.0 0 5.3 12 170 M M 2 17 160
25 94 70 82 2 0 17 0.08 0.0 0 3.0 9 120 M M 2 13 13 130
26 92 69 81 1 0 16 0.00 0.0 0 2.8 18 220 M M 1 13 26 230
27 90 72 81 1 0 16 T 0.0 0 3.4 14 260 M M 1 3 20 230
28 91 71 81 1 0 16 T 0.0 0 2.5 15 180 M M 2 1 21 160
29 90 72 81 1 0 16 T 0.0 0 4.2 14 200 M M 7 18 200
30 90 73 82 2 0 17 0.05 0.0 0 8.6 17 230 M M 6 1 24 220
31 91 74 83 3 0 18 0.13 0.0 0 8.0 21 190 M M 4 3 27 190
================================================================================
SM 2795 2168 0 473 2.91 0.0 111.7 M 50
================================================================================
AV 90.2 69.9 3.6 FASTST M M 2 MAX(MPH)
MISC ----> # 21 40 30 40
================================================================================
NOTES:
# LAST OF SEVERAL OCCURRENCES
COLUMN 17 PEAK WIND IN M.P.H.
PRELIMINARY LOCAL CLIMATOLOGICAL DATA (WS FORM: F-6) , PAGE 2
STATION: DECATUR
MONTH: JULY
YEAR: 2020
LATITUDE: 34 39 N
LONGITUDE: 86 56 W
[TEMPERATURE DATA] [PRECIPITATION DATA] SYMBOLS USED IN COLUMN 16
AVERAGE MONTHLY: 80.0 TOTAL FOR MONTH: 2.91 1 = FOG OR MIST
DPTR FM NORMAL: 0.4 DPTR FM NORMAL: -1.67 2 = FOG REDUCING VISIBILITY
HIGHEST: 94 ON 25,18 GRTST 24HR 1.28 ON 1- 1 TO 1/4 MILE OR LESS
LOWEST: 64 ON 11 3 = THUNDER
SNOW, ICE PELLETS, HAIL 4 = ICE PELLETS
TOTAL MONTH: 0.0 INCH 5 = HAIL
GRTST 24HR 0.0 6 = FREEZING RAIN OR DRIZZLE
GRTST DEPTH: 0 7 = DUSTSTORM OR SANDSTORM:
VSBY 1/2 MILE OR LESS
8 = SMOKE OR HAZE
[NO. OF DAYS WITH] [WEATHER - DAYS WITH] 9 = BLOWING SNOW
X = TORNADO
MAX 32 OR BELOW: 0 0.01 INCH OR MORE: 11
MAX 90 OR ABOVE: 22 0.10 INCH OR MORE: 5
MIN 32 OR BELOW: 0 0.50 INCH OR MORE: 2
MIN 0 OR BELOW: 0 1.00 INCH OR MORE: 1
[HDD (BASE 65) ]
TOTAL THIS MO. 0 CLEAR (SCALE 0-3) 26
DPTR FM NORMAL 0 PTCLDY (SCALE 4-7) 5
TOTAL FM JUL 1 0 CLOUDY (SCALE 8-10) 0
DPTR FM NORMAL 0
[CDD (BASE 65) ]
TOTAL THIS MO. 473
DPTR FM NORMAL 22 [PRESSURE DATA]
TOTAL FM JAN 1 986 HIGHEST SLP M ON M
DPTR FM NORMAL -35 LOWEST SLP 29.78 ON 12
[REMARKS]
#FINAL-07-20#