000
CXUS54 KHUN 032223
CF6DCU
PRELIMINARY LOCAL CLIMATOLOGICAL DATA (WS FORM: F-6)
STATION: DECATUR
MONTH: JULY
YEAR: 2023
LATITUDE: 34 39 N
LONGITUDE: 86 56 W
TEMPERATURE IN F: :PCPN: SNOW: WIND :SUNSHINE: SKY :PK WND
================================================================================
1 2 3 4 5 6A 6B 7 8 9 10 11 12 13 14 15 16 17 18
12Z AVG MX 2MIN
DY MAX MIN AVG DEP HDD CDD WTR SNW DPTH SPD SPD DIR MIN PSBL S-S WX SPD DR
================================================================================
1 93 68 81 2 0 16 1.22 0.0 0 3.6 40 260 M M 2 13 85 250
2 93 69 81 2 0 16 0.03 0.0 0 6.9 16 220 M M 1 1 23 220
3 87 70 79 0 0 14 0.37 0.0 0 4.3 21 220 M M 4 13 27 220
4 87 69 78 -2 0 13 0.03 0.0 0 1.7 10 240 M M 2 1 14 250
5 92 74 83 3 0 18 T 0.0 0 2.9 15 220 M M 2 13 21 210
6 91 72 82 2 0 17 0.03 0.0 0 6.2 26 210 M M 3 13 39 250
7 90 72 81 1 0 16 0.01 0.0 0 4.3 17 300 M M 2 13 24 280
8 89 69 79 -1 0 14 T 0.0 0 4.6 16 230 M M 2 13 21 230
9 84 67 76 -4 0 11 0.07 0.0 0 3.9 17 350 M M 5 13 23 360
10 85 64 75 -5 0 10 0.00 0.0 0 4.6 12 340 M M 5 17 350
11 89 59 74 -6 0 9 0.00 0.0 0 2.0 8 240 M M 1 12 12 240
12 93 66 80 0 0 15 0.00 0.0 0 5.9 16 200 M M 3 3 26 210
13 89 73 81 1 0 16 0.00 0.0 0 7.2 16 180 M M 2 24 160
14 90 72 81 1 0 16 0.15 0.0 0 3.8 31 280 M M 6 13 43 270
15 89 71 80 0 0 15 0.21 0.0 0 7.6 17 260 M M 5 13 26 270
16 90 70 80 0 0 15 0.00 0.0 0 3.1 12 350 M M 0 1 16 330
17 91 66 79 -1 0 14 0.00 0.0 0 3.4 10 350 M M 1 128 14 360
18 94 70 82 2 0 17 0.38 0.0 0 6.1 32 350 M M 2 138 50 330
19 82 68 75 -5 0 10 0.25 0.0 0 5.5 29 10 M M 2 13 43 10
20 95 72 84 4 0 19 0.00 0.0 0 7.2 18 270 M M 2 13 24 250
21 92 71 82 2 0 17 0.37 0.0 0 5.6 38 300 M M 5 13 54 300
22 85 68 77 -3 0 12 0.00 0.0 0 4.4 14 320 M M 7 1 20 350
23 87 66 77 -3 0 12 0.00 0.0 0 3.5 14 350 M M 3 1 22 10
24 90 62 76 -4 0 11 0.00 0.0 0 2.4 9 340 M M 0 1 13 200
25 93 66 80 0 0 15 0.00 0.0 0 2.5 10 300 M M 0 1 16 260
26 95 68 82 2 0 17 0.00 0.0 0 4.5 13 220 M M 1 1 17 220
27 97 73 85 5 0 20 0.00 0.0 0 3.3 9 290 M M 0 14 220
28 98 70 84 4 0 19 0.00 0.0 0 2.7 14 70 M M 0 138 20 50
29 98 72 85 5 0 20 0.00 0.0 0 4.7 15 260 M M 0 1 22 250
30 92 72 82 2 0 17 0.06 0.0 0 4.7 15 350 M M 2 138 24 330
31 94 65 80 0 0 15 0.00 0.0 0 5.3 14 360 M M 0 1 19 360
================================================================================
SM 2814 2134 0 466 3.18 0.0 138.4 M 70
================================================================================
AV 90.8 68.8 4.5 FASTST M M 2 MAX(MPH)
MISC ----> 40 260 85 250
================================================================================
NOTES:
# LAST OF SEVERAL OCCURRENCES
COLUMN 17 PEAK WIND IN M.P.H.
PRELIMINARY LOCAL CLIMATOLOGICAL DATA (WS FORM: F-6) , PAGE 2
STATION: DECATUR
MONTH: JULY
YEAR: 2023
LATITUDE: 34 39 N
LONGITUDE: 86 56 W
[TEMPERATURE DATA] [PRECIPITATION DATA] SYMBOLS USED IN COLUMN 16
AVERAGE MONTHLY: 79.8 TOTAL FOR MONTH: 3.18 1 = FOG OR MIST
DPTR FM NORMAL: 0.1 DPTR FM NORMAL: -0.77 2 = FOG REDUCING VISIBILITY
HIGHEST: 98 ON 29,28 GRTST 24HR 1.22 ON 1- 1 TO 1/4 MILE OR LESS
LOWEST: 59 ON 11 3 = THUNDER
SNOW, ICE PELLETS, HAIL 4 = ICE PELLETS
TOTAL MONTH: 0.0 INCH 5 = HAIL
GRTST 24HR 0.0 6 = FREEZING RAIN OR DRIZZLE
GRTST DEPTH: 0 7 = DUSTSTORM OR SANDSTORM:
VSBY 1/2 MILE OR LESS
8 = SMOKE OR HAZE
[NO. OF DAYS WITH] [WEATHER - DAYS WITH] 9 = BLOWING SNOW
X = TORNADO
MAX 32 OR BELOW: 0 0.01 INCH OR MORE: 13
MAX 90 OR ABOVE: 20 0.10 INCH OR MORE: 7
MIN 32 OR BELOW: 0 0.50 INCH OR MORE: 1
MIN 0 OR BELOW: 0 1.00 INCH OR MORE: 1
[HDD (BASE 65) ]
TOTAL THIS MO. 0 CLEAR (SCALE 0-3) 23
DPTR FM NORMAL 0 PTCLDY (SCALE 4-7) 8
TOTAL FM JUL 1 0 CLOUDY (SCALE 8-10) 0
DPTR FM NORMAL 0
[CDD (BASE 65) ]
TOTAL THIS MO. 466
DPTR FM NORMAL 9 [PRESSURE DATA]
TOTAL FM JAN 1 1030 HIGHEST SLP 30.27 ON 19
DPTR FM NORMAL -41 LOWEST SLP 29.82 ON 8
[REMARKS]
#FINAL-07-23#