000
CXUS55 KALY 010710
CF6DDH
PRELIMINARY LOCAL CLIMATOLOGICAL DATA (WS FORM: F-6)
STATION: BENNINGTON VT
MONTH: MARCH
YEAR: 2023
LATITUDE: 42 53 N
LONGITUDE: 73 15 W
TEMPERATURE IN F: :PCPN: SNOW: WIND :SUNSHINE: SKY :PK WND
================================================================================
1 2 3 4 5 6A 6B 7 8 9 10 11 12 13 14 15 16 17 18
12Z AVG MX 2MIN
DY MAX MIN AVG DEP HDD CDD WTR SNW DPTH SPD SPD DIR MIN PSBL S-S WX SPD DR
================================================================================
1 42 21 32 4 33 0 T M M 4.8 17 140 M M 6 8 21 130
2 39 34 37 8 28 0 0.03 M M 7.3 18 250 M M 10 8 29 260
3 41 26 34 5 31 0 T M M 6.0 26 130 M M 3 33 140
4 39 30 35 6 30 0 T M M 6.9 33 110 M M 10 8 51 100
5 40 31 36 6 29 0 T M M 5.8 13 270 M M 10 8 20 270
6 44 30 37 7 28 0 0.00 M M 7.0 22 330 M M 1 34 340
7 32 24 28 -2 37 0 T M M 9.1 21 340 M M 5 30 350
8 34 24 29 -2 36 0 T M M 7.2 17 340 M M 10 24 340
9 39 26 33 2 32 0 0.00 M M 5.9 15 340 M M 7 23 340
10 46 18 32 1 33 0 0.01 M M 2.2 8 290 M M 3 10 280
11 40 24 32 0 33 0 T M M 3.4 14 340 M M 8 8 19 330
12 46 18 32 0 33 0 0.00 M M 3.2 16 150 M M 0 20 160
13 42 34 38 6 27 0 M M M 7.5 16 120 M M 10 20 110
14 40 31 36 4 29 0 0.03 M M 4.6 18 330 M M 7 8 29 340
15 39 26 33 0 32 0 0.00 M M 9.4 20 340 M M 8 8 28 350
16 44 16 30 -3 35 0 0.00 M M 1.8 12 250 M M 7 18 250
17 51 31 41 7 24 0 0.01 M M 2.4 16 170 M M 8 8 22 170
18 42 28 35 1 30 0 0.01 M M 6.9 15 250 M M 8 8 25 250
19 29 21 25 -9 40 0 T M M 10.3 22 280 M M 8 33 240
20 47 15 31 -4 34 0 0.00 M M 4.6 15 250 M M 1 19 240
21 52 20 36 1 29 0 0.00 M M 3.2 16 280 M M 3 26 240
22 61 29 45 10 20 0 0.00 M M 5.7 21 190 M M 2 25 180
23 54 40 47 11 18 0 M M M 4.8 15 270 M M 10 8 23 270
24 48 30 39 3 26 0 0.00 M M 5.4 14 310 M M 3 18 270
25 41 27 34 -3 31 0 M M M 9.1 23 140 M M 7 8 34 110
26 52 30 41 4 24 0 M M M 7.3 22 270 M M 6 33 270
27 54 24 39 2 26 0 M M M 3.1 14 360 M M 5 8 18 350
28 49 28 39 1 26 0 T M M 4.2 15 350 M M 8 20 350
29 52 22 37 -1 28 0 M M M 5.2 23 290 M M 3 36 230
30 36 24 30 -9 35 0 0.00 M M 9.4 20 250 M M 1 31 230
31 49 19 34 -5 31 0 0.01 M M 4.5 20 170 M M 5 25 170
================================================================================
SM 1364 801 928 0 0.10 M 178.2 M 183
================================================================================
AV 44.0 25.8 5.7 FASTST M M 6 MAX(MPH)
MISC ----> 33 110 51 100
================================================================================
NOTES:
# LAST OF SEVERAL OCCURRENCES
COLUMN 17 PEAK WIND IN M.P.H.
PRELIMINARY LOCAL CLIMATOLOGICAL DATA (WS FORM: F-6) , PAGE 2
STATION: BENNINGTON VT
MONTH: MARCH
YEAR: 2023
LATITUDE: 42 53 N
LONGITUDE: 73 15 W
[TEMPERATURE DATA] [PRECIPITATION DATA] SYMBOLS USED IN COLUMN 16
AVERAGE MONTHLY: 34.9 TOTAL FOR MONTH: 0.10 1 = FOG OR MIST
DPTR FM NORMAL: 1.5 DPTR FM NORMAL: -2.55 2 = FOG REDUCING VISIBILITY
HIGHEST: 61 ON 22 GRTST 24HR 0.15 ON 23-24 TO 1/4 MILE OR LESS
LOWEST: 15 ON 20 3 = THUNDER
SNOW, ICE PELLETS, HAIL 4 = ICE PELLETS
TOTAL MONTH: M 5 = HAIL
GRTST 24HR M ON M 6 = FREEZING RAIN OR DRIZZLE
GRTST DEPTH: M ON M 7 = DUSTSTORM OR SANDSTORM:
VSBY 1/2 MILE OR LESS
8 = SMOKE OR HAZE
[NO. OF DAYS WITH] [WEATHER - DAYS WITH] 9 = BLOWING SNOW
X = TORNADO
MAX 32 OR BELOW: 2 0.01 INCH OR MORE: 6
MAX 90 OR ABOVE: 0 0.10 INCH OR MORE: 0
MIN 32 OR BELOW: 28 0.50 INCH OR MORE: 0
MIN 0 OR BELOW: 0 1.00 INCH OR MORE: 0
[HDD (BASE 65) ]
TOTAL THIS MO. 928 CLEAR (SCALE 0-3) 9
DPTR FM NORMAL -52 PTCLDY (SCALE 4-7) 14
TOTAL FM JUL 1 5313 CLOUDY (SCALE 8-10) 8
DPTR FM NORMAL -745
[CDD (BASE 65) ]
TOTAL THIS MO. 0
DPTR FM NORMAL 0 [PRESSURE DATA]
TOTAL FM JAN 1 0 HIGHEST SLP M ON M
DPTR FM NORMAL 0 LOWEST SLP 29.38 ON 4
[REMARKS]
#FINAL-03-23#