000
CXUS55 KALY 010710
CF6DDH
PRELIMINARY LOCAL CLIMATOLOGICAL DATA (WS FORM: F-6)
STATION: BENNINGTON VT
MONTH: JUNE
YEAR: 2022
LATITUDE: 42 53 N
LONGITUDE: 73 15 W
TEMPERATURE IN F: :PCPN: SNOW: WIND :SUNSHINE: SKY :PK WND
================================================================================
1 2 3 4 5 6A 6B 7 8 9 10 11 12 13 14 15 16 17 18
12Z AVG MX 2MIN
DY MAX MIN AVG DEP HDD CDD WTR SNW DPTH SPD SPD DIR MIN PSBL S-S WX SPD DR
================================================================================
1 68 60 64 3 1 0 0.05 M M 6.6 14 150 M M 7 1 18 140
2 76 61 69 8 0 4 0.01 M M 2.3 10 230 M M 7 1 15 230
3 76 56 66 5 0 1 T M M 4.0 13 240 M M 5 18 220
4 75 47 61 0 4 0 0.00 M M 4.3 16 290 M M 1 18 28 290
5 75 38 57 -5 8 0 0.00 M M 2.9 13 260 M M 3 17 260
6 79 45 62 0 3 0 0.00 M M 1.5 8 290 M M 3 12 320
7 77 61 69 7 0 4 0.07 M M 11.0 23 170 M M 4 31 160
8 74 56 65 3 0 0 0.05 M M 7.2 23 180 M M 4 13 33 200
9 69 56 63 0 2 0 0.49 M M 6.8 17 140 M M 7 1 31 130
10 70 49 60 -3 5 0 0.00 M M 6.9 16 270 M M 5 26 280
11 75 44 60 -3 5 0 0.00 M M 2.3 10 220 M M 0 18 15 230
12 77 48 63 -1 2 0 0.08 M M 5.2 17 150 M M 4 1 23 180
13 78 52 65 1 0 0 0.00 M M 5.8 13 260 M M 4 1 21 210
14 79 47 63 -1 2 0 0.00 M M 3.2 14 360 M M 0 19 360
15 83 50 67 3 0 2 0.00 M M 3.0 15 140 M M 3 1 19 150
16 75 66 71 7 0 6 0.06 M M 8.9 18 190 M M 7 1 26 180
17 81 63 72 7 0 7 T M M 6.1 20 270 M M 6 12 29 270
18 67 51 59 -6 6 0 0.01 M M 8.3 18 340 M M 10 28 340
19 68 47 58 -7 7 0 0.00 M M 6.9 20 350 M M 4 30 350
20 77 39 58 -8 7 0 0.00 M M 3.0 13 320 M M 1 19 10
21 70 44 57 -9 8 0 0.02 M M 3.1 10 110 M M 8 14 100
22 65 60 63 -3 2 0 0.00 M M 7.1 16 140 M M 10 24 130
23 74 50 62 -4 3 0 0.02 M M 4.0 15 160 M M 6 20 120
24 84 55 70 4 0 5 0.00 M M 2.3 9 280 M M 3 1 14 280
25 88 53 71 4 0 6 0.00 M M 2.3 8 300 M M 0 1 12 290
26 90 56 73 6 0 8 0.00 M M 6.1 16 190 M M 1 22 190
27 78 54 66 -1 0 1 0.37 M M 6.9 16 180 M M 5 1 25 230
28 77 48 63 -4 2 0 0.00 M M 2.7 10 300 M M 2 13 290
29 79 47 63 -4 2 0 0.14 M M 3.8 18 250 M M 4 138 29 250
30 79 50 65 -3 0 0 0.00 M M 1.8 10 360 M M 1 1 13 10
================================================================================
SM 2283 1553 69 44 1.37 M 146.3 M 125
================================================================================
AV 76.1 51.8 4.9 FASTST M M 4 MAX(MPH)
MISC ----> # 23 170 33 200
================================================================================
NOTES:
# LAST OF SEVERAL OCCURRENCES
COLUMN 17 PEAK WIND IN M.P.H.
PRELIMINARY LOCAL CLIMATOLOGICAL DATA (WS FORM: F-6) , PAGE 2
STATION: BENNINGTON VT
MONTH: JUNE
YEAR: 2022
LATITUDE: 42 53 N
LONGITUDE: 73 15 W
[TEMPERATURE DATA] [PRECIPITATION DATA] SYMBOLS USED IN COLUMN 16
AVERAGE MONTHLY: 63.9 TOTAL FOR MONTH: 1.37 1 = FOG OR MIST
DPTR FM NORMAL: -0.4 DPTR FM NORMAL: -2.68 2 = FOG REDUCING VISIBILITY
HIGHEST: 90 ON 26 GRTST 24HR 0.87 ON 9- 9 TO 1/4 MILE OR LESS
LOWEST: 38 ON 5 3 = THUNDER
SNOW, ICE PELLETS, HAIL 4 = ICE PELLETS
TOTAL MONTH: M 5 = HAIL
GRTST 24HR M ON M 6 = FREEZING RAIN OR DRIZZLE
GRTST DEPTH: M ON M 7 = DUSTSTORM OR SANDSTORM:
VSBY 1/2 MILE OR LESS
8 = SMOKE OR HAZE
[NO. OF DAYS WITH] [WEATHER - DAYS WITH] 9 = BLOWING SNOW
X = TORNADO
MAX 32 OR BELOW: 0 0.01 INCH OR MORE: 12
MAX 90 OR ABOVE: 1 0.10 INCH OR MORE: 3
MIN 32 OR BELOW: 0 0.50 INCH OR MORE: 0
MIN 0 OR BELOW: 0 1.00 INCH OR MORE: 0
[HDD (BASE 65) ]
TOTAL THIS MO. 69 CLEAR (SCALE 0-3) 9
DPTR FM NORMAL -17 PTCLDY (SCALE 4-7) 19
TOTAL FM JUL 1 6463 CLOUDY (SCALE 8-10) 2
DPTR FM NORMAL -555
[CDD (BASE 65) ]
TOTAL THIS MO. 44
DPTR FM NORMAL -21 [PRESSURE DATA]
TOTAL FM JAN 1 101 HIGHEST SLP M ON M
DPTR FM NORMAL 17 LOWEST SLP 29.55 ON 18
[REMARKS]
#FINAL-06-22#