000
CXUS55 KBOU 192236
CF6DEN
PRELIMINARY LOCAL CLIMATOLOGICAL DATA (WS FORM: F-6)
STATION: DENVER CO
MONTH: OCTOBER
YEAR: 2020
LATITUDE: 39 52 N
LONGITUDE: 104 40 W
TEMPERATURE IN F: :PCPN: SNOW: WIND :SUNSHINE: SKY :PK WND
================================================================================
1 2 3 4 5 6A 6B 7 8 9 10 11 12 13 14 15 16 17 18
12Z AVG MX 2MIN
DY MAX MIN AVG DEP HDD CDD WTR SNW DPTH SPD SPD DIR MIN PSBL S-S WX SPD DR
================================================================================
1 68 42 55 -2 10 0 0.00 0.0 0 4.7 14 210 M M 4 19 210
2 76 43 60 4 5 0 0.00 0.0 0 7.5 22 360 M M 7 32 360
3 66 42 54 -2 11 0 0.00 0.0 0 7.1 13 170 M M 2 16 70
4 83 44 64 8 1 0 0.00 0.0 0 9.2 16 180 M M 1 23 190
5 83 45 64 9 1 0 0.00 0.0 0 9.5 28 40 M M 1 35 40
6 87 43 65 10 0 0 0.00 0.0 0 8.7 15 220 M M 0 23 220
7 84 51 68 14 0 3 0.00 0.0 0 8.9 16 190 M M 0 8 19 180
8 85 47 66 12 0 1 0.00 0.0 0 8.0 14 70 M M 2 18 80
9 85 55 70 16 0 5 0.00 0.0 0 9.3 16 40 M M 5 21 40
10 86 46 66 13 0 1 0.00 0.0 0 10.3 24 160 M M 3 32 190
11 79 37 58 5 7 0 0.00 0.0 0 16.8 46 310 M M 4 8 59 320
12 76 32 54 2 11 0 0.00 0.0 0 13.2 32 280 M M 1 43 280
13 81 39 60 8 5 0 0.00 0.0 0 11.8 29 250 M M 3 39 250
14 80 42 61 9 4 0 0.00 0.0 0 13.7 31 300 M M 7 41 310
15 53 27 40 -11 25 0 0.00 0.0 0 8.6 25 50 M M 6 37 30
16 70 22 46 -5 19 0 0.00 0.0 0 10.4 29 280 M M 5 39 290
17 70 38 54 4 11 0 0.00 0.0 0 11.7 35 280 M M 7 48 280
18 50 28 39 -11 26 0 0.00 0.0 0 9.8 16 330 M M 8 1 20 90
19 66 30 48 -2 17 0 0.00 0.0 0 7.2 18 60 M M 7 25 50
20 66 36 51 2 14 0 0.00 0.0 0 9.3 22 80 M M 6 8 27 70
21 78 35 57 8 8 0 0.00 0.0 0 8.9 20 100 M M 6 25 100
22 54 22 38 -11 27 0 T 0.0 0 12.7 24 30 M M 9 1268 31 30
23 36 20 28 -20 37 0 0.00 0.0 0 7.8 18 170 M M 7 23 170
24 54 20 37 -11 28 0 0.00 0.0 0 9.9 24 20 M M 6 18 31 20
25 24 8 16 -32 49 0 0.18 2.9 0 13.0 20 20 M M 10 18 26 20
26 16 4 10 -37 55 0 0.08 1.1 3 5.6 12 220 M M 7 18 14 220
27 43 8 26 -21 39 0 0.00 0.0 2 9.1 16 200 M M 1 18 210
28 53 28 41 -5 24 0 0.00 0.0 T 11.3 25 330 M M 3 33 330
29 68 32 50 4 15 0 0.00 0.0 0 7.4 17 200 M M 1 22 190
30 70 38 54 8 11 0 0.00 0.0 0 8.8 17 210 M M 0 22 210
31 65 31 48 3 17 0 0.00 0.0 0 10.8 22 40 M M 1 28 270
================================================================================
SM 2055 1035 477 10 0.26 4.0 301.0 M 130
================================================================================
AV 66.3 33.4 9.7 FASTST M M 4 MAX(MPH)
MISC ----> 46 310 59 320
================================================================================
NOTES:
# LAST OF SEVERAL OCCURRENCES
COLUMN 17 PEAK WIND IN M.P.H.
PRELIMINARY LOCAL CLIMATOLOGICAL DATA (WS FORM: F-6) , PAGE 2
STATION: DENVER CO
MONTH: OCTOBER
YEAR: 2020
LATITUDE: 39 52 N
LONGITUDE: 104 40 W
[TEMPERATURE DATA] [PRECIPITATION DATA] SYMBOLS USED IN COLUMN 16
AVERAGE MONTHLY: 49.8 TOTAL FOR MONTH: 0.26 1 = FOG OR MIST
DPTR FM NORMAL: -1.1 DPTR FM NORMAL: -0.76 2 = FOG REDUCING VISIBILITY
HIGHEST: 87 ON 6 GRTST 24HR 0.25 ON 25-26 TO 1/4 MILE OR LESS
LOWEST: 4 ON 26 3 = THUNDER
SNOW, ICE PELLETS, HAIL 4 = ICE PELLETS
TOTAL MONTH: 4.0 INCHES 5 = HAIL
GRTST 24HR 2.9 ON 25-25 6 = FREEZING RAIN OR DRIZZLE
GRTST DEPTH: 3 ON 26 7 = DUSTSTORM OR SANDSTORM:
VSBY 1/2 MILE OR LESS
8 = SMOKE OR HAZE
[NO. OF DAYS WITH] [WEATHER - DAYS WITH] 9 = BLOWING SNOW
X = TORNADO
MAX 32 OR BELOW: 2 0.01 INCH OR MORE: 2
MAX 90 OR ABOVE: 0 0.10 INCH OR MORE: 1
MIN 32 OR BELOW: 14 0.50 INCH OR MORE: 0
MIN 0 OR BELOW: 0 1.00 INCH OR MORE: 0
[HDD (BASE 65) ]
TOTAL THIS MO. 477 CLEAR (SCALE 0-3) 13
DPTR FM NORMAL 37 PTCLDY (SCALE 4-7) 16
TOTAL FM JUL 1 603 CLOUDY (SCALE 8-10) 2
DPTR FM NORMAL 21
[CDD (BASE 65) ]
TOTAL THIS MO. 10
DPTR FM NORMAL 5 [PRESSURE DATA]
TOTAL FM JAN 1 1155 HIGHEST SLP 30.52 ON 25
DPTR FM NORMAL 386 LOWEST SLP 29.45 ON 11
[REMARKS]
#FINAL-10-20#