000
CXUS56 KOTX 010910
CF6DEW
PRELIMINARY LOCAL CLIMATOLOGICAL DATA (WS FORM: F-6)
STATION: DEER_PARK WA AIRPORT
MONTH: MAY
YEAR: 2022
LATITUDE: 47 58 N
LONGITUDE: 117 25 W
TEMPERATURE IN F: :PCPN: SNOW: WIND :SUNSHINE: SKY :PK WND
================================================================================
1 2 3 4 5 6A 6B 7 8 9 10 11 12 13 14 15 16 17 18
12Z AVG MX 2MIN
DY MAX MIN AVG DEP HDD CDD WTR SNW DPTH SPD SPD DIR MIN PSBL S-S WX SPD DR
================================================================================
1 61 37 49 0 16 0 0.00 M M 3.8 14 200 M M 7 19 200
2 62 37 50 1 15 0 0.00 M M 9.6 21 210 M M 5 24 220
3 66 44 55 5 10 0 0.00 M M 8.6 16 210 M M 6 1 25 200
4 69 38 54 4 11 0 0.00 M M 5.3 14 200 M M 2 19 220
5 57 48 53 3 12 0 0.39 M M 8.7 23 210 M M 9 1 29 240
6 56 41 49 -2 16 0 0.19 M M 8.5 21 260 M M 6 13 28 260
7 52 38 45 -6 20 0 0.19 M M 10.2 22 230 M M 9 13 27 230
8 52 29 41 -10 24 0 T M M 6.2 22 210 M M 6 28 220
9 50 28 39 -13 26 0 0.09 M M 5.4 24 290 M M 5 1 31 300
10 58 27 43 -9 22 0 0.00 M M 7.0 17 180 M M 3 23 180
11 61 25 43 -9 22 0 0.00 M M 3.3 14 220 M M 1 20 260
12 57 25 41 -12 24 0 0.30 M M 7.6 16 250 M M 6 1 22 180
13 54 31 43 -10 22 0 T M M 12.7 23 200 M M 3 29 210
14 52 31 42 -11 23 0 T M M 3.0 12 60 M M 9 16 70
15 66 42 54 1 11 0 T M M 7.7 15 40 M M 6 18 30
16 67 41 54 0 11 0 0.00 M M 9.7 20 210 M M 4 12 25 240
17 62 34 48 -6 17 0 0.00 M M 8.1 18 210 M M 0 25 240
18 63 38 51 -3 14 0 0.05 M M 12.5 31 240 M M 6 44 260
19 58 35 47 -7 18 0 0.00 M M 7.0 16 210 M M 7 21 250
20 59 30 45 -10 20 0 0.06 M M 8.6 15 50 M M 4 3 20 280
21 62 40 51 -4 14 0 0.00 M M 9.1 21 30 M M 5 28 50
22 67 30 49 -6 16 0 0.00 M M 4.9 16 240 M M 4 24 330
23 66 34 50 -5 15 0 0.11 M M 6.6 21 250 M M 4 1 25 240
24 64 37 51 -4 14 0 T M M 4.0 14 170 M M 6 12 19 170
25 67 46 57 1 8 0 0.01 M M 3.3 13 220 M M 7 17 260
26 74 47 61 5 4 0 0.05 M M 6.3 17 260 M M 6 24 220
27 64 50 57 1 8 0 0.14 M M 12.0 25 230 M M 4 1 33 220
28 60 47 54 -2 11 0 0.00 M M 5.0 12 190 M M 0 17 240
29 63 46 55 -1 10 0 T M M 4.7 16 330 M M 0 18 330
30 67 41 54 -2 11 0 0.00 M M 3.1 14 90 M M 0 138 22 80
31 72 38 55 -1 10 0 0.00 M M 5.1 14 30 M M 0 12 19 40
================================================================================
SM 1908 1155 475 0 1.58 M 217.6 M 140
================================================================================
AV 61.5 37.3 7.0 FASTST M M 5 MAX(MPH)
MISC ----> 31 240 44 260
================================================================================
NOTES:
# LAST OF SEVERAL OCCURRENCES
COLUMN 17 PEAK WIND IN M.P.H.
PRELIMINARY LOCAL CLIMATOLOGICAL DATA (WS FORM: F-6) , PAGE 2
STATION: DEER_PARK WA AIRPORT
MONTH: MAY
YEAR: 2022
LATITUDE: 47 58 N
LONGITUDE: 117 25 W
[TEMPERATURE DATA] [PRECIPITATION DATA] SYMBOLS USED IN COLUMN 16
AVERAGE MONTHLY: 49.4 TOTAL FOR MONTH: 1.58 1 = FOG OR MIST
DPTR FM NORMAL: -3.9 DPTR FM NORMAL: -0.34 2 = FOG REDUCING VISIBILITY
HIGHEST: 74 ON 26 GRTST 24HR 0.39 ON 5- 5 TO 1/4 MILE OR LESS
LOWEST: 25 ON 12,11 3 = THUNDER
SNOW, ICE PELLETS, HAIL 4 = ICE PELLETS
TOTAL MONTH: M 5 = HAIL
GRTST 24HR M ON M 6 = FREEZING RAIN OR DRIZZLE
GRTST DEPTH: M ON M 7 = DUSTSTORM OR SANDSTORM:
VSBY 1/2 MILE OR LESS
8 = SMOKE OR HAZE
[NO. OF DAYS WITH] [WEATHER - DAYS WITH] 9 = BLOWING SNOW
X = TORNADO
MAX 32 OR BELOW: 0 0.01 INCH OR MORE: 11
MAX 90 OR ABOVE: 0 0.10 INCH OR MORE: 6
MIN 32 OR BELOW: 9 0.50 INCH OR MORE: 0
MIN 0 OR BELOW: 0 1.00 INCH OR MORE: 0
[HDD (BASE 65) ]
TOTAL THIS MO. 475 CLEAR (SCALE 0-3) 8
DPTR FM NORMAL 108 PTCLDY (SCALE 4-7) 20
TOTAL FM JUL 1 7158 CLOUDY (SCALE 8-10) 3
DPTR FM NORMAL 84
[CDD (BASE 65) ]
TOTAL THIS MO. 0
DPTR FM NORMAL -4 [PRESSURE DATA]
TOTAL FM JAN 1 0 HIGHEST SLP M ON M
DPTR FM NORMAL -4 LOWEST SLP 29.56 ON 6
[REMARKS]
#FINAL-05-22#