000
CXUS53 KIWX 010810
CF6DFI
PRELIMINARY LOCAL CLIMATOLOGICAL DATA (WS FORM: F-6)
STATION: DEFIANCE MEMORIAL
MONTH: MAY
YEAR: 2022
LATITUDE: 41 20 N
LONGITUDE: 84 26 W
TEMPERATURE IN F: :PCPN: SNOW: WIND :SUNSHINE: SKY :PK WND
================================================================================
1 2 3 4 5 6A 6B 7 8 9 10 11 12 13 14 15 16 17 18
12Z AVG MX 2MIN
DY MAX MIN AVG DEP HDD CDD WTR SNW DPTH SPD SPD DIR MIN PSBL S-S WX SPD DR
================================================================================
1 67 53 60 5 5 0 0.66 M M 9.2 21 220 M M 9 1 33 230
2 61 49 55 0 10 0 0.00 M M 6.2 13 260 M M 8 21 250
3 70 52 61 5 4 0 0.93 M M 8.2 18 350 M M 9 1 25 350
4 62 49 56 0 9 0 T M M 7.9 17 360 M M 10 1 26 10
5 59 47 53 -3 12 0 0.13 M M 7.3 17 70 M M 10 1 23 80
6 57 50 54 -3 11 0 0.17 M M 11.1 22 70 M M 10 1 33 70
7 67 45 56 -1 9 0 0.00 M M 13.5 22 30 M M 3 33 40
8 67 41 54 -3 11 0 0.00 M M 8.3 20 90 M M 0 29 80
9 78 48 63 5 2 0 0.00 M M 10.0 20 120 M M 0 29 150
10 85 56 71 13 0 6 0.00 M M 7.0 17 200 M M 6 24 210
11 88 66 77 19 0 12 0.00 M M 6.1 13 120 M M 3 17 100
12 88 53 71 12 0 6 0.00 M M 4.8 13 110 M M 0 20 100
13 87 54 71 12 0 6 0.00 M M 4.6 12 100 M M 0 17 160
14 87 61 74 15 0 9 0.24 M M 4.5 23 330 M M 2 1 32 330
15 86 56 71 11 0 6 0.31 M M 5.1 22 320 M M 2 12 28 360
16 76 53 65 5 0 0 0.22 M M 6.9 24 300 M M 3 1 36 300
17 73 50 62 2 3 0 0.00 M M 7.6 20 330 M M 1 28 300
18 63 57 60 -1 5 0 0.19 M M 4.9 10 120 M M 10 1 14 110
19 83 57 70 9 0 5 0.00 M M 8.5 20 210 M M 4 18 29 200
20 88 68 78 17 0 13 0.00 M M 14.3 29 200 M M 3 43 210
21 82 66 74 12 0 9 0.18 M M 7.2 26 320 M M 4 38 300
22 67 48 58 -4 7 0 T M M 9.4 18 320 M M 6 25 320
23 64 45 55 -7 10 0 0.00 M M 7.8 15 60 M M 4 23 40
24 73 49 61 -2 4 0 0.00 M M 7.7 15 70 M M 3 22 80
25 82 55 69 6 0 4 0.61 M M 8.6 20 190 M M 6 1 34 200
26 75 65 70 7 0 5 0.28 0.0 0 8.8 20 190 M M 7 1 29 170
27 73 64 69 5 0 4 T 0.0 0 7.0 14 190 M M 6 20 290
28 76 60 68 4 0 3 0.04 0.0 0 4.0 14 360 M M 6 1 18 30
29 82 58 70 6 0 5 0.00 0.0 0 7.8 18 200 M M 1 25 160
30 89 68 79 14 0 14 0.00 0.0 0 10.4 22 210 M M 0 35 210
31 92 69 81 16 0 16 0.00 M M 9.0 21 210 M M 1 31 240
================================================================================
SM 2347 1712 102 123 3.96 0.0 243.7 M 137
================================================================================
AV 75.7 55.2 7.9 FASTST M M 4 MAX(MPH)
MISC ----> 29 200 43 210
================================================================================
NOTES:
# LAST OF SEVERAL OCCURRENCES
COLUMN 17 PEAK WIND IN M.P.H.
PRELIMINARY LOCAL CLIMATOLOGICAL DATA (WS FORM: F-6) , PAGE 2
STATION: DEFIANCE MEMORIAL
MONTH: MAY
YEAR: 2022
LATITUDE: 41 20 N
LONGITUDE: 84 26 W
[TEMPERATURE DATA] [PRECIPITATION DATA] SYMBOLS USED IN COLUMN 16
AVERAGE MONTHLY: 65.5 TOTAL FOR MONTH: 3.96 1 = FOG OR MIST
DPTR FM NORMAL: 5.5 DPTR FM NORMAL: 0.07 2 = FOG REDUCING VISIBILITY
HIGHEST: 92 ON 31 GRTST 24HR 0.93 ON 3- 3 TO 1/4 MILE OR LESS
LOWEST: 41 ON 8 3 = THUNDER
SNOW, ICE PELLETS, HAIL 4 = ICE PELLETS
TOTAL MONTH: 0.0 INCH 5 = HAIL
GRTST 24HR 0.0 6 = FREEZING RAIN OR DRIZZLE
GRTST DEPTH: 0 7 = DUSTSTORM OR SANDSTORM:
VSBY 1/2 MILE OR LESS
8 = SMOKE OR HAZE
[NO. OF DAYS WITH] [WEATHER - DAYS WITH] 9 = BLOWING SNOW
X = TORNADO
MAX 32 OR BELOW: 0 0.01 INCH OR MORE: 12
MAX 90 OR ABOVE: 1 0.10 INCH OR MORE: 11
MIN 32 OR BELOW: 0 0.50 INCH OR MORE: 3
MIN 0 OR BELOW: 0 1.00 INCH OR MORE: 0
[HDD (BASE 65) ]
TOTAL THIS MO. 102 CLEAR (SCALE 0-3) 13
DPTR FM NORMAL -100 PTCLDY (SCALE 4-7) 12
TOTAL FM JUL 1 5400 CLOUDY (SCALE 8-10) 6
DPTR FM NORMAL -746
[CDD (BASE 65) ]
TOTAL THIS MO. 123
DPTR FM NORMAL 76 [PRESSURE DATA]
TOTAL FM JAN 1 131 HIGHEST SLP 30.36 ON 23
DPTR FM NORMAL 78 LOWEST SLP 29.51 ON 20
[REMARKS]
#FINAL-05-22#