000
CXUS54 KFWD 010857
CLMDFW
CLIMATE REPORT
NATIONAL WEATHER SERVICE FORT WORTH TX
257 AM CST MON JAN 01 2024
...................................
...THE DALLAS/FORT WORTH CLIMATE SUMMARY FOR THE MONTH OF DECEMBER 2023...
CLIMATE NORMAL PERIOD 1991 TO 2020
CLIMATE RECORD PERIOD 1898 TO 2023
WEATHER OBSERVED NORMAL DEPART LAST YEAR`S
VALUE DATE(S) VALUE FROM VALUE DATE(S)
NORMAL
................................................................
TEMPERATURE (F)
RECORD
HIGH 90 12/30/1951
LOW 12/23/1989
HIGHEST 80 12/08 78 2 81 12/05
LOWEST 31 12/26 21 10 11 12/22
12/23
AVG. MAXIMUM 63.4 57.9 5.5 60.0
AVG. MINIMUM 42.2 38.3 3.9 41.4
MEAN 52.8 48.1 4.7 50.7
DAYS MAX >= 90 0 0.0 0.0 0
DAYS MAX <= 32 0 0.5 -0.5 1
DAYS MAX >= 100 0 0
DAYS MIN <= 32 1 8.1 -7.1 MM
DAYS MIN <= 0 0 0.0 0.0 MM
DAYS MIN >= 80 0 MM
PRECIPITATION (INCHES)
RECORD
MAXIMUM 8.75 1991
MINIMUM T 1950
TOTALS 3.55 2.84 0.71 2.39
DAILY AVG. 0.11 0.09 0.02 0.08
DAYS >= .01 5 6.5 -1.5 MM
DAYS >= .10 4 4.2 -0.2 MM
DAYS >= .50 3 2.0 1.0 MM
DAYS >= 1.00 2 0.7 1.3 MM
GREATEST
24 HR. TOTAL 1.72 12/23 TO 12/24 1.41
SNOWFALL (INCHES)
RECORDS
TOTAL 5.5 1898
24 HR TOTAL 5.5 12/09/1898 TO 12/09/1898
TOTALS 0.0 0.2 -0.2 T
SINCE 7/1 0.0 0.2 -0.2 MM
SNOWDEPTH AVG. 0 0
DAYS >= TRACE 0 1
DAYS >= 1.0 0 0.1 -0.1 0
GREATEST
SNOW DEPTH 0 0 MM
24 HR TOTAL MM MM
DEGREE DAYS
HEATING TOTAL 376 528 -152 446
SINCE 7/1 703 885 -182 MM
COOLING TOTAL 5 4 1 9
SINCE 1/1 3573 2823 750 MM
................................................................
WIND (MPH)
AVERAGE WIND SPEED 9.5
HIGHEST WIND SPEED/DIRECTION 30/210 DATE 12/07
30/320 12/24
HIGHEST GUST SPEED/DIRECTION 40/310 DATE 12/24
SKY COVER
POSSIBLE SUNSHINE (PERCENT) MM
AVERAGE SKY COVER 0.44
NUMBER OF DAYS FAIR 14
NUMBER OF DAYS PC 10
NUMBER OF DAYS CLOUDY 7
AVERAGE RH (PERCENT) 59
WEATHER CONDITIONS. NUMBER OF DAYS WITH
THUNDERSTORM 1 MIXED PRECIP 0
HEAVY RAIN 4 RAIN 4
LIGHT RAIN 5 FREEZING RAIN 0
LT FREEZING RAIN 0 HAIL 0
HEAVY SNOW 0 SNOW 0
LIGHT SNOW 0 SLEET 0
FOG 5 FOG W/VIS <= 1/4 MILE 0
HAZE 1
- INDICATES NEGATIVE NUMBERS.
R INDICATES RECORD WAS SET OR TIED.
MM INDICATES DATA IS MISSING.
T INDICATES TRACE AMOUNT.
$$