000
CXUS52 KTAE 010800
CF6DHN
PRELIMINARY LOCAL CLIMATOLOGICAL DATA (WS FORM: F-6)
STATION: DOTHAN
MONTH: MARCH
YEAR: 2023
LATITUDE: 31 19 N
LONGITUDE: 85 27 W
TEMPERATURE IN F: :PCPN: SNOW: WIND :SUNSHINE: SKY :PK WND
================================================================================
1 2 3 4 5 6A 6B 7 8 9 10 11 12 13 14 15 16 17 18
12Z AVG MX 2MIN
DY MAX MIN AVG DEP HDD CDD WTR SNW DPTH SPD SPD DIR MIN PSBL S-S WX SPD DR
================================================================================
1 84 66 75 17 0 10 T M M 9.5 18 230 M M 5 1 25 230
2 82 63 73 15 0 8 0.04 0.0 0 9.7 20 190 M M 8 1 25 200
3 80 64 72 14 0 7 0.05 0.0 0 15.2 35 200 M M 8 44 190
4 79 56 68 10 0 3 0.00 0.0 0 4.4 14 280 M M 0 1 18 280
5 82 50 66 7 0 1 0.00 0.0 0 4.5 13 80 M M 0 8 15 80
6 84 50 67 8 0 2 0.00 0.0 0 4.5 15 200 M M 3 8 21 240
7 85 67 76 17 0 11 0.00 0.0 0 7.0 16 260 M M 6 1 21 270
8 77 59 68 9 0 3 0.00 0.0 M 7.9 20 90 M M 1 1 24 90
9 73 59 66 6 0 1 0.00 0.0 0 7.2 13 180 M M 8 8 16 130
10 78 55 67 7 0 2 0.01 0.0 0 10.7 22 300 M M 6 138 27 300
11 76 44 60 0 5 0 0.00 0.0 M 4.5 12 20 M M 2 13 30
12 76 58 67 7 0 2 1.10 0.0 0 9.1 28 290 M M 9 123 37 270
13 67 49 58 -2 7 0 0.02 0.0 0 11.6 20 300 M M 3 1 24 310
14 60 39 50 -10 15 0 0.00 0.0 0 9.3 18 330 M M 0 27 310
15 65 35 50 -11 15 0 0.00 0.0 0 5.3 12 60 M M 0 8 15 30
16 73 36 55 -6 10 0 0.00 0.0 0 7.3 18 170 M M 0 18 25 210
17 79 55 67 6 0 2 0.81 0.0 0 13.4 26 200 M M 7 13 36 200
18 55 45 50 -11 15 0 T 0.0 0 12.5 20 340 M M 9 27 340
19 53 37 45 -17 20 0 0.00 0.0 M 10.7 20 310 M M 0 27 340
20 58 29 44 -18 21 0 0.00 0.0 M 6.4 16 340 M M 0 20 340
21 66 33 50 -12 15 0 0.00 0.0 M 3.8 14 130 M M 0 18 120
22 74 48 61 -1 4 0 0.00 0.0 M 4.0 10 190 M M 4 12 12 190
23 81 54 68 6 0 3 0.00 M M 6.4 16 220 M M 5 12 22 220
24 82 59 71 9 0 6 0.00 0.0 0 10.4 21 220 M M 6 12 24 220
25 82 69 76 13 0 11 1.41 0.0 0 11.6 22 210 M M 7 123 28 210
26 86 66 76 13 0 11 0.24 0.0 0 11.4 21 190 M M 7 13 27 210
27 77 69 73 10 0 8 0.30 0.0 0 6.7 20 220 M M 10 123 25 230
28 71 61 66 3 0 1 0.77 0.0 0 5.1 14 160 M M 7 123 17 340
29 64 47 56 -7 9 0 0.00 0.0 M 6.4 16 360 M M 0 20 360
30 74 43 59 -5 6 0 0.00 0.0 0 4.3 13 80 M M 0 16 90
31 82 55 69 5 0 4 0.00 0.0 M 11.6 24 200 M M 2 33 210
================================================================================
SM 2305 1620 142 96 4.75 0.0 252.4 M 123
================================================================================
AV 74.4 52.3 8.1 FASTST M M 4 MAX(MPH)
MISC ----> 35 200 44 190
================================================================================
NOTES:
# LAST OF SEVERAL OCCURRENCES
COLUMN 17 PEAK WIND IN M.P.H.
PRELIMINARY LOCAL CLIMATOLOGICAL DATA (WS FORM: F-6) , PAGE 2
STATION: DOTHAN
MONTH: MARCH
YEAR: 2023
LATITUDE: 31 19 N
LONGITUDE: 85 27 W
[TEMPERATURE DATA] [PRECIPITATION DATA] SYMBOLS USED IN COLUMN 16
AVERAGE MONTHLY: 63.3 TOTAL FOR MONTH: 4.75 1 = FOG OR MIST
DPTR FM NORMAL: 2.5 DPTR FM NORMAL: 0.03 2 = FOG REDUCING VISIBILITY
HIGHEST: 86 ON 26 GRTST 24HR 1.41 ON 25-25 TO 1/4 MILE OR LESS
LOWEST: 29 ON 20 3 = THUNDER
SNOW, ICE PELLETS, HAIL 4 = ICE PELLETS
TOTAL MONTH: 0.0 INCH 5 = HAIL
GRTST 24HR 0.0 6 = FREEZING RAIN OR DRIZZLE
GRTST DEPTH: 0 7 = DUSTSTORM OR SANDSTORM:
VSBY 1/2 MILE OR LESS
8 = SMOKE OR HAZE
[NO. OF DAYS WITH] [WEATHER - DAYS WITH] 9 = BLOWING SNOW
X = TORNADO
MAX 32 OR BELOW: 0 0.01 INCH OR MORE: 10
MAX 90 OR ABOVE: 0 0.10 INCH OR MORE: 6
MIN 32 OR BELOW: 1 0.50 INCH OR MORE: 4
MIN 0 OR BELOW: 0 1.00 INCH OR MORE: 2
[HDD (BASE 65) ]
TOTAL THIS MO. 142 CLEAR (SCALE 0-3) 14
DPTR FM NORMAL -32 PTCLDY (SCALE 4-7) 13
TOTAL FM JUL 1 1160 CLOUDY (SCALE 8-10) 4
DPTR FM NORMAL -422
[CDD (BASE 65) ]
TOTAL THIS MO. 96
DPTR FM NORMAL 51 [PRESSURE DATA]
TOTAL FM JAN 1 199 HIGHEST SLP M ON M
DPTR FM NORMAL 131 LOWEST SLP 29.60 ON 3
[REMARKS]
#FINAL-03-23#