000
CXUS52 KTAE 010800
CF6DHN
PRELIMINARY LOCAL CLIMATOLOGICAL DATA (WS FORM: F-6)
STATION: DOTHAN
MONTH: JULY
YEAR: 2023
LATITUDE: 31 19 N
LONGITUDE: 85 27 W
TEMPERATURE IN F: :PCPN: SNOW: WIND :SUNSHINE: SKY :PK WND
================================================================================
1 2 3 4 5 6A 6B 7 8 9 10 11 12 13 14 15 16 17 18
12Z AVG MX 2MIN
DY MAX MIN AVG DEP HDD CDD WTR SNW DPTH SPD SPD DIR MIN PSBL S-S WX SPD DR
================================================================================
1 99 74 87 5 0 22 T 0.0 M 5.0 18 170 M M 2 13 22 180
2 97 74 86 4 0 21 T 0.0 M 5.6 23 320 M M 2 3 27 330
3 95 74 85 2 0 20 0.00 0.0 0 4.9 12 280 M M 1 1 15 260
4 93 78 86 3 0 21 0.00 0.0 0 5.8 18 260 M M 1 3 22 270
5 91 75 83 0 0 18 0.90 0.0 0 6.0 22 350 M M 2 138 30 10
6 93 73 83 0 0 18 0.00 0.0 0 6.1 13 280 M M 1 16 280
7 93 74 84 1 0 19 0.82 0.0 0 7.1 33 310 M M 2 13 42 320
8 93 73 83 0 0 18 0.16 0.0 0 7.2 36 310 M M 1 13 45 290
9 89 73 81 -2 0 16 0.25 M M 6.5 30 260 M M 3 138 39 260
10 90 74 82 -1 0 17 0.61 M M 8.8 24 300 M M 5 13 32 300
11 93 73 83 0 0 18 0.00 M M 3.3 12 300 M M 2 18 18 250
12 94 74 84 1 0 19 0.00 M M 4.7 20 260 M M 2 1 23 250
13 89 74 82 -1 0 17 0.05 M M 6.3 22 260 M M 5 13 27 320
14 89 75 82 -1 0 17 0.06 0.0 M 5.9 17 250 M M 6 13 21 250
15 94 75 85 2 0 20 0.33 0.0 M 6.2 29 20 M M 3 13 35 20
16 92 75 84 1 0 19 0.43 0.0 0 6.0 22 230 M M 5 1238 27 220
17 93 76 85 2 0 20 0.00 0.0 0 4.0 13 320 M M 1 18 14 340
18 94 71 83 0 0 18 0.00 M M 1.9 10 330 M M 0 18 13 330
19 94 77 86 3 0 21 0.00 M M 5.8 12 330 M M 1 8 15 300
20 95 77 86 3 0 21 0.00 0.0 0 6.1 12 210 M M 1 8 15 300
21 96 77 87 4 0 22 0.19 0.0 0 7.4 21 260 M M 3 13 26 260
22 91 75 83 0 0 18 0.12 0.0 0 6.4 21 330 M M 4 13 26 330
23 88 73 81 -2 0 16 0.48 0.0 0 4.8 21 10 M M 6 123 26 360
24 91 72 82 -1 0 17 0.01 0.0 0 3.7 10 280 M M 1 1 15 230
25 93 72 83 0 0 18 0.00 0.0 0 3.4 9 340 M M 0 1 11 340
26 96 72 84 1 0 19 0.00 0.0 0 1.9 9 140 M M 0 1 12 140
27 96 73 85 2 0 20 T 0.0 0 3.0 17 220 M M 0 13 22 220
28 91 76 84 1 0 19 0.00 0.0 M 4.0 9 30 M M 0 1 11 20
29 98 76 87 4 0 22 0.00 0.0 M 5.1 15 120 M M 1 3 18 120
30 98 74 86 3 0 21 0.01 0.0 0 7.2 26 20 M M 2 3 35 20
31 96 72 84 1 0 19 0.00 0.0 0 5.4 15 320 M M 2 1 20 320
================================================================================
SM 2894 2301 0 591 4.42 0.0 165.5 M 65
================================================================================
AV 93.4 74.2 5.3 FASTST M M 2 MAX(MPH)
MISC ----> 36 310 45 290
================================================================================
NOTES:
# LAST OF SEVERAL OCCURRENCES
COLUMN 17 PEAK WIND IN M.P.H.
PRELIMINARY LOCAL CLIMATOLOGICAL DATA (WS FORM: F-6) , PAGE 2
STATION: DOTHAN
MONTH: JULY
YEAR: 2023
LATITUDE: 31 19 N
LONGITUDE: 85 27 W
[TEMPERATURE DATA] [PRECIPITATION DATA] SYMBOLS USED IN COLUMN 16
AVERAGE MONTHLY: 83.8 TOTAL FOR MONTH: 4.42 1 = FOG OR MIST
DPTR FM NORMAL: 0.8 DPTR FM NORMAL: -1.53 2 = FOG REDUCING VISIBILITY
HIGHEST: 99 ON 1 GRTST 24HR 0.90 ON 5- 5 TO 1/4 MILE OR LESS
LOWEST: 71 ON 18 3 = THUNDER
SNOW, ICE PELLETS, HAIL 4 = ICE PELLETS
TOTAL MONTH: 0.0 INCH 5 = HAIL
GRTST 24HR 0.0 6 = FREEZING RAIN OR DRIZZLE
GRTST DEPTH: 0 7 = DUSTSTORM OR SANDSTORM:
VSBY 1/2 MILE OR LESS
8 = SMOKE OR HAZE
[NO. OF DAYS WITH] [WEATHER - DAYS WITH] 9 = BLOWING SNOW
X = TORNADO
MAX 32 OR BELOW: 0 0.01 INCH OR MORE: 14
MAX 90 OR ABOVE: 27 0.10 INCH OR MORE: 10
MIN 32 OR BELOW: 0 0.50 INCH OR MORE: 3
MIN 0 OR BELOW: 0 1.00 INCH OR MORE: 0
[HDD (BASE 65) ]
TOTAL THIS MO. 0 CLEAR (SCALE 0-3) 24
DPTR FM NORMAL 0 PTCLDY (SCALE 4-7) 7
TOTAL FM JUL 1 0 CLOUDY (SCALE 8-10) 0
DPTR FM NORMAL 0
[CDD (BASE 65) ]
TOTAL THIS MO. 591
DPTR FM NORMAL 33 [PRESSURE DATA]
TOTAL FM JAN 1 1647 HIGHEST SLP M ON M
DPTR FM NORMAL 89 LOWEST SLP 29.87 ON 8
[REMARKS]
#FINAL-07-23#