000
CXUS53 KBIS 010830
CF6DIK
PRELIMINARY LOCAL CLIMATOLOGICAL DATA (WS FORM: F-6)
STATION: DICKINSON ND
MONTH: APRIL
YEAR: 2023
LATITUDE: 46 47 N
LONGITUDE: 102 48 W
TEMPERATURE IN F: :PCPN: SNOW: WIND :SUNSHINE: SKY :PK WND
================================================================================
1 2 3 4 5 6A 6B 7 8 9 10 11 12 13 14 15 16 17 18
12Z AVG MX 2MIN
DY MAX MIN AVG DEP HDD CDD WTR SNW DPTH SPD SPD DIR MIN PSBL S-S WX SPD DR
================================================================================
1 42 13 28 -9 37 0 0.00 M M 13.1 18 190 M M 3 22 170
2 40 28 34 -3 31 0 0.00 M M 21.6 40 280 M M 4 50 280
3 34 24 29 -9 36 0 0.00 M M 11.7 24 290 M M 7 1 29 300
4 24 15 20 -18 45 0 M M M 13.9 20 350 M M 10 12 27 350
5 27 10 19 -19 46 0 M M M 18.2 30 300 M M 3 18 39 310
6 31 6 19 -19 46 0 T M M 11.0 18 130 M M 5 23 140
7 35 16 26 -13 39 0 0.00 M M 11.1 17 140 M M 2 22 140
8 46 22 34 -5 31 0 0.00 M M 8.7 17 150 M M 0 21 130
9 60 32 46 7 19 0 0.00 M M 9.0 16 270 M M 0 21 270
10 70 36 53 13 12 0 0.00 M M 10.5 18 210 M M 0 23 220
11 83 44 64 24 1 0 0.00 M M 11.4 21 290 M M 0 25 290
12 56 35 46 6 19 0 0.00 M M 11.5 24 300 M M 0 35 300
13 50 32 41 0 24 0 0.00 M M 14.1 28 70 M M 3 1 35 80
14 42 33 38 -3 27 0 0.00 M M 12.6 23 320 M M 9 33 320
15 50 26 38 -3 27 0 T M M 10.4 20 350 M M 6 27 10
16 56 23 40 -2 25 0 0.00 M M 7.8 20 140 M M 0 26 140
17 61 29 45 3 20 0 0.00 M M 18.9 28 150 M M 0 41 170
18 55 35 45 3 20 0 T M M 17.2 29 120 M M 4 38 120
19 48 34 41 -2 24 0 0.00 M M 16.9 27 230 M M 9 38 240
20 34 25 30 -13 35 0 M M M 24.4 35 300 M M 10 1 44 310
21 39 24 32 -11 33 0 M M M 19.5 30 330 M M 8 1 42 320
22 45 23 34 -10 31 0 0.00 M M 10.8 18 330 M M 2 30 340
23 50 18 34 -10 31 0 0.00 M M 5.8 13 330 M M 0 18 330
24 57 20 39 -5 26 0 0.00 M M 14.6 24 130 M M 0 42 110
25 56 25 41 -4 24 0 0.00 M M 14.5 23 170 M M 3 31 160
26 65 34 50 5 15 0 T M M 13.2 25 290 M M 1 36 300
27 59 41 50 5 15 0 0.07 M M 13.3 28 20 M M 9 1 37 20
28 61 35 48 2 17 0 0.00 M M 11.8 23 300 M M 8 30 310
29 58 34 46 0 19 0 0.00 M M 16.1 29 340 M M 0 41 320
30 56 26 41 -5 24 0 0.00 M M 7.6 13 30 M M 0 21 20
================================================================================
SM 1490 798 799 0 0.07 M 401.2 M 106
================================================================================
AV 49.7 26.6 13.4 FASTST M M 4 MAX(MPH)
MISC ----> 40 280 50 280
================================================================================
NOTES:
# LAST OF SEVERAL OCCURRENCES
COLUMN 17 PEAK WIND IN M.P.H.
PRELIMINARY LOCAL CLIMATOLOGICAL DATA (WS FORM: F-6) , PAGE 2
STATION: DICKINSON ND
MONTH: APRIL
YEAR: 2023
LATITUDE: 46 47 N
LONGITUDE: 102 48 W
[TEMPERATURE DATA] [PRECIPITATION DATA] SYMBOLS USED IN COLUMN 16
AVERAGE MONTHLY: 38.1 TOTAL FOR MONTH: 0.07 1 = FOG OR MIST
DPTR FM NORMAL: -3.5 DPTR FM NORMAL: -1.30 2 = FOG REDUCING VISIBILITY
HIGHEST: 83 ON 11 GRTST 24HR 0.07 ON 27-27 TO 1/4 MILE OR LESS
LOWEST: 6 ON 6 3 = THUNDER
SNOW, ICE PELLETS, HAIL 4 = ICE PELLETS
TOTAL MONTH: M 5 = HAIL
GRTST 24HR M ON M 6 = FREEZING RAIN OR DRIZZLE
GRTST DEPTH: M ON M 7 = DUSTSTORM OR SANDSTORM:
VSBY 1/2 MILE OR LESS
8 = SMOKE OR HAZE
[NO. OF DAYS WITH] [WEATHER - DAYS WITH] 9 = BLOWING SNOW
X = TORNADO
MAX 32 OR BELOW: 3 0.01 INCH OR MORE: 1
MAX 90 OR ABOVE: 0 0.10 INCH OR MORE: 0
MIN 32 OR BELOW: 20 0.50 INCH OR MORE: 0
MIN 0 OR BELOW: 0 1.00 INCH OR MORE: 0
[HDD (BASE 65) ]
TOTAL THIS MO. 799 CLEAR (SCALE 0-3) 17
DPTR FM NORMAL 95 PTCLDY (SCALE 4-7) 8
TOTAL FM JUL 1 8652 CLOUDY (SCALE 8-10) 5
DPTR FM NORMAL 689
[CDD (BASE 65) ]
TOTAL THIS MO. 0
DPTR FM NORMAL 0 [PRESSURE DATA]
TOTAL FM JAN 1 0 HIGHEST SLP M ON M
DPTR FM NORMAL 0 LOWEST SLP 29.49 ON 18
[REMARKS]
#FINAL-04-23#