000
CXUS53 KBIS 010930
CF6DIK
PRELIMINARY LOCAL CLIMATOLOGICAL DATA (WS FORM: F-6)
STATION: DICKINSON ND
MONTH: NOVEMBER
YEAR: 2023
LATITUDE: 46 47 N
LONGITUDE: 102 48 W
TEMPERATURE IN F: :PCPN: SNOW: WIND :SUNSHINE: SKY :PK WND
================================================================================
1 2 3 4 5 6A 6B 7 8 9 10 11 12 13 14 15 16 17 18
12Z AVG MX 2MIN
DY MAX MIN AVG DEP HDD CDD WTR SNW DPTH SPD SPD DIR MIN PSBL S-S WX SPD DR
================================================================================
1 36 19 28 -8 37 0 0.00 M M 8.4 17 300 M M 1 1 22 290
2 41 15 28 -8 37 0 0.00 M M 7.1 15 260 M M 3 12 17 260
3 38 32 35 0 30 0 0.00 M M 6.3 13 190 M M 9 1 14 190
4 56 32 44 9 21 0 0.00 M M 8.5 16 150 M M 1 1 20 150
5 57 37 47 13 18 0 T M M 12.1 20 260 M M 4 26 270
6 56 30 43 9 22 0 0.00 M M 8.3 17 130 M M 4 12 22 140
7 58 34 46 12 19 0 0.00 M M 13.8 23 270 M M 4 12 29 260
8 47 30 39 6 26 0 T M M 20.5 36 300 M M 2 47 310
9 36 16 26 -7 39 0 M M M 14.0 30 300 M M 7 12 47 300
10 45 14 30 -2 35 0 0.00 M M 9.0 16 160 M M 0 21 160
11 53 23 38 6 27 0 0.00 M M 11.1 18 170 M M 0 24 170
12 56 26 41 9 24 0 0.00 M M 14.5 31 300 M M 1 42 270
13 51 24 38 7 27 0 0.00 M M 12.6 28 140 M M 0 38 140
14 54 26 40 9 25 0 0.00 M M 10.4 23 300 M M 0 29 310
15 64 27 46 16 19 0 0.00 M M 8.5 21 210 M M 0 26 220
16 47 21 34 4 31 0 0.00 M M 12.8 29 320 M M 3 41 300
17 55 23 39 9 26 0 0.00 M M 12.7 24 280 M M 0 30 280
18 59 28 44 15 21 0 0.00 M M 5.5 10 150 M M 0 12 160
19 51 27 39 10 26 0 0.00 M M 5.9 13 200 M M 0 14 200
20 49 23 36 8 29 0 0.00 M M 16.8 32 290 M M 2 42 330
21 50 18 34 6 31 0 0.00 M M 10.5 21 240 M M 0 26 230
22 50 25 38 10 27 0 T M M 12.7 25 340 M M 3 1 32 330
23 26 3 15 -12 50 0 0.00 M M 7.4 13 350 M M 4 18 340
24 28 0 14 -13 51 0 0.00 M M 7.3 15 190 M M 0 20 190
25 37 8 23 -4 42 0 T M M 15.9 33 300 M M 4 1 43 300
26 28 15 22 -4 43 0 T M M 17.6 30 310 M M 6 1 41 330
27 35 15 25 -1 40 0 M M M 12.4 24 270 M M 4 1 29 280
28 47 21 34 8 31 0 0.00 M M 14.5 25 290 M M 0 34 290
29 46 19 33 8 32 0 0.00 M M 10.0 21 290 M M 0 25 300
30 34 13 24 -1 41 0 0.00 M M 7.1 13 290 M M 2 17 300
================================================================================
SM 1390 644 927 0 T M 334.2 M 64
================================================================================
AV 46.3 21.5 11.1 FASTST M M 2 MAX(MPH)
MISC ----> 36 300 # 47 310
================================================================================
NOTES:
# LAST OF SEVERAL OCCURRENCES
COLUMN 17 PEAK WIND IN M.P.H.
PRELIMINARY LOCAL CLIMATOLOGICAL DATA (WS FORM: F-6) , PAGE 2
STATION: DICKINSON ND
MONTH: NOVEMBER
YEAR: 2023
LATITUDE: 46 47 N
LONGITUDE: 102 48 W
[TEMPERATURE DATA] [PRECIPITATION DATA] SYMBOLS USED IN COLUMN 16
AVERAGE MONTHLY: 33.9 TOTAL FOR MONTH: T 1 = FOG OR MIST
DPTR FM NORMAL: 3.6 DPTR FM NORMAL: -0.47 2 = FOG REDUCING VISIBILITY
HIGHEST: 64 ON 15 GRTST 24HR T ON 3- 3 TO 1/4 MILE OR LESS
LOWEST: 0 ON 24 3 = THUNDER
SNOW, ICE PELLETS, HAIL 4 = ICE PELLETS
TOTAL MONTH: M 5 = HAIL
GRTST 24HR M ON M 6 = FREEZING RAIN OR DRIZZLE
GRTST DEPTH: M ON M 7 = DUSTSTORM OR SANDSTORM:
VSBY 1/2 MILE OR LESS
8 = SMOKE OR HAZE
[NO. OF DAYS WITH] [WEATHER - DAYS WITH] 9 = BLOWING SNOW
X = TORNADO
MAX 32 OR BELOW: 3 0.01 INCH OR MORE: 0
MAX 90 OR ABOVE: 0 0.10 INCH OR MORE: 0
MIN 32 OR BELOW: 28 0.50 INCH OR MORE: 0
MIN 0 OR BELOW: 1 1.00 INCH OR MORE: 0
[HDD (BASE 65) ]
TOTAL THIS MO. 927 CLEAR (SCALE 0-3) 20
DPTR FM NORMAL -114 PTCLDY (SCALE 4-7) 9
TOTAL FM JUL 1 1836 CLOUDY (SCALE 8-10) 1
DPTR FM NORMAL -175
[CDD (BASE 65) ]
TOTAL THIS MO. 0
DPTR FM NORMAL 0 [PRESSURE DATA]
TOTAL FM JAN 1 427 HIGHEST SLP 30.72 ON 24
DPTR FM NORMAL 9 LOWEST SLP 29.49 ON 16
[REMARKS]
#FINAL-11-23#