000
CXUS53 KBIS 010830
CF6DIK
PRELIMINARY LOCAL CLIMATOLOGICAL DATA (WS FORM: F-6)
STATION: DICKINSON ND
MONTH: AUGUST
YEAR: 2023
LATITUDE: 46 47 N
LONGITUDE: 102 48 W
TEMPERATURE IN F: :PCPN: SNOW: WIND :SUNSHINE: SKY :PK WND
================================================================================
1 2 3 4 5 6A 6B 7 8 9 10 11 12 13 14 15 16 17 18
12Z AVG MX 2MIN
DY MAX MIN AVG DEP HDD CDD WTR SNW DPTH SPD SPD DIR MIN PSBL S-S WX SPD DR
================================================================================
1 93 61 77 6 0 12 T M M 13.0 39 350 M M 1 3 54 350
2 85 62 74 3 0 9 0.00 M M 9.5 18 150 M M 3 24 150
3 87 63 75 4 0 10 0.79 M M 9.8 29 170 M M 4 138 37 260
4 66 61 64 -7 1 0 0.37 M M 12.3 22 70 M M 10 1 29 80
5 75 60 68 -3 0 3 0.09 M M 7.8 17 30 M M 6 1 26 30
6 79 54 67 -4 0 2 0.00 M M 6.1 14 350 M M 1 18 20
7 79 52 66 -4 0 1 T M M 5.3 18 290 M M 1 13 24 330
8 83 57 70 0 0 5 T M M 7.8 16 230 M M 2 3 23 240
9 81 55 68 -2 0 3 0.00 M M 8.1 18 70 M M 1 1 25 80
10 83 57 70 0 0 5 T M M 10.9 23 280 M M 4 1 35 270
11 80 53 67 -3 0 2 0.00 M M 11.2 25 290 M M 2 33 280
12 82 50 66 -4 0 1 0.64 M M 6.7 18 310 M M 2 13 25 310
13 70 53 62 -8 3 0 0.17 M M 10.6 21 310 M M 8 1 29 310
14 80 51 66 -3 0 1 0.00 M M 7.5 14 270 M M 0 18 250
15 89 55 72 3 0 7 0.00 M M 7.9 13 180 M M 0 16 180
16 80 52 66 -3 0 1 0.00 M M 16.3 29 300 M M 0 40 330
17 81 47 64 -5 1 0 0.00 M M 9.3 17 160 M M 0 24 160
18 95 59 77 9 0 12 T M M 9.4 24 240 M M 0 37 240
19 75 58 67 -1 0 2 0.00 M M 12.0 24 330 M M 0 34 330
20 60 52 56 -12 9 0 0.64 M M 10.9 18 100 M M 10 1 25 100
21 62 54 58 -10 7 0 0.01 M M 11.7 21 110 M M 10 13 26 110
22 90 62 76 9 0 11 0.00 M M 6.3 14 180 M M 5 12 17 180
23 89 62 76 9 0 11 T M M 12.1 28 300 M M 1 3 42 290
24 90 57 74 7 0 9 T M M 6.3 24 190 M M 3 123 31 170
25 74 49 62 -4 3 0 0.00 M M 9.1 17 340 M M 0 1 25 350
26 81 47 64 -2 1 0 0.00 M M 13.0 21 170 M M 0 29 150
27 87 55 71 5 0 6 0.00 M M 9.6 21 310 M M 0 29 310
28 83 53 68 3 0 3 0.00 M M 7.0 17 320 M M 0 8 23 320
29 84 54 69 4 0 4 0.00 M M 6.7 12 160 M M 0 18 16 140
30 90 56 73 8 0 8 T M M 18.9 31 140 M M 0 138 42 140
31 81 51 66 2 0 1 0.00 M M 13.5 29 240 M M 0 42 260
================================================================================
SM 2514 1712 25 129 2.71 M 306.6 M 74
================================================================================
AV 81.1 55.2 9.9 FASTST M M 2 MAX(MPH)
MISC ----> 39 350 54 350
================================================================================
NOTES:
# LAST OF SEVERAL OCCURRENCES
COLUMN 17 PEAK WIND IN M.P.H.
PRELIMINARY LOCAL CLIMATOLOGICAL DATA (WS FORM: F-6) , PAGE 2
STATION: DICKINSON ND
MONTH: AUGUST
YEAR: 2023
LATITUDE: 46 47 N
LONGITUDE: 102 48 W
[TEMPERATURE DATA] [PRECIPITATION DATA] SYMBOLS USED IN COLUMN 16
AVERAGE MONTHLY: 68.2 TOTAL FOR MONTH: 2.71 1 = FOG OR MIST
DPTR FM NORMAL: -0.3 DPTR FM NORMAL: 1.18 2 = FOG REDUCING VISIBILITY
HIGHEST: 95 ON 18 GRTST 24HR 1.11 ON 3- 4 TO 1/4 MILE OR LESS
LOWEST: 47 ON 26,17 3 = THUNDER
SNOW, ICE PELLETS, HAIL 4 = ICE PELLETS
TOTAL MONTH: M 5 = HAIL
GRTST 24HR M ON M 6 = FREEZING RAIN OR DRIZZLE
GRTST DEPTH: M ON M 7 = DUSTSTORM OR SANDSTORM:
VSBY 1/2 MILE OR LESS
8 = SMOKE OR HAZE
[NO. OF DAYS WITH] [WEATHER - DAYS WITH] 9 = BLOWING SNOW
X = TORNADO
MAX 32 OR BELOW: 0 0.01 INCH OR MORE: 7
MAX 90 OR ABOVE: 5 0.10 INCH OR MORE: 5
MIN 32 OR BELOW: 0 0.50 INCH OR MORE: 3
MIN 0 OR BELOW: 0 1.00 INCH OR MORE: 0
[HDD (BASE 65) ]
TOTAL THIS MO. 25 CLEAR (SCALE 0-3) 22
DPTR FM NORMAL -22 PTCLDY (SCALE 4-7) 5
TOTAL FM JUL 1 75 CLOUDY (SCALE 8-10) 4
DPTR FM NORMAL -3
[CDD (BASE 65) ]
TOTAL THIS MO. 129
DPTR FM NORMAL -25 [PRESSURE DATA]
TOTAL FM JAN 1 386 HIGHEST SLP M ON M
DPTR FM NORMAL 8 LOWEST SLP 29.49 ON 18
[REMARKS]
#FINAL-08-23#