035
CXUS54 KEPZ 020707
CF6DMN
PRELIMINARY LOCAL CLIMATOLOGICAL DATA (WS FORM: F-6)
STATION: DEMING
MONTH: OCTOBER
YEAR: 2020
LATITUDE: 32 15 N
LONGITUDE: 107 42 W
TEMPERATURE IN F: :PCPN: SNOW: WIND :SUNSHINE: SKY :PK WND
================================================================================
1 2 3 4 5 6A 6B 7 8 9 10 11 12 13 14 15 16 17 18
12Z AVG MX 2MIN
DY MAX MIN AVG DEP HDD CDD WTR SNW DPTH SPD SPD DIR MIN PSBL S-S WX SPD DR
================================================================================
1 90 49 70 2 0 5 0.00 M M 7.0 15 70 M M 0 21 110
2 89 51 70 3 0 5 0.00 M M 6.7 13 190 M M 0 19 210
3 92 43 68 1 0 3 0.00 M M 5.5 16 60 M M 0 22 70
4 87 51 69 3 0 4 0.00 M M 6.4 14 70 M M 0 20 70
5 94 45 70 4 0 5 0.00 M M 6.3 20 270 M M 0 26 280
6 93 45 69 3 0 4 0.00 M M 3.5 14 70 M M 0 23 70
7 92 45 69 4 0 4 0.00 M M 3.8 12 220 M M 0 14 230
8 92 42 67 2 0 2 0.00 M M 4.8 14 270 M M 0 20 270
9 90 48 69 5 0 4 0.00 M M 7.5 17 260 M M 0 25 260
10 87 47 67 3 0 2 0.00 M M 7.7 21 270 M M 0 33 260
11 86 46 66 2 0 1 0.00 M M 9.8 24 270 M M 0 35 270
12 86 46 66 3 0 1 0.00 M M 6.1 18 50 M M 0 24 50
13 91 46 69 6 0 4 0.00 M M 5.1 13 80 M M 0 17 90
14 93 49 71 9 0 6 0.00 M M 11.1 28 290 M M 0 40 290
15 89 50 70 8 0 5 0.00 M M 6.3 14 210 M M 0 18 210
16 79 48 64 2 1 0 0.00 M M 9.0 20 80 M M 0 27 80
17 90 44 67 6 0 2 0.00 M M 8.5 22 270 M M 0 35 270
18 89 45 67 6 0 2 0.00 M M 9.7 22 250 M M 0 8 31 240
19 89 44 67 7 0 2 0.00 M M 7.0 18 280 M M 0 24 290
20 89 46 68 8 0 3 0.00 M M 6.1 13 240 M M 0 19 250
21 88 42 65 5 0 0 0.00 M M 4.2 15 230 M M 0 21 220
22 85 43 64 5 1 0 0.00 M M 8.3 21 280 M M 0 28 290
23 84 46 65 6 0 0 0.00 M M 5.8 16 250 M M 0 22 260
24 83 45 64 6 1 0 0.00 M M 7.4 18 290 M M 0 28 250
25 83 48 66 8 0 1 0.00 M M 10.7 26 260 M M 1 39 250
26 75 31 53 -5 12 0 0.01 M M 15.4 35 40 M M 4 8 49 30
27 32 25 29 -28 36 0 0.09 M M 13.2 32 40 M M 9 12 47 40
28 56 26 41 -16 24 0 0.00 M M 6.7 17 250 M M 0 1 25 240
29 63 32 48 -8 17 0 0.00 M M 5.8 14 130 M M 0 19 120
30 71 36 54 -2 11 0 0.00 M M 5.1 14 70 M M 0 20 60
31 77 35 56 0 9 0 0.00 M M 3.3 10 90 M M 0 13 90
================================================================================
SM 2584 1339 112 65 0.10 M 223.8 M 14
================================================================================
AV 83.4 43.2 7.2 FASTST M M 0 MAX(MPH)
MISC ----> 35 40 49 30
================================================================================
NOTES:
# LAST OF SEVERAL OCCURRENCES
COLUMN 17 PEAK WIND IN M.P.H.
PRELIMINARY LOCAL CLIMATOLOGICAL DATA (WS FORM: F-6) , PAGE 2
STATION: DEMING
MONTH: OCTOBER
YEAR: 2020
LATITUDE: 32 15 N
LONGITUDE: 107 42 W
[TEMPERATURE DATA] [PRECIPITATION DATA] SYMBOLS USED IN COLUMN 16
AVERAGE MONTHLY: 63.3 TOTAL FOR MONTH: 0.10 1 = FOG OR MIST
DPTR FM NORMAL: 1.7 DPTR FM NORMAL: -0.96 2 = FOG REDUCING VISIBILITY
HIGHEST: 94 ON 5 GRTST 24HR 0.10 ON 26-27 TO 1/4 MILE OR LESS
LOWEST: 25 ON 27 3 = THUNDER
SNOW, ICE PELLETS, HAIL 4 = ICE PELLETS
TOTAL MONTH: M 5 = HAIL
GRTST 24HR M ON M 6 = FREEZING RAIN OR DRIZZLE
GRTST DEPTH: M ON M 7 = DUSTSTORM OR SANDSTORM:
VSBY 1/2 MILE OR LESS
8 = SMOKE OR HAZE
[NO. OF DAYS WITH] [WEATHER - DAYS WITH] 9 = BLOWING SNOW
X = TORNADO
MAX 32 OR BELOW: 1 0.01 INCH OR MORE: 2
MAX 90 OR ABOVE: 10 0.10 INCH OR MORE: 0
MIN 32 OR BELOW: 4 0.50 INCH OR MORE: 0
MIN 0 OR BELOW: 0 1.00 INCH OR MORE: 0
[HDD (BASE 65) ]
TOTAL THIS MO. 112 CLEAR (SCALE 0-3) 29
DPTR FM NORMAL -27 PTCLDY (SCALE 4-7) 1
TOTAL FM JUL 1 125 CLOUDY (SCALE 8-10) 1
DPTR FM NORMAL -20
[CDD (BASE 65) ]
TOTAL THIS MO. 65
DPTR FM NORMAL 31 [PRESSURE DATA]
TOTAL FM JAN 1 2054 HIGHEST SLP 30.32 ON 29
DPTR FM NORMAL 354 LOWEST SLP 29.53 ON 26
[REMARKS]
#FINAL-10-20#