000
CXUS53 KEAX 010736
CF6DMO
PRELIMINARY LOCAL CLIMATOLOGICAL DATA (WS FORM: F-6)
STATION: SEDALIA MO
MONTH: OCTOBER
YEAR: 2021
LATITUDE: 38 42 N
LONGITUDE: 93 6 W
TEMPERATURE IN F: :PCPN: SNOW: WIND :SUNSHINE: SKY :PK WND
================================================================================
1 2 3 4 5 6A 6B 7 8 9 10 11 12 13 14 15 16 17 18
12Z AVG MX 2MIN
DY MAX MIN AVG DEP HDD CDD WTR SNW DPTH SPD SPD DIR MIN PSBL S-S WX SPD DR
================================================================================
1 80 66 73 11 0 8 0.17 M M 5.5 12 190 M M 7 12 16 150
2 76 63 70 8 0 5 0.60 M M 4.6 17 320 M M 8 13 26 270
3 78 62 70 9 0 5 0.05 M M 7.0 16 320 M M 7 1 22 330
4 81 53 67 6 0 2 0.00 M M 6.5 17 10 M M 0 8 24 10
5 72 53 63 2 2 0 0.00 M M 5.0 13 50 M M 5 1 17 40
6 70 58 64 4 1 0 T M M 5.6 12 30 M M 8 12 16 30
7 77 61 69 9 0 4 0.00 M M 3.2 8 150 M M 7 12 12 100
8 86 59 73 13 0 8 0.00 M M 7.5 16 110 M M 1 8 22 160
9 89 64 77 18 0 12 0.00 M M 13.0 23 190 M M 0 32 190
10 85 64 75 16 0 10 0.00 M M 12.8 23 220 M M 3 32 220
11 69 54 62 4 3 0 0.46 M M 10.4 24 200 M M 9 13 34 190
12 78 52 65 7 0 0 0.00 M M 8.5 14 220 M M 0 20 220
13 76 64 70 12 0 5 1.02 M M 12.0 29 180 M M 6 138 41 180
14 74 56 65 8 0 0 0.03 M M 4.2 12 120 M M 8 16 50
15 65 49 57 0 8 0 T M M 10.2 23 340 M M 7 30 340
16 66 45 56 0 9 0 0.00 M M 8.4 18 300 M M 0 27 300
17 72 44 58 2 7 0 0.00 M M 7.8 12 220 M M 0 17 220
18 74 52 63 7 2 0 0.00 M M 9.1 16 200 M M 0 23 220
19 76 50 63 8 2 0 0.00 M M 11.7 18 180 M M 0 26 190
20 73 52 63 8 2 0 0.01 M M 11.7 22 220 M M 3 8 32 230
21 62 44 53 -1 12 0 0.00 M M 7.7 17 290 M M 2 26 280
22 66 38 52 -2 13 0 0.00 M M 3.4 8 290 M M 0 12 280
23 60 46 53 -1 12 0 0.07 M M 7.4 16 140 M M 9 1 22 140
24 77 51 64 11 1 0 0.15 M M 13.9 30 270 M M 5 3 45 310
25 52 48 50 -3 15 0 0.00 M M 10.2 24 300 M M 10 34 300
26 64 41 53 1 12 0 0.00 M M 12.2 21 130 M M 3 26 130
27 63 50 57 5 8 0 1.04 M M 12.7 28 130 M M 8 1 36 130
28 51 46 49 -3 16 0 0.48 M M 16.8 26 330 M M 10 1 37 340
29 51 47 49 -2 16 0 0.15 M M 15.5 26 340 M M 10 1 35 330
30 61 43 52 1 13 0 0.00 M M 7.3 14 290 M M 1 19 300
31 58 42 50 0 15 0 0.00 M M 11.2 23 360 M M 2 31 360
================================================================================
SM 2182 1617 169 59 4.23 M 283.0 M 139
================================================================================
AV 70.4 52.2 9.1 FASTST M M 4 MAX(MPH)
MISC ----> 30 270 45 310
================================================================================
NOTES:
# LAST OF SEVERAL OCCURRENCES
COLUMN 17 PEAK WIND IN M.P.H.
PRELIMINARY LOCAL CLIMATOLOGICAL DATA (WS FORM: F-6) , PAGE 2
STATION: SEDALIA MO
MONTH: OCTOBER
YEAR: 2021
LATITUDE: 38 42 N
LONGITUDE: 93 6 W
[TEMPERATURE DATA] [PRECIPITATION DATA] SYMBOLS USED IN COLUMN 16
AVERAGE MONTHLY: 61.3 TOTAL FOR MONTH: 4.23 1 = FOG OR MIST
DPTR FM NORMAL: 4.9 DPTR FM NORMAL: 1.14 2 = FOG REDUCING VISIBILITY
HIGHEST: 89 ON 9 GRTST 24HR 1.47 ON 27-28 TO 1/4 MILE OR LESS
LOWEST: 38 ON 22 3 = THUNDER
SNOW, ICE PELLETS, HAIL 4 = ICE PELLETS
TOTAL MONTH: M 5 = HAIL
GRTST 24HR M ON M 6 = FREEZING RAIN OR DRIZZLE
GRTST DEPTH: M ON M 7 = DUSTSTORM OR SANDSTORM:
VSBY 1/2 MILE OR LESS
8 = SMOKE OR HAZE
[NO. OF DAYS WITH] [WEATHER - DAYS WITH] 9 = BLOWING SNOW
X = TORNADO
MAX 32 OR BELOW: 0 0.01 INCH OR MORE: 12
MAX 90 OR ABOVE: 0 0.10 INCH OR MORE: 8
MIN 32 OR BELOW: 0 0.50 INCH OR MORE: 3
MIN 0 OR BELOW: 0 1.00 INCH OR MORE: 2
[HDD (BASE 65) ]
TOTAL THIS MO. 169 CLEAR (SCALE 0-3) 14
DPTR FM NORMAL -126 PTCLDY (SCALE 4-7) 11
TOTAL FM JUL 1 177 CLOUDY (SCALE 8-10) 6
DPTR FM NORMAL -178
[CDD (BASE 65) ]
TOTAL THIS MO. 59
DPTR FM NORMAL 31 [PRESSURE DATA]
TOTAL FM JAN 1 1640 HIGHEST SLP M ON M
DPTR FM NORMAL 376 LOWEST SLP 29.39 ON 28
[REMARKS]
#FINAL-10-21#