000
CXUS52 KCAE 011855
CLMDNL
CLIMATE REPORT
NATIONAL WEATHER SERVICE COLUMBIA SC
255 PM EDT MON MAY 01 2023
...................................
...THE AUGUSTA DANIEL FIELD GA CLIMATE SUMMARY FOR THE MONTH OF APRIL 2023...
CLIMATE NORMAL PERIOD: 1991 TO 2020
CLIMATE RECORD PERIOD: 9999 TO 9999
WEATHER OBSERVED NORMAL DEPART LAST YEAR`S
VALUE DATE(S) VALUE FROM VALUE
NORMAL
..............................................................
TEMPERATURE (F)
HIGHEST 88 04/05 MM MM
LOWEST 43 04/09 MM MM
AVG. MAXIMUM 76.5 77.7 -1.2
AVG. MINIMUM 55.4 56.3 -0.9
MEAN 65.9 67.0 -1.1
DAYS MAX >= 90 0 0.8 -0.8
DAYS MAX <= 32 0 0.0 0.0
DAYS MIN <= 32 0 0.0 0.0
DAYS MIN <= 0 0 0.0 0.0
PRECIPITATION (INCHES)
TOTALS 4.06 2.91 1.15
DAYS >= .01 12 8.1 3.9
DAYS >= .10 8 5.3 2.7
DAYS >= .50 3 2.2 0.8
DAYS >= 1.00 1 0.7 0.3
GREATEST
24 HR. TOTAL 1.43 04/08 TO 04/09
DAYS >= TRACE MM
DEGREE DAYS
HEATING TOTAL 54 62 -8
SINCE 7/1 1612 1878 -266
COOLING TOTAL 89 122 -33
SINCE 1/1 174 173 1
..............................................................
WIND (MPH)
AVERAGE WIND SPEED 6.2
RESULTANT WIND SPEED/DIRECTION 1/090
HIGHEST WIND SPEED/DIRECTION 24/310 DATE 04/01
24/040 04/07
HIGHEST GUST SPEED/DIRECTION 32/220 DATE 04/01
SKY COVER
POSSIBLE SUNSHINE (PERCENT) MM
AVERAGE SKY COVER 0.36
NUMBER OF DAYS FAIR 15
NUMBER OF DAYS PC 13
NUMBER OF DAYS CLOUDY 2
AVERAGE RH (PERCENT) 62
WEATHER CONDITIONS. NUMBER OF DAYS WITH
THUNDERSTORM 4 MIXED PRECIP 0
HEAVY RAIN 7 RAIN 10
LIGHT RAIN 14 FREEZING RAIN 0
LT FREEZING RAIN 0 HAIL 0
HEAVY SNOW 0 SNOW 0
LIGHT SNOW 0 SLEET 0
FOG 17 FOG W/VIS <= 1/4 MILE 2
HAZE 3
- INDICATES NEGATIVE NUMBERS.
R INDICATES RECORD WAS SET OR TIED.
MM INDICATES DATA IS MISSING.
T INDICATES TRACE AMOUNT.
$$