000
CXUS55 KGJT 010910
CF6DRO
PRELIMINARY LOCAL CLIMATOLOGICAL DATA (WS FORM: F-6)
STATION: DURANGO AIRPORT CO
MONTH: MAY
YEAR: 2023
LATITUDE: 37 9 N
LONGITUDE: 107 45 W
TEMPERATURE IN F: :PCPN: SNOW: WIND :SUNSHINE: SKY :PK WND
================================================================================
1 2 3 4 5 6A 6B 7 8 9 10 11 12 13 14 15 16 17 18
12Z AVG MX 2MIN
DY MAX MIN AVG DEP HDD CDD WTR SNW DPTH SPD SPD DIR MIN PSBL S-S WX SPD DR
================================================================================
1 77 36 57 9 8 0 0.00 M M 5.5 17 210 M M 0 24 200
2 70 41 56 7 9 0 0.00 M M 4.9 21 220 M M 2 30 230
3 76 35 56 7 9 0 0.00 M M 6.9 25 150 M M 3 36 150
4 70 40 55 6 10 0 T M M 7.8 24 210 M M 2 35 250
5 65 29 47 -3 18 0 0.00 M M 8.0 25 210 M M 4 34 250
6 67 29 48 -2 17 0 0.00 M M 5.8 20 220 M M 0 29 250
7 68 36 52 2 13 0 0.00 M M 5.7 21 270 M M 1 32 260
8 73 29 51 1 14 0 0.00 M M 5.1 18 200 M M 0 27 250
9 74 28 51 0 14 0 0.00 M M 4.4 20 220 M M 0 29 210
10 69 30 50 -1 15 0 T M M 8.8 32 260 M M 2 41 270
11 67 37 52 1 13 0 0.00 M M 11.6 29 320 M M 3 39 300
12 71 31 51 -1 14 0 0.00 M M 4.6 16 260 M M 2 25 270
13 71 36 54 2 11 0 0.26 M M 6.6 23 150 M M 6 13 33 150
14 72 41 57 5 8 0 T M M 4.0 21 150 M M 6 3 28 140
15 72 43 58 6 7 0 0.04 M M 4.8 22 320 M M 5 13 32 320
16 75 38 57 4 8 0 0.00 M M 4.1 15 260 M M 1 3 24 260
17 75 41 58 5 7 0 T M M 6.3 26 20 M M 4 36 20
18 75 42 59 6 6 0 0.00 M M 7.8 33 300 M M 2 44 320
19 70 36 53 -1 12 0 0.09 M M 5.1 23 320 M M 4 13 30 310
20 64 46 55 1 10 0 0.43 M M 4.1 22 260 M M 7 13 27 260
21 65 43 54 0 11 0 T M M 5.2 20 350 M M 6 3 27 350
22 70 39 55 0 10 0 0.03 M M 6.3 22 320 M M 4 3 29 320
23 75 39 57 2 8 0 T M M 4.7 22 330 M M 1 3 31 320
24 77 39 58 3 7 0 0.00 M M 5.5 20 220 M M 1 33 250
25 77 38 58 2 7 0 0.00 M M 7.5 20 180 M M 0 30 190
26 78 37 58 2 7 0 0.00 M M 6.7 21 230 M M 0 32 230
27 74 36 55 -1 10 0 0.00 M M 7.2 23 200 M M 0 33 190
28 76 33 55 -2 10 0 0.00 M M 4.7 15 270 M M 0 21 250
29 79 34 57 0 8 0 0.00 M M 4.3 17 270 M M 0 27 190
30 77 34 56 -1 9 0 0.00 M M 5.6 20 210 M M 1 8 25 230
31 74 44 59 1 6 0 0.06 M M 8.0 33 180 M M 3 13 49 180
================================================================================
SM 2243 1140 316 0 0.91 M 187.6 M 70
================================================================================
AV 72.4 36.8 6.1 FASTST M M 2 MAX(MPH)
MISC ----> # 33 300 49 180
================================================================================
NOTES:
# LAST OF SEVERAL OCCURRENCES
COLUMN 17 PEAK WIND IN M.P.H.
PRELIMINARY LOCAL CLIMATOLOGICAL DATA (WS FORM: F-6) , PAGE 2
STATION: DURANGO AIRPORT CO
MONTH: MAY
YEAR: 2023
LATITUDE: 37 9 N
LONGITUDE: 107 45 W
[TEMPERATURE DATA] [PRECIPITATION DATA] SYMBOLS USED IN COLUMN 16
AVERAGE MONTHLY: 54.6 TOTAL FOR MONTH: 0.91 1 = FOG OR MIST
DPTR FM NORMAL: 1.8 DPTR FM NORMAL: 0.17 2 = FOG REDUCING VISIBILITY
HIGHEST: 79 ON 29 GRTST 24HR 0.50 ON 19-20 TO 1/4 MILE OR LESS
LOWEST: 28 ON 9 3 = THUNDER
SNOW, ICE PELLETS, HAIL 4 = ICE PELLETS
TOTAL MONTH: M 5 = HAIL
GRTST 24HR M ON M 6 = FREEZING RAIN OR DRIZZLE
GRTST DEPTH: M ON M 7 = DUSTSTORM OR SANDSTORM:
VSBY 1/2 MILE OR LESS
8 = SMOKE OR HAZE
[NO. OF DAYS WITH] [WEATHER - DAYS WITH] 9 = BLOWING SNOW
X = TORNADO
MAX 32 OR BELOW: 0 0.01 INCH OR MORE: 6
MAX 90 OR ABOVE: 0 0.10 INCH OR MORE: 2
MIN 32 OR BELOW: 6 0.50 INCH OR MORE: 0
MIN 0 OR BELOW: 0 1.00 INCH OR MORE: 0
[HDD (BASE 65) ]
TOTAL THIS MO. 316 CLEAR (SCALE 0-3) 21
DPTR FM NORMAL -62 PTCLDY (SCALE 4-7) 10
TOTAL FM JUL 1 7186 CLOUDY (SCALE 8-10) 0
DPTR FM NORMAL 261
[CDD (BASE 65) ]
TOTAL THIS MO. 0
DPTR FM NORMAL -1 [PRESSURE DATA]
TOTAL FM JAN 1 0 HIGHEST SLP M ON M
DPTR FM NORMAL -1 LOWEST SLP 29.65 ON 10
[REMARKS]
#FINAL-05-23#