000
CXUS55 KTWC 010855
CF6DUG
PRELIMINARY LOCAL CLIMATOLOGICAL DATA (WS FORM: F-6)
STATION: DOUGLAS AZ
MONTH: NOVEMBER
YEAR: 2022
LATITUDE: 31 28 N
LONGITUDE: 109 36 W
TEMPERATURE IN F: :PCPN: SNOW: WIND :SUNSHINE: SKY :PK WND
================================================================================
1 2 3 4 5 6A 6B 7 8 9 10 11 12 13 14 15 16 17 18
12Z AVG MX 2MIN
DY MAX MIN AVG DEP HDD CDD WTR SNW DPTH SPD SPD DIR MIN PSBL S-S WX SPD DR
================================================================================
1 M M M M M M M M M M M M M M M M M
2 M M M M M M M M M M M M M M M M M
3 M M M M M M M M M M M M M M M M M
4 M M M M M M M M M M M M M M M M M
5 M M M M M M M M M M M M M M M M M
6 M M M M M M M M M M M M M M M M M
7 M M M M M M M M M M M M M M M M M
8 M M M M M M M M M M M M M M M M M
9 M M M M M M M M M M M M M M M M M
10 M M M M M M M M M M M M M M M M M
11 M M M M M M M M M M M M M M M M M
12 M M M M M M M M M M M M M M M M M
13 M M M M M M M M M M M M M M M M M
14 M M M M M M M M M M M M M M M M M
15 64 26 45 -8 20 0 0.00 M M 4.0 12 10 M M 1 16 170
16 63 31 47 -6 18 0 0.00 M M 8.4 22 80 M M M 32 80
17 63 28 46 -6 19 0 0.00 M M 6.2 14 80 M M M 19 80
18 70 29 50 -2 15 0 0.00 M M 5.4 15 230 M M M 8 22 190
19 62 26 44 -7 21 0 0.00 M M 9.2 23 80 M M M 32 90
20 57 32 45 -6 20 0 0.00 M M 8.4 18 80 M M M 25 80
21 64 22 43 -8 22 0 0.00 M M 7.2 17 90 M M 0 25 60
22 67 25 46 -4 19 0 0.00 M M 4.6 13 10 M M 0 16 10
23 70 26 48 -2 17 0 0.00 M M 5.5 20 320 M M 0 25 320
24 57 28 43 -7 22 0 0.00 M M 11.8 25 350 M M 0 34 350
25 55 30 43 -6 22 0 0.00 M M 9.9 25 90 M M 1 34 80
26 65 17 41 -8 24 0 0.00 M M 6.7 15 360 M M 0 23 330
27 68 24 46 -2 19 0 0.00 M M 3.6 13 320 M M 0 16 220
28 68 21 45 -3 20 0 0.00 M M 8.0 24 220 M M 0 35 240
29 68 37 53 5 12 0 0.00 M M 8.3 24 220 M M 0 33 210
30 71 24 48 0 17 0 0.00 M M 4.5 21 160 M M 0 29 160
================================================================================
SM 1032 426 307 0 0.00 M 111.7 M 2
================================================================================
AV 64.5 26.6 7.0 FASTST M M 0 MAX(MPH)
MISC ----> # 25 350 35 240
================================================================================
NOTES:
# LAST OF SEVERAL OCCURRENCES
COLUMN 17 PEAK WIND IN M.P.H.
PRELIMINARY LOCAL CLIMATOLOGICAL DATA (WS FORM: F-6) , PAGE 2
STATION: DOUGLAS AZ
MONTH: NOVEMBER
YEAR: 2022
LATITUDE: 31 28 N
LONGITUDE: 109 36 W
[TEMPERATURE DATA] [PRECIPITATION DATA] SYMBOLS USED IN COLUMN 16
AVERAGE MONTHLY: 45.6 TOTAL FOR MONTH: 0.00 1 = FOG OR MIST
DPTR FM NORMAL: -7.2 DPTR FM NORMAL: -0.67 2 = FOG REDUCING VISIBILITY
HIGHEST: 71 ON 30 GRTST 24HR 0.00 ON 15-15 TO 1/4 MILE OR LESS
LOWEST: 17 ON 26 3 = THUNDER
SNOW, ICE PELLETS, HAIL 4 = ICE PELLETS
TOTAL MONTH: M 5 = HAIL
GRTST 24HR M ON M 6 = FREEZING RAIN OR DRIZZLE
GRTST DEPTH: M ON M 7 = DUSTSTORM OR SANDSTORM:
VSBY 1/2 MILE OR LESS
8 = SMOKE OR HAZE
[NO. OF DAYS WITH] [WEATHER - DAYS WITH] 9 = BLOWING SNOW
X = TORNADO
MAX 32 OR BELOW: 0 0.01 INCH OR MORE: 0
MAX 90 OR ABOVE: 0 0.10 INCH OR MORE: 0
MIN 32 OR BELOW: 15 0.50 INCH OR MORE: 0
MIN 0 OR BELOW: 0 1.00 INCH OR MORE: 0
[HDD (BASE 65) ]
TOTAL THIS MO. 307 CLEAR (SCALE 0-3) 11
DPTR FM NORMAL -59 PTCLDY (SCALE 4-7) 0
TOTAL FM JUL 1 307 CLOUDY (SCALE 8-10) 19
DPTR FM NORMAL -148
[CDD (BASE 65) ]
TOTAL THIS MO. 0
DPTR FM NORMAL -1 [PRESSURE DATA]
TOTAL FM JAN 1 0 HIGHEST SLP M ON M
DPTR FM NORMAL -1709 LOWEST SLP 29.76 ON 29
[REMARKS]
#FINAL-11-22#