000
CXUS51 KPBZ 010730
CF6DUJ
PRELIMINARY LOCAL CLIMATOLOGICAL DATA (WS FORM: F-6)
STATION: DUBOIS PA
MONTH: MAY
YEAR: 2021
LATITUDE: 41 10 N
LONGITUDE: 78 54 W
TEMPERATURE IN F: :PCPN: SNOW: WIND :SUNSHINE: SKY :PK WND
================================================================================
1 2 3 4 5 6A 6B 7 8 9 10 11 12 13 14 15 16 17 18
12Z AVG MX 2MIN
DY MAX MIN AVG DEP HDD CDD WTR SNW DPTH SPD SPD DIR MIN PSBL S-S WX SPD DR
================================================================================
1 60 30 45 -8 20 0 0.00 M M 10.8 20 250 M M 2 28 250
2 80 54 67 13 0 2 T M M 13.5 26 250 M M 1 33 250
3 64 55 60 6 5 0 0.30 M M 5.6 15 220 M M 8 18 19 210
4 72 58 65 11 0 0 0.35 M M 8.8 20 210 M M 10 138 28 190
5 58 42 50 -4 15 0 0.18 M M 9.3 20 290 M M 10 1 26 300
6 57 37 47 -8 18 0 0.00 M M 6.9 15 260 M M 4 20 260
7 50 33 42 -13 23 0 0.11 M M 5.5 15 280 M M 8 1 20 290
8 49 32 41 -14 24 0 0.03 M M 6.2 20 260 M M 7 1 26 280
9 42 32 37 -19 28 0 1.90 M M 6.7 13 90 M M 7 128 18 350
10 57 36 47 -9 18 0 0.00 M M 8.1 18 270 M M 6 1 27 270
11 56 36 46 -10 19 0 0.00 M M 9.4 21 310 M M 5 29 310
12 61 33 47 -9 18 0 0.00 M M 7.7 18 320 M M 4 24 320
13 63 35 49 -8 16 0 0.00 M M 5.7 16 350 M M 5 25 10
14 68 37 53 -4 12 0 0.00 M M 3.2 14 280 M M 3 17 270
15 69 41 55 -2 10 0 0.00 M M 3.1 13 290 M M 3 18 230
16 66 48 57 -1 8 0 0.00 M M 4.3 16 90 M M 7 8 21 80
17 71 42 57 -1 8 0 0.00 M M 4.2 10 150 M M 0 16 120
18 79 48 64 6 1 0 0.00 M M 2.1 12 240 M M 0 8 15 230
19 84 49 67 9 0 2 0.00 M M 2.1 12 240 M M 0 8 16 230
20 86 54 70 12 0 5 0.00 M M 3.0 12 210 M M 0 18 230
21 85 60 73 14 0 8 0.00 M M 5.6 15 270 M M 0 20 270
22 81 59 70 11 0 5 T M M 6.6 17 290 M M 3 25 280
23 85 61 73 14 0 8 0.00 M M 9.6 20 290 M M 5 29 330
24 66 59 63 4 2 0 0.00 M M 6.8 13 110 M M 9 1 16 120
25 85 57 71 11 0 6 0.00 M M 7.9 22 230 M M 5 12 28 240
26 83 61 72 12 0 7 0.61 M M 9.4 23 250 M M 5 1238 31 260
27 70 53 62 2 3 0 0.00 M M 8.3 20 280 M M 2 1 29 280
28 56 45 51 -9 14 0 0.77 M M 10.6 17 60 M M 8 1 23 60
29 48 44 46 -15 19 0 0.15 M M 9.8 17 70 M M 10 18 23 60
30 53 43 48 -13 17 0 0.00 M M 4.3 7 70 M M 8 12 M M
31 69 38 54 -7 11 0 0.00 M M 3.5 13 290 M M 3 12 18 270
================================================================================
SM 2073 1412 309 43 4.40 M 208.6 M 148
================================================================================
AV 66.9 45.5 6.7 FASTST M M 5 MAX(MPH)
MISC ----> 26 250 33 250
================================================================================
NOTES:
# LAST OF SEVERAL OCCURRENCES
COLUMN 17 PEAK WIND IN M.P.H.
PRELIMINARY LOCAL CLIMATOLOGICAL DATA (WS FORM: F-6) , PAGE 2
STATION: DUBOIS PA
MONTH: MAY
YEAR: 2021
LATITUDE: 41 10 N
LONGITUDE: 78 54 W
[TEMPERATURE DATA] [PRECIPITATION DATA] SYMBOLS USED IN COLUMN 16
AVERAGE MONTHLY: 56.2 TOTAL FOR MONTH: 4.40 1 = FOG OR MIST
DPTR FM NORMAL: -1.2 DPTR FM NORMAL: 0.71 2 = FOG REDUCING VISIBILITY
HIGHEST: 86 ON 20 GRTST 24HR 1.90 ON 9- 9 TO 1/4 MILE OR LESS
LOWEST: 30 ON 1 3 = THUNDER
SNOW, ICE PELLETS, HAIL 4 = ICE PELLETS
TOTAL MONTH: M 5 = HAIL
GRTST 24HR M ON M 6 = FREEZING RAIN OR DRIZZLE
GRTST DEPTH: M ON M 7 = DUSTSTORM OR SANDSTORM:
VSBY 1/2 MILE OR LESS
8 = SMOKE OR HAZE
[NO. OF DAYS WITH] [WEATHER - DAYS WITH] 9 = BLOWING SNOW
X = TORNADO
MAX 32 OR BELOW: 0 0.01 INCH OR MORE: 9
MAX 90 OR ABOVE: 0 0.10 INCH OR MORE: 8
MIN 32 OR BELOW: 3 0.50 INCH OR MORE: 3
MIN 0 OR BELOW: 0 1.00 INCH OR MORE: 1
[HDD (BASE 65) ]
TOTAL THIS MO. 309 CLEAR (SCALE 0-3) 12
DPTR FM NORMAL 45 PTCLDY (SCALE 4-7) 14
TOTAL FM JUL 1 6000 CLOUDY (SCALE 8-10) 5
DPTR FM NORMAL -601
[CDD (BASE 65) ]
TOTAL THIS MO. 43
DPTR FM NORMAL 15 [PRESSURE DATA]
TOTAL FM JAN 1 49 HIGHEST SLP 30.49 ON 21
DPTR FM NORMAL 17 LOWEST SLP 29.65 ON 4
[REMARKS]
#FINAL-05-21#