000
CXUS53 KGID 011523
CF6EAR
PRELIMINARY LOCAL CLIMATOLOGICAL DATA (WS FORM: F-6)
STATION: KEARNEY
MONTH: APRIL
YEAR: 2020
LATITUDE: 40 43 N
LONGITUDE: 99 0 W
TEMPERATURE IN F: :PCPN: SNOW: WIND :SUNSHINE: SKY :PK WND
================================================================================
1 2 3 4 5 6A 6B 7 8 9 10 11 12 13 14 15 16 17 18
12Z AVG MX 2MIN
DY MAX MIN AVG DEP HDD CDD WTR SNW DPTH SPD SPD DIR MIN PSBL S-S WX SPD DR
================================================================================
1 71 39 55 12 10 0 0.00 M M 14.1 36 160 M M 1 41 160
2 52 19 36 -8 29 0 M M M 21.5 32 360 M M 9 16 37 360
3 37 17 27 -17 38 0 T M M 15.2 29 350 M M 5 35 340
4 51 17 34 -10 31 0 0.00 M M 8.3 21 150 M M 4 26 140
5 59 25 42 -3 23 0 0.00 M M 13.0 24 160 M M 3 18 31 60
6 75 43 59 14 6 0 0.00 M M 5.5 12 150 M M 4 14 200
7 84 42 63 17 2 0 0.00 M M 9.5 27 300 M M 0 36 290
8 71 38 55 9 10 0 0.00 M M 14.3 29 10 M M 1 38 10
9 55 24 40 -6 25 0 0.00 M M 14.3 27 350 M M 2 38 350
10 68 22 45 -2 20 0 0.00 M M 14.6 29 190 M M 1 38 190
11 71 38 55 8 10 0 0.00 M M 12.2 24 30 M M 0 32 40
12 44 22 33 -14 32 0 M M M 29.2 45 360 M M 7 1 53 360
13 39 16 28 -20 37 0 0.00 M M 13.3 21 300 M M 1 30 310
14 51 16 34 -14 31 0 T M M 11.7 22 280 M M 4 36 240
15 54 19 37 -11 28 0 T M M 7.1 15 20 M M 4 17 230
16 37 28 33 -16 32 0 M M M 17.5 25 40 M M 9 1 32 30
17 52 21 37 -12 28 0 0.00 M M 8.2 14 250 M M 2 1 20 250
18 71 30 51 1 14 0 0.00 M M 10.2 17 30 M M 0 16 250
19 64 38 51 1 14 0 0.06 M M 10.4 15 70 M M 1 17 50
20 69 37 53 3 12 0 0.01 M M 12.4 27 340 M M 2 33 330
21 75 36 56 5 9 0 0.00 M M 8.2 18 170 M M 1 25 200
22 78 42 60 9 5 0 0.00 M M 10.5 21 10 M M 2 25 10
23 79 40 60 9 5 0 0.00 M M 10.0 28 360 M M 1 37 360
24 62 42 52 0 13 0 0.33 M M 12.2 23 20 M M 6 28 20
25 66 39 53 1 12 0 0.00 M M 11.8 22 340 M M 2 30 350
26 76 34 55 3 10 0 0.00 M M 13.6 28 170 M M 2 37 180
27 82 52 67 14 0 2 0.00 M M 8.9 18 180 M M 1 M M
28 73 47 60 7 5 0 0.01 M M 17.3 43 330 M M 2 8 59 340
29 65 44 55 1 10 0 0.00 M M 18.0 32 350 M M 3 50 350
30 78 36 57 3 8 0 0.00 M M 9.9 21 160 M M 0 31 190
================================================================================
SM 1909 963 509 2 M M 382.9 M 80
================================================================================
AV 63.6 32.1 12.8 FASTST M M 3 MAX(MPH)
MISC ----> # 45 360 # M M
================================================================================
NOTES:
# LAST OF SEVERAL OCCURRENCES
COLUMN 17 PEAK WIND IN M.P.H.
PRELIMINARY LOCAL CLIMATOLOGICAL DATA (WS FORM: F-6) , PAGE 2
STATION: KEARNEY
MONTH: APRIL
YEAR: 2020
LATITUDE: 40 43 N
LONGITUDE: 99 0 W
[TEMPERATURE DATA] [PRECIPITATION DATA] SYMBOLS USED IN COLUMN 16
AVERAGE MONTHLY: 47.9 TOTAL FOR MONTH: M 1 = FOG OR MIST
DPTR FM NORMAL: -0.8 DPTR FM NORMAL: M 2 = FOG REDUCING VISIBILITY
HIGHEST: 84 ON 7 GRTST 24HR M ON M TO 1/4 MILE OR LESS
LOWEST: 16 ON 14,13 3 = THUNDER
SNOW, ICE PELLETS, HAIL 4 = ICE PELLETS
TOTAL MONTH: M 5 = HAIL
GRTST 24HR M ON M 6 = FREEZING RAIN OR DRIZZLE
GRTST DEPTH: M ON M 7 = DUSTSTORM OR SANDSTORM:
VSBY 1/2 MILE OR LESS
8 = SMOKE OR HAZE
[NO. OF DAYS WITH] [WEATHER - DAYS WITH] 9 = BLOWING SNOW
X = TORNADO
MAX 32 OR BELOW: 0 0.01 INCH OR MORE: M
MAX 90 OR ABOVE: 0 0.10 INCH OR MORE: M
MIN 32 OR BELOW: 13 0.50 INCH OR MORE: M
MIN 0 OR BELOW: 0 1.00 INCH OR MORE: M
[HDD (BASE 65) ]
TOTAL THIS MO. 509 CLEAR (SCALE 0-3) 21
DPTR FM NORMAL 13 PTCLDY (SCALE 4-7) 7
TOTAL FM JUL 1 5804 CLOUDY (SCALE 8-10) 2
DPTR FM NORMAL -464
[CDD (BASE 65) ]
TOTAL THIS MO. 2
DPTR FM NORMAL -5 [PRESSURE DATA]
TOTAL FM JAN 1 2 HIGHEST SLP 30.38 ON 3
DPTR FM NORMAL -5 LOWEST SLP 29.53 ON 11
[REMARKS]
#FINAL-04-20#