000
CXUS56 KOTX 010910
CF6EAT
PRELIMINARY LOCAL CLIMATOLOGICAL DATA (WS FORM: F-6)
STATION: WENATCHEE WA PANGBORN FIELD
MONTH: JULY
YEAR: 2021
LATITUDE: 47 23 N
LONGITUDE: 120 12 W
TEMPERATURE IN F: :PCPN: SNOW: WIND :SUNSHINE: SKY :PK WND
================================================================================
1 2 3 4 5 6A 6B 7 8 9 10 11 12 13 14 15 16 17 18
12Z AVG MX 2MIN
DY MAX MIN AVG DEP HDD CDD WTR SNW DPTH SPD SPD DIR MIN PSBL S-S WX SPD DR
================================================================================
1 97 71 84 13 0 19 0.00 M M 18.6 31 310 M M 0 38 310
2 94 69 82 11 0 17 0.00 M M 16.1 26 310 M M 0 33 290
3 97 69 83 12 0 18 0.00 M M 12.6 23 310 M M 0 28 290
4 97 70 84 12 0 19 0.00 M M 13.3 22 310 M M 0 30 240
5 96 70 83 11 0 18 0.00 M M 11.2 20 300 M M 0 23 310
6 98 70 84 12 0 19 0.00 M M 8.6 16 340 M M 0 20 340
7 92 69 81 8 0 16 0.01 M M 16.4 28 310 M M 1 34 290
8 90 64 77 4 0 12 0.00 M M 10.2 21 310 M M 0 26 300
9 93 66 80 7 0 15 0.00 M M 9.7 21 310 M M 0 25 310
10 98 69 84 10 0 19 0.00 M M 14.0 23 300 M M 0 28 300
11 97 70 84 10 0 19 0.00 M M 12.1 24 280 M M 0 29 290
12 98 70 84 10 0 19 0.00 M M 11.7 22 290 M M 0 27 290
13 101 73 87 13 0 22 0.00 M M 13.0 22 310 M M 0 8 26 340
14 100 73 87 12 0 22 0.00 M M 12.7 21 310 M M 0 27 320
15 93 69 81 6 0 16 0.00 M M 19.1 30 310 M M 1 8 36 310
16 87 65 76 1 0 11 0.00 M M 17.9 29 320 M M 0 35 300
17 87 60 74 -2 0 9 0.00 M M 10.2 22 290 M M 0 27 290
18 93 65 79 3 0 14 0.00 M M 9.2 21 310 M M 0 25 310
19 97 66 82 6 0 17 0.00 M M 10.4 22 310 M M 0 27 310
20 92 68 80 4 0 15 0.00 M M 15.5 23 310 M M 0 27 300
21 83 62 73 -3 0 8 0.00 M M 18.4 28 300 M M 0 8 32 310
22 83 56 70 -6 0 5 0.00 M M 8.0 23 280 M M 0 30 270
23 89 60 75 -1 0 10 0.00 M M 9.4 20 310 M M 0 8 23 310
24 93 61 77 0 0 12 0.00 M M 9.4 20 290 M M 0 25 290
25 98 68 83 6 0 18 0.00 M M 10.5 23 310 M M 0 27 320
26 96 66 81 4 0 16 0.00 M M 9.2 18 290 M M 0 23 300
27 89 71 80 3 0 15 0.00 M M 9.6 18 310 M M 0 23 310
28 93 68 81 4 0 16 0.00 M M 6.6 16 310 M M 0 19 330
29 98 68 83 6 0 18 0.00 M M 7.1 13 140 M M 0 15 140
30 102 70 86 9 0 21 0.00 M M 5.2 13 270 M M 0 16 300
31 95 76 86 9 0 21 T M M 10.3 24 310 M M 0 30 300
================================================================================
SM 2916 2092 0 496 0.01 M 366.2 M 2
================================================================================
AV 94.1 67.5 11.8 FASTST M M 0 MAX(MPH)
MISC ----> 31 310 38 310
================================================================================
NOTES:
# LAST OF SEVERAL OCCURRENCES
COLUMN 17 PEAK WIND IN M.P.H.
PRELIMINARY LOCAL CLIMATOLOGICAL DATA (WS FORM: F-6) , PAGE 2
STATION: WENATCHEE WA PANGBORN FIELD
MONTH: JULY
YEAR: 2021
LATITUDE: 47 23 N
LONGITUDE: 120 12 W
[TEMPERATURE DATA] [PRECIPITATION DATA] SYMBOLS USED IN COLUMN 16
AVERAGE MONTHLY: 80.8 TOTAL FOR MONTH: 0.01 1 = FOG OR MIST
DPTR FM NORMAL: 6.1 DPTR FM NORMAL: -0.23 2 = FOG REDUCING VISIBILITY
HIGHEST: 102 ON 30 GRTST 24HR 0.01 ON 7- 7 TO 1/4 MILE OR LESS
LOWEST: 56 ON 22 3 = THUNDER
SNOW, ICE PELLETS, HAIL 4 = ICE PELLETS
TOTAL MONTH: M 5 = HAIL
GRTST 24HR M ON M 6 = FREEZING RAIN OR DRIZZLE
GRTST DEPTH: M ON M 7 = DUSTSTORM OR SANDSTORM:
VSBY 1/2 MILE OR LESS
8 = SMOKE OR HAZE
[NO. OF DAYS WITH] [WEATHER - DAYS WITH] 9 = BLOWING SNOW
X = TORNADO
MAX 32 OR BELOW: 0 0.01 INCH OR MORE: 1
MAX 90 OR ABOVE: 25 0.10 INCH OR MORE: 0
MIN 32 OR BELOW: 0 0.50 INCH OR MORE: 0
MIN 0 OR BELOW: 0 1.00 INCH OR MORE: 0
[HDD (BASE 65) ]
TOTAL THIS MO. 0 CLEAR (SCALE 0-3) 31
DPTR FM NORMAL -6 PTCLDY (SCALE 4-7) 0
TOTAL FM JUL 1 0 CLOUDY (SCALE 8-10) 0
DPTR FM NORMAL -2
[CDD (BASE 65) ]
TOTAL THIS MO. 496
DPTR FM NORMAL 190 [PRESSURE DATA]
TOTAL FM JAN 1 838 HIGHEST SLP M ON M
DPTR FM NORMAL 389 LOWEST SLP 29.64 ON 1
[REMARKS]
#FINAL-07-21#