000
CXUS56 KOTX 010910
CF6EAT
PRELIMINARY LOCAL CLIMATOLOGICAL DATA (WS FORM: F-6)
STATION: WENATCHEE WA PANGBORN FIELD
MONTH: JUNE
YEAR: 2021
LATITUDE: 47 23 N
LONGITUDE: 120 12 W
TEMPERATURE IN F: :PCPN: SNOW: WIND :SUNSHINE: SKY :PK WND
================================================================================
1 2 3 4 5 6A 6B 7 8 9 10 11 12 13 14 15 16 17 18
12Z AVG MX 2MIN
DY MAX MIN AVG DEP HDD CDD WTR SNW DPTH SPD SPD DIR MIN PSBL S-S WX SPD DR
================================================================================
1 94 63 79 15 0 14 0.00 M M 7.4 15 300 M M 0 19 310
2 98 65 82 18 0 17 0.00 M M 10.3 22 300 M M 0 26 300
3 93 67 80 16 0 15 0.00 M M 15.4 25 300 M M 0 32 300
4 83 62 73 9 0 8 0.00 M M 16.5 24 300 M M 0 30 280
5 70 49 60 -4 5 0 0.00 M M 14.8 32 260 M M 1 40 270
6 60 47 54 -10 11 0 0.00 M M 8.2 20 290 M M 5 23 290
7 65 44 55 -10 10 0 0.00 M M 6.6 21 320 M M 3 26 320
8 71 49 60 -5 5 0 0.00 M M 10.0 25 310 M M 3 29 310
9 73 48 61 -4 4 0 0.00 M M 9.3 24 250 M M 0 32 300
10 71 50 61 -4 4 0 0.00 M M 14.8 25 310 M M 0 31 320
11 70 53 62 -3 3 0 T M M 9.1 18 300 M M 8 21 300
12 77 50 64 -2 1 0 T M M 8.0 18 140 M M 3 24 150
13 81 61 71 5 0 6 0.03 M M 12.7 31 280 M M 5 3 38 310
14 77 58 68 2 0 3 0.05 M M 13.1 29 310 M M 8 34 310
15 73 53 63 -3 2 0 0.00 M M 11.4 26 310 M M 1 31 310
16 76 49 63 -3 2 0 0.00 M M 6.0 13 150 M M 0 16 310
17 86 54 70 3 0 5 0.00 M M 7.8 14 290 M M 0 17 280
18 91 59 75 8 0 10 0.00 M M 10.6 22 300 M M 0 27 320
19 87 63 75 8 0 10 0.00 M M 21.7 37 310 M M 0 42 310
20 87 57 72 5 0 7 0.00 M M 7.9 18 300 M M 0 21 300
21 93 61 77 9 0 12 0.00 M M 5.7 14 290 M M 0 16 290
22 96 70 83 15 0 18 0.00 M M 12.1 21 290 M M 0 25 290
23 94 70 82 14 0 17 0.00 M M 13.5 25 300 M M 0 30 310
24 94 69 82 14 0 17 0.00 M M 11.6 22 290 M M 1 26 290
25 97 69 83 14 0 18 0.00 M M 8.7 16 280 M M 0 21 290
26 102 75 89 20 0 24 0.00 M M 6.8 21 280 M M 0 23 300
27 107 74 91 22 0 26 0.00 M M 7.7 18 150 M M 0 22 160
28 108 74 91 21 0 26 0.00 M M 5.2 14 160 M M 0 18 150
29 114 76 95 25 0 30 0.00 M M 7.1 16 300 M M 0 32 280
30 108 79 94 24 0 29 0.00 M M 11.5 25 320 M M 0 29 320
================================================================================
SM 2596 1818 47 312 0.08 M 311.5 M 38
================================================================================
AV 86.5 60.6 10.4 FASTST M M 1 MAX(MPH)
MISC ----> 37 310 42 310
================================================================================
NOTES:
# LAST OF SEVERAL OCCURRENCES
COLUMN 17 PEAK WIND IN M.P.H.
PRELIMINARY LOCAL CLIMATOLOGICAL DATA (WS FORM: F-6) , PAGE 2
STATION: WENATCHEE WA PANGBORN FIELD
MONTH: JUNE
YEAR: 2021
LATITUDE: 47 23 N
LONGITUDE: 120 12 W
[TEMPERATURE DATA] [PRECIPITATION DATA] SYMBOLS USED IN COLUMN 16
AVERAGE MONTHLY: 73.6 TOTAL FOR MONTH: 0.08 1 = FOG OR MIST
DPTR FM NORMAL: 7.1 DPTR FM NORMAL: -0.42 2 = FOG REDUCING VISIBILITY
HIGHEST: 114 ON 29 GRTST 24HR 0.07 ON 13-14 TO 1/4 MILE OR LESS
LOWEST: 44 ON 7 3 = THUNDER
SNOW, ICE PELLETS, HAIL 4 = ICE PELLETS
TOTAL MONTH: M 5 = HAIL
GRTST 24HR M ON M 6 = FREEZING RAIN OR DRIZZLE
GRTST DEPTH: M ON M 7 = DUSTSTORM OR SANDSTORM:
VSBY 1/2 MILE OR LESS
8 = SMOKE OR HAZE
[NO. OF DAYS WITH] [WEATHER - DAYS WITH] 9 = BLOWING SNOW
X = TORNADO
MAX 32 OR BELOW: 0 0.01 INCH OR MORE: 2
MAX 90 OR ABOVE: 14 0.10 INCH OR MORE: 0
MIN 32 OR BELOW: 0 0.50 INCH OR MORE: 0
MIN 0 OR BELOW: 0 1.00 INCH OR MORE: 0
[HDD (BASE 65) ]
TOTAL THIS MO. 47 CLEAR (SCALE 0-3) 24
DPTR FM NORMAL -11 PTCLDY (SCALE 4-7) 6
TOTAL FM JUL 1 5456 CLOUDY (SCALE 8-10) 0
DPTR FM NORMAL -358
[CDD (BASE 65) ]
TOTAL THIS MO. 312
DPTR FM NORMAL 207 [PRESSURE DATA]
TOTAL FM JAN 1 342 HIGHEST SLP M ON M
DPTR FM NORMAL 199 LOWEST SLP 29.54 ON 30
[REMARKS]
#FINAL-06-21#