000
CXUS53 KEAX 010736
CF6EAX
PRELIMINARY LOCAL CLIMATOLOGICAL DATA (WS FORM: F-6)
STATION: PLEASANT HILL NWS MO
MONTH: AUGUST
YEAR: 2023
LATITUDE: 38 48 N
LONGITUDE: 94 16 W
TEMPERATURE IN F: :PCPN: SNOW: WIND :SUNSHINE: SKY :PK WND
================================================================================
1 2 3 4 5 6A 6B 7 8 9 10 11 12 13 14 15 16 17 18
12Z AVG MX 2MIN
DY MAX MIN AVG DEP HDD CDD WTR SNW DPTH SPD SPD DIR MIN PSBL S-S WX SPD DR
================================================================================
1 90 72 81 2 0 16 T 0.0 0 M M M M M M M M
2 87 75 81 2 0 16 T 0.0 0 M M M M M M M M
3 84 73 79 0 0 14 0.04 0.0 0 M M M M M M M M
4 89 72 81 3 0 16 T 0.0 0 M M M M M M M M
5 89 70 80 2 0 15 0.00 0.0 0 M M M M M M M M
6 84 69 77 -1 0 12 T 0.0 0 M M M M M M 3 M M
7 79 65 72 -6 0 7 T 0.0 0 M M M M M M M M
8 88 64 76 -2 0 11 0.00 0.0 0 M M M M M M M M
9 82 69 76 -2 0 11 0.35 0.0 0 M M M M M M M M
10 88 66 77 -1 0 12 0.00 0.0 0 M M M M M M M M
11 97 70 84 6 0 19 0.00 0.0 0 M M M M M M M M
12 90 70 80 2 0 15 1.36 0.0 0 M M M M M M 13 M M
13 80 69 75 -3 0 10 1.34 0.0 0 M M M M M M 13 M M
14 76 64 70 -8 0 5 0.00 0.0 0 M M M M M M M M
15 76 61 69 -8 0 4 0.00 0.0 0 M M M M M M M M
16 82 57 70 -7 0 5 0.00 0.0 0 M M M M M M M M
17 83 63 73 -4 0 8 0.00 0.0 0 M M M M M M M M
18 83 59 71 -6 0 6 0.00 0.0 0 M M M M M M M M
19 98 66 82 5 0 17 0.00 0.0 0 M M M M M M M M
20 98 73 86 9 0 21 0.00 0.0 0 M M M M M M M M
21 94 78 86 10 0 21 0.00 0.0 0 M M M M M M M M
22 95 76 86 10 0 21 0.00 0.0 0 M M M M M M 12 M M
23 98 77 88 12 0 23 0.00 0.0 0 M M M M M M M M
24 101 76 89 13 0 24 0.00 0.0 0 M M M M M M M M
25 102 77 90 14 0 25 0.05 0.0 0 M M M M M M 3 M M
26 84 72 78 3 0 13 0.08 0.0 0 M M M M M M 3 M M
27 81 64 73 -2 0 8 T 0.0 0 M M M M M M M M
28 82 59 71 -4 0 6 0.00 0.0 0 M M M M M M M M
29 88 63 76 1 0 11 0.00 0.0 0 M M M M M M M M
30 84 64 74 0 0 9 0.00 0.0 0 M M M M M M M M
31 85 58 72 -2 0 7 0.00 0.0 0 M M M M M M M M
================================================================================
SM 2717 2111 0 408 3.22 0.0 M M M
================================================================================
AV 87.6 68.1 M FASTST M M M MAX(MPH)
MISC ----> M M M M
================================================================================
NOTES:
# LAST OF SEVERAL OCCURRENCES
COLUMN 17 PEAK WIND IN M.P.H.
PRELIMINARY LOCAL CLIMATOLOGICAL DATA (WS FORM: F-6) , PAGE 2
STATION: PLEASANT HILL NWS MO
MONTH: AUGUST
YEAR: 2023
LATITUDE: 38 48 N
LONGITUDE: 94 16 W
[TEMPERATURE DATA] [PRECIPITATION DATA] SYMBOLS USED IN COLUMN 16
AVERAGE MONTHLY: 77.9 TOTAL FOR MONTH: 3.22 1 = FOG OR MIST
DPTR FM NORMAL: 1.0 DPTR FM NORMAL: -1.16 2 = FOG REDUCING VISIBILITY
HIGHEST: 102 ON 25 GRTST 24HR 1.36 ON 12-12 TO 1/4 MILE OR LESS
LOWEST: 57 ON 16 3 = THUNDER
SNOW, ICE PELLETS, HAIL 4 = ICE PELLETS
TOTAL MONTH: 0.0 INCH 5 = HAIL
GRTST 24HR 0.0 6 = FREEZING RAIN OR DRIZZLE
GRTST DEPTH: 0 7 = DUSTSTORM OR SANDSTORM:
VSBY 1/2 MILE OR LESS
8 = SMOKE OR HAZE
[NO. OF DAYS WITH] [WEATHER - DAYS WITH] 9 = BLOWING SNOW
X = TORNADO
MAX 32 OR BELOW: 0 0.01 INCH OR MORE: 6
MAX 90 OR ABOVE: 10 0.10 INCH OR MORE: 3
MIN 32 OR BELOW: 0 0.50 INCH OR MORE: 2
MIN 0 OR BELOW: 0 1.00 INCH OR MORE: 2
[HDD (BASE 65) ]
TOTAL THIS MO. 0 CLEAR (SCALE 0-3) 0
DPTR FM NORMAL -1 PTCLDY (SCALE 4-7) 0
TOTAL FM JUL 1 0 CLOUDY (SCALE 8-10) 31
DPTR FM NORMAL 0
[CDD (BASE 65) ]
TOTAL THIS MO. 408
DPTR FM NORMAL 36 [PRESSURE DATA]
TOTAL FM JAN 1 1262 HIGHEST SLP M ON M
DPTR FM NORMAL 74 LOWEST SLP M ON M
[REMARKS]
#FINAL-08-23#