000
CXUS56 KEKA 021726
CF6EKA
PRELIMINARY LOCAL CLIMATOLOGICAL DATA (WS FORM: F-6)
STATION: EUREKA CA
MONTH: JUNE
YEAR: 2023
LATITUDE: 40 47 N
LONGITUDE: 124 10 W
TEMPERATURE IN F: :PCPN: SNOW: WIND :SUNSHINE: SKY :PK WND
================================================================================
1 2 3 4 5 6A 6B 7 8 9 10 11 12 13 14 15 16 17 18
12Z AVG MX 2MIN
DY MAX MIN AVG DEP HDD CDD WTR SNW DPTH SPD SPD DIR MIN PSBL S-S WX SPD DR
================================================================================
1 60 47 54 -1 11 0 0.00 0.0 0 4.6 13 10 M M 3 13 M
2 59 49 54 -1 11 0 0.00 0.0 0 5.6 12 340 M M 5 12 M
3 59 50 55 0 10 0 0.00 0.0 0 5.2 12 350 M M 6 13 M
4 61 50 56 1 9 0 0.00 0.0 0 4.1 9 340 M M 5 1 12 M
5 61 46 54 -1 11 0 0.00 0.0 0 4.7 12 210 M M 6 18 12 M
6 58 50 54 -2 11 0 T 0.0 0 4.5 12 60 M M 10 1 12 M
7 59 52 56 0 9 0 0.00 0.0 0 3.3 8 280 M M 10 10 M
8 57 53 55 -1 10 0 0.02 0.0 0 2.2 7 270 M M 10 1 8 M
9 59 51 55 -1 10 0 0.00 0.0 0 5.4 10 20 M M 10 1 10 M
10 61 51 56 0 9 0 0.01 0.0 0 4.7 9 360 M M 9 1 9 M
11 60 52 56 0 9 0 0.00 0.0 0 5.5 12 320 M M 9 1 12 M
12 60 52 56 0 9 0 0.00 0.0 0 6.9 12 260 M M 10 1 17 M
13 60 52 56 0 9 0 0.00 0.0 0 3.3 8 350 M M 10 1 11 M
14 61 49 55 -1 10 0 0.00 0.0 0 5.9 14 36 M M 6 1 24 M
15 61 45 53 -3 12 0 0.00 0.0 0 6.3 18 360 M M 1 29 M
16 65 45 55 -1 10 0 0.00 0.0 0 3.9 12 30 M M 0 1 17 M
17 60 50 55 -1 10 0 0.00 0.0 0 5.9 14 20 M M 7 18 14 M
18 62 49 56 0 9 0 0.00 0.0 0 5.8 12 330 M M 3 16 M
19 59 49 54 -2 11 0 0.10 0.0 0 4.8 12 290 M M 7 12 M
20 60 46 53 -3 12 0 0.00 0.0 0 3.7 8 340 M M 3 9 M
21 58 46 52 -4 13 0 0.00 0.0 0 2.7 7 340 M M 4 8 M
22 57 51 54 -2 11 0 T 0.0 0 4.3 10 230 M M 10 1 14 M
23 58 53 56 0 9 0 T 0.0 0 2.6 7 290 M M 10 1 10 M
24 58 53 56 0 9 0 0.00 M 0 4.0 7 350 M M 10 8 350
25 58 52 55 -1 10 0 0.01 0.0 0 4.2 8 330 M M 9 9 M
26 59 51 55 -2 10 0 0.03 0.0 0 4.0 8 30 M M 10 1 8 M
27 58 51 55 -2 10 0 0.02 0.0 0 5.3 8 50 M M 9 1 9 M
28 59 52 56 -1 9 0 0.04 0.0 0 3.6 8 320 M M 10 1 9 M
29 60 52 56 -1 9 0 T 0.0 0 3.3 9 290 M M 10 1 9 M
30 61 51 56 -1 9 0 0.00 0.0 0 3.1 9 340 M M 8 1 10 M
================================================================================
SM 1788 1500 301 0 0.23 0.0 133.4 M 220
================================================================================
AV 59.6 50.0 4.4 FASTST M M 7 MAX(MPH)
MISC ----> 18 360 29 9999
================================================================================
NOTES:
# LAST OF SEVERAL OCCURRENCES
COLUMN 17 PEAK WIND IN M.P.H.
PRELIMINARY LOCAL CLIMATOLOGICAL DATA (WS FORM: F-6) , PAGE 2
STATION: EUREKA CA
MONTH: JUNE
YEAR: 2023
LATITUDE: 40 47 N
LONGITUDE: 124 10 W
[TEMPERATURE DATA] [PRECIPITATION DATA] SYMBOLS USED IN COLUMN 16
AVERAGE MONTHLY: 54.8 TOTAL FOR MONTH: 0.23 1 = FOG OR MIST
DPTR FM NORMAL: -1.2 DPTR FM NORMAL: -0.47 2 = FOG REDUCING VISIBILITY
HIGHEST: 65 ON 16 GRTST 24HR 0.10 ON 19-19 TO 1/4 MILE OR LESS
LOWEST: 45 ON 16,15 3 = THUNDER
SNOW, ICE PELLETS, HAIL 4 = ICE PELLETS
TOTAL MONTH: 0.0 INCH 5 = HAIL
GRTST 24HR 0.0 6 = FREEZING RAIN OR DRIZZLE
GRTST DEPTH: 0 7 = DUSTSTORM OR SANDSTORM:
VSBY 1/2 MILE OR LESS
8 = SMOKE OR HAZE
[NO. OF DAYS WITH] [WEATHER - DAYS WITH] 9 = BLOWING SNOW
X = TORNADO
MAX 32 OR BELOW: 0 0.01 INCH OR MORE: 7
MAX 90 OR ABOVE: 0 0.10 INCH OR MORE: 1
MIN 32 OR BELOW: 0 0.50 INCH OR MORE: 0
MIN 0 OR BELOW: 0 1.00 INCH OR MORE: 0
[HDD (BASE 65) ]
TOTAL THIS MO. 301 CLEAR (SCALE 0-3) 5
DPTR FM NORMAL 31 PTCLDY (SCALE 4-7) 9
TOTAL FM JUL 1 4822 CLOUDY (SCALE 8-10) 16
DPTR FM NORMAL 317
[CDD (BASE 65) ]
TOTAL THIS MO. 0
DPTR FM NORMAL 0 [PRESSURE DATA]
TOTAL FM JAN 1 0 HIGHEST SLP 30.21 ON 20
DPTR FM NORMAL 0 LOWEST SLP 29.77 ON 5
[REMARKS]
#FINAL-06-23#