000
CXUS56 KLKN 011210
CF6EKO
PRELIMINARY LOCAL CLIMATOLOGICAL DATA (WS FORM: F-6)
STATION: ELKO AIRPORT NV
MONTH: APRIL
YEAR: 2022
LATITUDE: 40 49 N
LONGITUDE: 115 47 W
TEMPERATURE IN F: :PCPN: SNOW: WIND :SUNSHINE: SKY :PK WND
================================================================================
1 2 3 4 5 6A 6B 7 8 9 10 11 12 13 14 15 16 17 18
12Z AVG MX 2MIN
DY MAX MIN AVG DEP HDD CDD WTR SNW DPTH SPD SPD DIR MIN PSBL S-S WX SPD DR
================================================================================
1 60 19 40 -3 25 0 0.00 0.0 0 2.8 13 220 M M 0 18 220
2 64 24 44 1 21 0 0.00 0.0 0 6.1 22 270 M M 1 30 270
3 64 20 42 -1 23 0 0.00 0.0 0 3.9 18 250 M M 0 24 260
4 62 26 44 1 21 0 T 0.0 0 17.2 36 250 M M 6 8 54 230
5 51 26 39 -5 26 0 T 0.0 0 9.8 25 300 M M 5 36 290
6 59 18 39 -5 26 0 0.00 0.0 0 4.2 9 90 M M 0 16 70
7 71 21 46 2 19 0 0.00 0.0 0 3.5 10 40 M M 0 14 80
8 80 32 56 12 9 0 0.00 0.0 0 7.3 30 250 M M 0 38 270
9 54 33 44 0 21 0 0.00 0.0 0 8.6 24 300 M M 1 33 310
10 51 18 35 -9 30 0 0.00 0.0 0 7.5 21 270 M M 3 31 260
11 51 20 36 -8 29 0 0.14 0.8 0 10.6 41 270 M M 8 128 56 250
12 36 21 29 -15 36 0 0.01 T T 11.0 25 290 M M 7 33 280
13 44 22 33 -12 32 0 0.13 2.3 2 9.5 25 240 M M 9 18 32 250
14 56 31 44 -1 21 0 0.14 0.5 T 9.2 29 270 M M 10 1 40 240
15 57 36 47 2 18 0 0.04 0.0 0 8.1 17 300 M M 6 25 260
16 61 30 46 1 19 0 T 0.0 0 13.6 41 250 M M 6 8 54 250
17 66 32 49 3 16 0 0.00 0.0 0 4.8 18 240 M M 1 27 220
18 74 28 51 5 14 0 0.00 0.0 0 7.3 30 240 M M 2 8 41 240
19 54 30 42 -4 23 0 0.01 0.0 0 8.3 29 260 M M 6 8 37 260
20 68 23 46 0 19 0 0.00 0.0 0 5.1 25 240 M M 0 33 210
21 60 32 46 0 19 0 0.14 0.1 0 8.6 26 250 M M 4 1 35 240
22 53 31 42 -5 23 0 0.12 0.1 0 10.0 30 290 M M 7 13 38 290
23 54 30 42 -5 23 0 0.00 0.0 0 9.6 22 310 M M 2 29 320
24 59 21 40 -7 25 0 0.00 0.0 0 3.2 13 240 M M 0 19 230
25 68 24 46 -2 19 0 0.00 0.0 0 4.1 18 190 M M 0 26 180
26 68 35 52 4 13 0 0.00 0.0 0 7.1 24 230 M M 3 8 34 260
27 69 33 51 3 14 0 0.00 0.0 0 7.0 25 240 M M 2 35 290
28 66 33 50 1 15 0 0.00 0.0 0 12.1 38 290 M M 2 58 220
29 59 30 45 -4 20 0 0.00 0.0 0 4.8 15 270 M M 4 21 290
30 65 27 46 -3 19 0 0.01 0.0 0 8.0 28 270 M M 3 34 260
================================================================================
SM 1804 806 638 0 0.74 3.8 232.9 M 98
================================================================================
AV 60.1 26.9 7.8 FASTST M M 3 MAX(MPH)
MISC ----> # 41 270 58 220
================================================================================
NOTES:
# LAST OF SEVERAL OCCURRENCES
COLUMN 17 PEAK WIND IN M.P.H.
PRELIMINARY LOCAL CLIMATOLOGICAL DATA (WS FORM: F-6) , PAGE 2
STATION: ELKO AIRPORT NV
MONTH: APRIL
YEAR: 2022
LATITUDE: 40 49 N
LONGITUDE: 115 47 W
[TEMPERATURE DATA] [PRECIPITATION DATA] SYMBOLS USED IN COLUMN 16
AVERAGE MONTHLY: 43.5 TOTAL FOR MONTH: 0.74 1 = FOG OR MIST
DPTR FM NORMAL: -2.1 DPTR FM NORMAL: -0.31 2 = FOG REDUCING VISIBILITY
HIGHEST: 80 ON 8 GRTST 24HR 0.20 ON 21-22 TO 1/4 MILE OR LESS
LOWEST: 18 ON 10, 6 3 = THUNDER
SNOW, ICE PELLETS, HAIL 4 = ICE PELLETS
TOTAL MONTH: 3.8 INCHES 5 = HAIL
GRTST 24HR 2.3 ON 13-13 6 = FREEZING RAIN OR DRIZZLE
GRTST DEPTH: 2 ON 13 7 = DUSTSTORM OR SANDSTORM:
VSBY 1/2 MILE OR LESS
8 = SMOKE OR HAZE
[NO. OF DAYS WITH] [WEATHER - DAYS WITH] 9 = BLOWING SNOW
X = TORNADO
MAX 32 OR BELOW: 0 0.01 INCH OR MORE: 9
MAX 90 OR ABOVE: 0 0.10 INCH OR MORE: 5
MIN 32 OR BELOW: 25 0.50 INCH OR MORE: 0
MIN 0 OR BELOW: 0 1.00 INCH OR MORE: 0
[HDD (BASE 65) ]
TOTAL THIS MO. 638 CLEAR (SCALE 0-3) 17
DPTR FM NORMAL 54 PTCLDY (SCALE 4-7) 11
TOTAL FM JUL 1 5991 CLOUDY (SCALE 8-10) 2
DPTR FM NORMAL -297
[CDD (BASE 65) ]
TOTAL THIS MO. 0
DPTR FM NORMAL 0 [PRESSURE DATA]
TOTAL FM JAN 1 0 HIGHEST SLP 30.54 ON 7
DPTR FM NORMAL 0 LOWEST SLP 29.30 ON 11
[REMARKS]
#FINAL-04-22#