000
CXUS56 KLKN 011310
CF6EKO
PRELIMINARY LOCAL CLIMATOLOGICAL DATA (WS FORM: F-6)
STATION: ELKO AIRPORT NV
MONTH: JANUARY
YEAR: 2024
LATITUDE: 40 49 N
LONGITUDE: 115 47 W
TEMPERATURE IN F: :PCPN: SNOW: WIND :SUNSHINE: SKY :PK WND
================================================================================
1 2 3 4 5 6A 6B 7 8 9 10 11 12 13 14 15 16 17 18
12Z AVG MX 2MIN
DY MAX MIN AVG DEP HDD CDD WTR SNW DPTH SPD SPD DIR MIN PSBL S-S WX SPD DR
================================================================================
1 47 19 33 7 32 0 0.00 0.0 0 2.5 8 60 M M 0 9 90
2 44 17 31 5 34 0 0.00 0.0 0 3.8 10 70 M M 2 13 70
3 35 28 32 6 33 0 0.05 0.3 0 4.9 12 230 M M 9 18 15 240
4 39 28 34 8 31 0 T T T 7.6 16 340 M M 8 21 340
5 37 20 29 3 36 0 0.03 0.3 T 8.0 18 290 M M 5 1 23 300
6 36 21 29 3 36 0 0.24 2.0 T 7.6 29 250 M M 6 12 42 250
7 28 5 17 -9 48 0 0.02 0.4 2 7.9 18 260 M M 7 1 26 310
8 27 0 14 -12 51 0 0.00 0.0 2 4.5 15 250 M M 5 1 17 250
9 43 20 32 6 33 0 T T 2 9.8 38 260 M M 8 49 250
10 33 13 23 -3 42 0 0.32 3.5 1 8.7 24 290 M M 7 12 38 290
11 27 13 20 -6 45 0 T T 5 10.8 22 240 M M 8 29 250
12 35 21 28 2 37 0 T T 4 17.5 30 250 M M 9 39 250
13 37 30 34 7 31 0 0.72 3.1 3 8.7 21 260 M M 10 1 29 250
14 39 27 33 6 32 0 0.08 T 5 8.5 21 260 M M 8 30 260
15 38 15 27 0 38 0 0.00 0.0 3 3.5 13 300 M M 0 15 280
16 36 14 25 -2 40 0 0.18 1.2 3 2.7 8 210 M M 3 1 10 210
17 40 30 35 8 30 0 0.25 0.2 4 5.4 23 250 M M 9 1 31 260
18 46 24 35 8 30 0 0.00 0.0 3 3.5 10 270 M M 1 12 270
19 43 28 36 9 29 0 0.00 0.0 3 3.7 10 60 M M 4 13 40
20 49 30 40 13 25 0 T T 3 6.1 16 170 M M 5 21 160
21 47 30 39 12 26 0 0.01 0.0 2 3.7 10 60 M M 6 13 90
22 40 31 36 8 29 0 0.30 0.4 2 4.5 10 70 M M 9 16 16 80
23 42 31 37 9 28 0 0.16 0.3 2 3.5 12 230 M M 10 1 14 230
24 38 26 32 4 33 0 0.04 T 1 2.3 8 210 M M 6 1 11 190
25 40 23 32 4 33 0 0.09 0.7 1 4.8 18 310 M M 6 12 25 310
26 42 22 32 4 33 0 0.00 0.0 1 1.7 8 70 M M 4 8 70
27 52 32 42 14 23 0 T 0.0 1 3.0 8 330 M M 5 9 110
28 52 29 41 13 24 0 0.00 0.0 T 3.5 10 80 M M 3 14 80
29 54 28 41 13 24 0 0.00 0.0 T 3.4 8 30 M M 0 12 20
30 56 27 42 14 23 0 0.00 0.0 T 4.4 9 80 M M 0 12 40
31 60 29 45 17 20 0 0.00 0.0 T 10.8 28 170 M M 1 42 160
================================================================================
SM 1282 711 1009 0 2.49 12.4 181.3 M 164
================================================================================
AV 41.4 22.9 5.8 FASTST M M 5 MAX(MPH)
MISC ----> 38 260 49 250
================================================================================
NOTES:
# LAST OF SEVERAL OCCURRENCES
COLUMN 17 PEAK WIND IN M.P.H.
PRELIMINARY LOCAL CLIMATOLOGICAL DATA (WS FORM: F-6) , PAGE 2
STATION: ELKO AIRPORT NV
MONTH: JANUARY
YEAR: 2024
LATITUDE: 40 49 N
LONGITUDE: 115 47 W
[TEMPERATURE DATA] [PRECIPITATION DATA] SYMBOLS USED IN COLUMN 16
AVERAGE MONTHLY: 32.1 TOTAL FOR MONTH: 2.49 1 = FOG OR MIST
DPTR FM NORMAL: 5.1 DPTR FM NORMAL: 1.30 2 = FOG REDUCING VISIBILITY
HIGHEST: 60 ON 31 GRTST 24HR 0.72 ON 13-13 TO 1/4 MILE OR LESS
LOWEST: 0 ON 8 3 = THUNDER
SNOW, ICE PELLETS, HAIL 4 = ICE PELLETS
TOTAL MONTH: 12.4 INCHES 5 = HAIL
GRTST 24HR 3.5 ON 10-10 6 = FREEZING RAIN OR DRIZZLE
GRTST DEPTH: 5 ON 14,11 7 = DUSTSTORM OR SANDSTORM:
VSBY 1/2 MILE OR LESS
8 = SMOKE OR HAZE
[NO. OF DAYS WITH] [WEATHER - DAYS WITH] 9 = BLOWING SNOW
X = TORNADO
MAX 32 OR BELOW: 3 0.01 INCH OR MORE: 14
MAX 90 OR ABOVE: 0 0.10 INCH OR MORE: 7
MIN 32 OR BELOW: 31 0.50 INCH OR MORE: 1
MIN 0 OR BELOW: 1 1.00 INCH OR MORE: 0
[HDD (BASE 65) ]
TOTAL THIS MO. 1009 CLEAR (SCALE 0-3) 8
DPTR FM NORMAL -171 PTCLDY (SCALE 4-7) 16
TOTAL FM JUL 1 3422 CLOUDY (SCALE 8-10) 7
DPTR FM NORMAL -571
[CDD (BASE 65) ]
TOTAL THIS MO. 0
DPTR FM NORMAL 0 [PRESSURE DATA]
TOTAL FM JAN 1 0 HIGHEST SLP 30.51 ON 28
DPTR FM NORMAL 0 LOWEST SLP 29.62 ON 10
[REMARKS]
#FINAL-01-24#