000
CXUS54 KSHV 011300
CF6ELD
PRELIMINARY LOCAL CLIMATOLOGICAL DATA (WS FORM: F-6)
STATION: EL DORADO
MONTH: MARCH
YEAR: 2021
LATITUDE: 33 13 N
LONGITUDE: 92 49 W
TEMPERATURE IN F: :PCPN: SNOW: WIND :SUNSHINE: SKY :PK WND
================================================================================
1 2 3 4 5 6A 6B 7 8 9 10 11 12 13 14 15 16 17 18
12Z AVG MX 2MIN
DY MAX MIN AVG DEP HDD CDD WTR SNW DPTH SPD SPD DIR MIN PSBL S-S WX SPD DR
================================================================================
1 60 41 51 -1 14 0 2.08 0.0 0 7.9 17 40 M M 8 13 25 10
2 54 33 44 -8 21 0 T 0.0 0 5.5 18 80 M M 4 28 70
3 66 30 48 -4 17 0 0.00 0.0 0 0.5 7 180 M M 0 10 140
4 72 32 52 0 13 0 0.00 0.0 0 2.2 10 110 M M 0 14 100
5 63 43 53 0 12 0 0.03 0.0 0 6.7 18 40 M M 6 24 40
6 64 36 50 -3 15 0 0.00 0.0 0 6.0 18 50 M M 1 25 50
7 67 30 49 -4 16 0 0.00 0.0 0 2.8 14 120 M M 0 20 120
8 72 32 52 -2 13 0 0.00 0.0 0 3.6 16 140 M M 0 20 140
9 76 44 60 6 5 0 0.00 0.0 0 7.4 17 160 M M 2 23 180
10 78 60 69 15 0 4 0.00 0.0 0 10.1 22 170 M M 7 30 190
11 77 65 71 17 0 6 T 0.0 0 7.5 16 190 M M 9 22 180
12 82 58 70 15 0 5 0.00 0.0 0 4.8 14 190 M M 6 18 140
13 82 54 68 13 0 3 0.00 0.0 0 5.2 16 150 M M 4 12 20 140
14 76 55 66 11 0 1 0.40 0.0 0 6.8 20 160 M M 8 1 29 160
15 81 48 65 9 0 0 0.30 0.0 0 3.8 17 180 M M 4 12 24 180
16 80 52 66 10 0 1 T 0.0 0 4.8 13 140 M M 2 3 20 150
17 73 54 64 8 1 0 0.09 0.0 0 8.5 21 260 M M 6 13 34 270
18 57 45 51 -5 14 0 0.00 0.0 0 12.7 24 270 M M 10 34 290
19 58 38 48 -9 17 0 0.00 0.0 0 5.9 15 30 M M 7 21 340
20 63 35 49 -8 16 0 0.00 0.0 0 3.7 12 100 M M 5 19 100
21 71 37 54 -3 11 0 0.00 0.0 0 4.7 14 140 M M 0 18 100
22 71 43 57 0 8 0 0.03 0.0 0 7.6 21 150 M M 2 31 160
23 79 48 64 6 1 0 0.18 0.0 0 7.1 18 130 M M 4 1 24 120
24 80 46 63 5 2 0 0.04 0.0 0 5.1 16 100 M M 7 123 21 110
25 76 48 62 4 3 0 0.06 0.0 0 5.8 20 260 M M 8 13 29 260
26 79 43 61 3 4 0 0.00 0.0 0 4.3 15 130 M M 3 24 130
27 81 64 73 14 0 8 0.29 0.0 0 6.1 18 180 M M 10 138 26 200
28 71 42 57 -2 8 0 T 0.0 0 7.6 20 350 M M 3 1 27 350
29 73 38 56 -3 9 0 0.00 0.0 0 4.7 12 120 M M 0 M M
30 71 49 60 1 5 0 0.17 0.0 0 5.6 12 180 M M 8 12 16 150
31 69 37 53 -7 12 0 0.94 0.0 0 8.3 21 20 M M 6 13 34 20
================================================================================
SM 2222 1380 237 28 4.61 0.0 183.3 M 140
================================================================================
AV 71.7 44.5 5.9 FASTST M M 5 MAX(MPH)
MISC ----> 24 270 # 34 270
================================================================================
NOTES:
# LAST OF SEVERAL OCCURRENCES
COLUMN 17 PEAK WIND IN M.P.H.
PRELIMINARY LOCAL CLIMATOLOGICAL DATA (WS FORM: F-6) , PAGE 2
STATION: EL DORADO
MONTH: MARCH
YEAR: 2021
LATITUDE: 33 13 N
LONGITUDE: 92 49 W
[TEMPERATURE DATA] [PRECIPITATION DATA] SYMBOLS USED IN COLUMN 16
AVERAGE MONTHLY: 58.1 TOTAL FOR MONTH: 4.61 1 = FOG OR MIST
DPTR FM NORMAL: 2.3 DPTR FM NORMAL: -0.14 2 = FOG REDUCING VISIBILITY
HIGHEST: 82 ON 13,12 GRTST 24HR 3.50 ON 28- 1 TO 1/4 MILE OR LESS
LOWEST: 30 ON 7, 3 3 = THUNDER
SNOW, ICE PELLETS, HAIL 4 = ICE PELLETS
TOTAL MONTH: 0.0 INCH 5 = HAIL
GRTST 24HR 0.0 6 = FREEZING RAIN OR DRIZZLE
GRTST DEPTH: 0 7 = DUSTSTORM OR SANDSTORM:
VSBY 1/2 MILE OR LESS
8 = SMOKE OR HAZE
[NO. OF DAYS WITH] [WEATHER - DAYS WITH] 9 = BLOWING SNOW
X = TORNADO
MAX 32 OR BELOW: 0 0.01 INCH OR MORE: 12
MAX 90 OR ABOVE: 0 0.10 INCH OR MORE: 7
MIN 32 OR BELOW: 4 0.50 INCH OR MORE: 2
MIN 0 OR BELOW: 0 1.00 INCH OR MORE: 1
[HDD (BASE 65) ]
TOTAL THIS MO. 237 CLEAR (SCALE 0-3) 12
DPTR FM NORMAL -71 PTCLDY (SCALE 4-7) 15
TOTAL FM JUL 1 2520 CLOUDY (SCALE 8-10) 4
DPTR FM NORMAL -17
[CDD (BASE 65) ]
TOTAL THIS MO. 28
DPTR FM NORMAL 6 [PRESSURE DATA]
TOTAL FM JAN 1 31 HIGHEST SLP 30.52 ON 8
DPTR FM NORMAL 3 LOWEST SLP 29.56 ON 17
[REMARKS]
#FINAL-03-21#