000
CXUS56 KLKN 071451
CF6ELY
PRELIMINARY LOCAL CLIMATOLOGICAL DATA (WS FORM: F-6)
STATION: ELY AIRPORT NV
MONTH: NOVEMBER
YEAR: 2021
LATITUDE: 39 16 N
LONGITUDE: 114 51 W
TEMPERATURE IN F: :PCPN: SNOW: WIND :SUNSHINE: SKY :PK WND
================================================================================
1 2 3 4 5 6A 6B 7 8 9 10 11 12 13 14 15 16 17 18
12Z AVG MX 2MIN
DY MAX MIN AVG DEP HDD CDD WTR SNW DPTH SPD SPD DIR MIN PSBL S-S WX SPD DR
================================================================================
1 59 41 50 9 15 0 T 0.0 0 8.2 16 200 M M 5 21 190
2 61 32 47 7 18 0 0.00 0.0 0 5.6 12 180 M M 2 18 330
3 63 26 45 5 20 0 0.00 0.0 0 7.1 15 170 M M 0 19 180
4 68 29 49 9 16 0 0.00 0.0 0 10.0 22 220 M M 0 29 180
5 67 26 47 8 18 0 0.00 0.0 0 10.4 21 200 M M 0 28 230
6 63 42 53 14 12 0 0.00 0.0 0 14.8 24 160 M M 0 37 150
7 59 30 45 7 20 0 0.00 0.0 0 9.6 20 20 M M 1 26 350
8 57 22 40 2 25 0 0.00 0.0 0 7.7 18 230 M M 1 24 240
9 55 32 44 6 21 0 0.02 0.0 0 10.1 24 210 M M 7 1 35 220
10 51 24 38 1 27 0 0.00 0.0 0 5.3 13 180 M M 3 20 320
11 54 23 39 2 26 0 0.00 0.0 0 8.5 18 320 M M 3 24 300
12 63 24 44 8 21 0 0.00 0.0 0 9.0 16 180 M M 0 21 180
13 65 25 45 9 20 0 0.00 0.0 0 10.5 17 180 M M 0 22 170
14 68 25 47 11 18 0 0.00 0.0 0 10.4 20 180 M M 0 24 170
15 67 30 49 14 16 0 0.00 0.0 0 10.6 18 190 M M 0 26 210
16 58 30 44 9 21 0 0.00 0.0 0 7.6 20 310 M M 1 28 340
17 43 14 29 -5 36 0 0.00 0.0 0 7.3 17 10 M M 0 22 20
18 56 14 35 1 30 0 0.00 0.0 0 10.1 21 220 M M 0 27 220
19 57 29 43 9 22 0 T 0.0 0 5.6 13 320 M M 6 19 330
20 49 20 35 2 30 0 0.01 0.0 0 8.0 18 30 M M 3 1 24 20
21 47 12 30 -3 35 0 0.00 0.0 0 8.0 15 180 M M 0 20 180
22 62 10 36 4 29 0 0.00 0.0 0 9.5 18 180 M M 0 23 180
23 54 20 37 5 28 0 0.00 0.0 0 8.2 20 300 M M 0 28 290
24 38 8 23 -9 42 0 0.00 0.0 0 8.7 20 360 M M 0 28 10
25 48 5 27 -4 38 0 0.00 0.0 0 8.0 16 180 M M 0 22 180
26 62 15 39 8 26 0 0.00 0.0 0 9.1 18 180 M M 0 24 180
27 58 18 38 8 27 0 0.00 0.0 0 7.9 16 190 M M 0 19 180
28 65 19 42 12 23 0 0.00 0.0 0 9.4 17 180 M M 0 21 180
29 65 22 44 14 21 0 0.00 0.0 M 10.3 20 180 M M 0 23 180
30 58 17 38 9 27 0 0.00 0.0 0 8.6 15 180 M M 0 19 180
================================================================================
SM 1740 684 728 0 0.03 0.0 264.1 M 32
================================================================================
AV 58.0 22.8 8.8 FASTST M M 1 MAX(MPH)
MISC ----> # 24 160 37 150
================================================================================
NOTES:
# LAST OF SEVERAL OCCURRENCES
COLUMN 17 PEAK WIND IN M.P.H.
PRELIMINARY LOCAL CLIMATOLOGICAL DATA (WS FORM: F-6) , PAGE 2
STATION: ELY AIRPORT NV
MONTH: NOVEMBER
YEAR: 2021
LATITUDE: 39 16 N
LONGITUDE: 114 51 W
[TEMPERATURE DATA] [PRECIPITATION DATA] SYMBOLS USED IN COLUMN 16
AVERAGE MONTHLY: 40.4 TOTAL FOR MONTH: 0.03 1 = FOG OR MIST
DPTR FM NORMAL: 5.3 DPTR FM NORMAL: -0.60 2 = FOG REDUCING VISIBILITY
HIGHEST: 68 ON 14, 4 GRTST 24HR 0.02 ON 9- 9 TO 1/4 MILE OR LESS
LOWEST: 5 ON 25 3 = THUNDER
SNOW, ICE PELLETS, HAIL 4 = ICE PELLETS
TOTAL MONTH: 0.0 INCH 5 = HAIL
GRTST 24HR 0.0 6 = FREEZING RAIN OR DRIZZLE
GRTST DEPTH: 0 7 = DUSTSTORM OR SANDSTORM:
VSBY 1/2 MILE OR LESS
8 = SMOKE OR HAZE
[NO. OF DAYS WITH] [WEATHER - DAYS WITH] 9 = BLOWING SNOW
X = TORNADO
MAX 32 OR BELOW: 0 0.01 INCH OR MORE: 2
MAX 90 OR ABOVE: 0 0.10 INCH OR MORE: 0
MIN 32 OR BELOW: 28 0.50 INCH OR MORE: 0
MIN 0 OR BELOW: 0 1.00 INCH OR MORE: 0
[HDD (BASE 65) ]
TOTAL THIS MO. 728 CLEAR (SCALE 0-3) 26
DPTR FM NORMAL -170 PTCLDY (SCALE 4-7) 4
TOTAL FM JUL 1 1552 CLOUDY (SCALE 8-10) 0
DPTR FM NORMAL -174
[CDD (BASE 65) ]
TOTAL THIS MO. 0
DPTR FM NORMAL 0 [PRESSURE DATA]
TOTAL FM JAN 1 464 HIGHEST SLP 30.79 ON 25
DPTR FM NORMAL 164 LOWEST SLP 29.80 ON 6
[REMARKS]
#FINAL-11-21#