000
CXUS56 KOTX 010910
CF6EPH
PRELIMINARY LOCAL CLIMATOLOGICAL DATA (WS FORM: F-6)
STATION: EPHRATA WA AIRPORT
MONTH: MAY
YEAR: 2021
LATITUDE: 47 18 N
LONGITUDE: 119 31 W
TEMPERATURE IN F: :PCPN: SNOW: WIND :SUNSHINE: SKY :PK WND
================================================================================
1 2 3 4 5 6A 6B 7 8 9 10 11 12 13 14 15 16 17 18
12Z AVG MX 2MIN
DY MAX MIN AVG DEP HDD CDD WTR SNW DPTH SPD SPD DIR MIN PSBL S-S WX SPD DR
================================================================================
1 75 50 63 7 2 0 0.00 M M 15.4 31 310 M M 0 40 310
2 71 42 57 1 8 0 0.00 M M 10.3 21 350 M M 0 26 350
3 69 40 55 -2 10 0 0.00 M M 8.9 22 310 M M 2 26 290
4 75 50 63 6 2 0 0.00 M M 10.6 21 310 M M 0 8 26 270
5 75 42 59 2 6 0 0.00 M M 7.6 16 320 M M 0 20 320
6 83 49 66 8 0 1 T M M 11.6 25 300 M M 1 33 310
7 63 46 55 -3 10 0 0.01 M M 14.7 26 210 M M 1 34 280
8 67 45 56 -2 9 0 0.00 M M 11.7 25 310 M M 2 31 310
9 69 46 58 -1 7 0 0.00 M M 9.7 22 310 M M 3 26 320
10 74 43 59 0 6 0 0.00 M M 10.1 21 310 M M 2 24 300
11 76 50 63 4 2 0 0.00 M M 7.3 18 330 M M 1 21 330
12 79 44 62 2 3 0 T M M 9.4 21 320 M M 3 26 310
13 79 51 65 5 0 0 0.00 M M 8.0 17 340 M M 0 21 330
14 82 55 69 9 0 4 0.00 M M 7.7 17 300 M M 1 22 300
15 87 61 74 14 0 9 0.00 M M 10.3 21 310 M M 0 27 300
16 88 53 71 10 0 6 0.00 M M 8.2 20 220 M M 0 24 220
17 83 54 69 8 0 4 T M M 9.9 24 310 M M 0 31 290
18 67 47 57 -4 8 0 0.00 M M 16.8 32 240 M M M 39 250
19 62 44 53 -9 12 0 T M M 9.6 21 32 M M M 27 320
20 61 41 51 -11 14 0 0.20 M M 9.6 24 360 M M 7 29 360
21 71 43 57 -5 8 0 0.00 M M 10.0 23 40 M M 4 29 30
22 70 43 57 -5 8 0 0.00 M M 6.1 15 300 M M 3 20 50
23 80 40 60 -2 5 0 0.00 M M 13.1 33 310 M M 0 45 320
24 76 50 63 0 2 0 0.00 M M 14.2 28 280 M M 2 35 300
25 76 44 60 -3 5 0 0.00 M M 8.2 22 300 M M 1 28 300
26 76 45 61 -2 4 0 0.00 M M 8.5 21 300 M M 0 26 300
27 75 48 62 -1 3 0 0.01 M M 15.3 37 230 M M 2 50 210
28 72 45 59 -5 6 0 0.00 M M 11.8 20 310 M M 2 27 250
29 78 48 63 -1 2 0 0.00 M M 7.6 16 320 M M 0 20 320
30 83 51 67 3 0 2 0.00 M M 6.0 15 330 M M 0 20 200
31 89 56 73 9 0 8 0.00 M M 7.8 18 300 M M 0 22 310
================================================================================
SM 2331 1466 142 34 0.22 M 316.0 M 37
================================================================================
AV 75.2 47.3 10.2 FASTST M M 1 MAX(MPH)
MISC ----> 37 230 50 210
================================================================================
NOTES:
# LAST OF SEVERAL OCCURRENCES
COLUMN 17 PEAK WIND IN M.P.H.
PRELIMINARY LOCAL CLIMATOLOGICAL DATA (WS FORM: F-6) , PAGE 2
STATION: EPHRATA WA AIRPORT
MONTH: MAY
YEAR: 2021
LATITUDE: 47 18 N
LONGITUDE: 119 31 W
[TEMPERATURE DATA] [PRECIPITATION DATA] SYMBOLS USED IN COLUMN 16
AVERAGE MONTHLY: 61.2 TOTAL FOR MONTH: 0.22 1 = FOG OR MIST
DPTR FM NORMAL: 0.8 DPTR FM NORMAL: -0.53 2 = FOG REDUCING VISIBILITY
HIGHEST: 89 ON 31 GRTST 24HR 0.20 ON 20-21 TO 1/4 MILE OR LESS
LOWEST: 40 ON 23, 3 3 = THUNDER
SNOW, ICE PELLETS, HAIL 4 = ICE PELLETS
TOTAL MONTH: M 5 = HAIL
GRTST 24HR M ON M 6 = FREEZING RAIN OR DRIZZLE
GRTST DEPTH: M ON M 7 = DUSTSTORM OR SANDSTORM:
VSBY 1/2 MILE OR LESS
8 = SMOKE OR HAZE
[NO. OF DAYS WITH] [WEATHER - DAYS WITH] 9 = BLOWING SNOW
X = TORNADO
MAX 32 OR BELOW: 0 0.01 INCH OR MORE: 3
MAX 90 OR ABOVE: 0 0.10 INCH OR MORE: 1
MIN 32 OR BELOW: 0 0.50 INCH OR MORE: 0
MIN 0 OR BELOW: 0 1.00 INCH OR MORE: 0
[HDD (BASE 65) ]
TOTAL THIS MO. 142 CLEAR (SCALE 0-3) 25
DPTR FM NORMAL -39 PTCLDY (SCALE 4-7) 4
TOTAL FM JUL 1 5252 CLOUDY (SCALE 8-10) 2
DPTR FM NORMAL -450
[CDD (BASE 65) ]
TOTAL THIS MO. 34
DPTR FM NORMAL -6 [PRESSURE DATA]
TOTAL FM JAN 1 35 HIGHEST SLP M ON M
DPTR FM NORMAL -7 LOWEST SLP 29.70 ON 6
[REMARKS]
#FINAL-05-21#