000
CXUS51 KCLE 021842
CLSERI
CLIMATE REPORT
NATIONAL WEATHER SERVICE CLEVELAND, OH
242 PM EDT THU SEP 02 2021
...................................
...THE ERIE PA CLIMATE SUMMARY FOR THE SEASON, FROM
6/1/2021 TO 8/31/2021...
CLIMATE NORMAL PERIOD 1991 TO 2020
CLIMATE RECORD PERIOD 1873 TO 2021
WEATHER OBSERVED NORMAL DEPART
VALUE DATE(S) VALUE FROM
NORMAL
................................................
TEMPERATURE (F)
RECORD
HIGH 100 06/25/1988
LOW 32 06/11/1972
HIGHEST 92 06/27
08/09
LOWEST 47 06/17
AVG. MAXIMUM 80.8 79.4 1.4
AVG. MINIMUM 66.1 62.3 3.8
MEAN 73.4 70.8 2.6
DAYS MAX >= 90 4 4.0
DAYS MAX <= 32 0 0.0
DAYS MIN <= 32 0 0.0
DAYS MIN <= 0 0 0.0
PRECIPITATION (INCHES)
RECORD
MAXIMUM 22.12 1977
MINIMUM 3.53 1923
TOTALS 12.71 10.38 2.33
DAYS >= .01 35 32.2
DAYS >= .10 26 20.2
DAYS >= .50 7 6.5
DAYS >= 1.00 3 2.3
SNOWFALL (INCHES)
RECORDS
TOTAL T 1999
TOTALS 0.0 0.0
DAYS >= TRACE 0
DAYS >= 1.0 0 0.0
DEGREE DAYS
HEATING TOTAL 16 58 -42
COOLING TOTAL 816 596 220
................................................
WIND (MPH)
HIGHEST GUST SPEED/DIRECTION 39/270 DATE 08/11
SKY COVER
POSSIBLE SUNSHINE (PERCENT) MM
NUMBER OF DAYS FAIR 59
NUMBER OF DAYS PC 27
NUMBER OF DAYS CLOUDY 6
WEATHER CONDITIONS. NUMBER OF DAYS WITH
THUNDERSTORM 27 MIXED PRECIP 0
HEAVY RAIN 19 RAIN 18
LIGHT RAIN 43 FREEZING RAIN 0
LT FREEZING RAIN 0 HAIL 0
HEAVY SNOW 0 SNOW 0
LIGHT SNOW 0 SLEET 0
FOG 36 FOG W/VIS <= 1/4 MILE 1
HAZE 35
- INDICATES NEGATIVE NUMBERS.
R INDICATES RECORD WAS SET OR TIED.
MM INDICATES DATA IS MISSING.
T INDICATES TRACE AMOUNT.
$$