000
CXUS54 KEWX 011011
CF6ERV
PRELIMINARY LOCAL CLIMATOLOGICAL DATA (WS FORM: F-6)
STATION: KERRVILLE
MONTH: MAY
YEAR: 2020
LATITUDE: 29 58 N
LONGITUDE: 99 5 W
TEMPERATURE IN F: :PCPN: SNOW: WIND :SUNSHINE: SKY :PK WND
================================================================================
1 2 3 4 5 6A 6B 7 8 9 10 11 12 13 14 15 16 17 18
12Z AVG MX 2MIN
DY MAX MIN AVG DEP HDD CDD WTR SNW DPTH SPD SPD DIR MIN PSBL S-S WX SPD DR
================================================================================
1 89 56 73 M 0 8 0.00 M M 11.2 20 170 M M 0 27 170
2 92 62 77 M 0 12 0.00 M M 11.0 16 150 M M 4 23 150
3 92 66 79 M 0 14 0.00 M M 8.9 13 160 M M 5 17 180
4 94 69 82 M 0 17 0.00 M M 10.3 15 170 M M 4 25 170
5 79 67 73 M 0 8 0.00 M M 8.3 20 30 M M 9 27 30
6 84 61 73 M 0 8 0.00 M M 6.6 12 130 M M 4 18 90
7 85 61 73 M 0 8 0.00 M M 10.1 21 160 M M 7 1 25 170
8 81 61 71 M 0 6 0.00 M M 13.6 23 10 M M 3 30 10
9 79 51 65 M 0 0 0.00 M M 5.6 13 140 M M 2 M M
10 82 49 66 M 0 1 0.00 M M 4.1 10 110 M M 0 M M
11 82 51 67 M 0 2 0.00 M M 8.2 16 160 M M 6 22 140
12 85 64 75 M 0 10 0.00 M M 10.4 17 160 M M 8 27 150
13 89 64 77 M 0 12 0.00 M M 10.4 16 140 M M 8 25 140
14 89 59 74 M 0 9 0.70 M M 7.7 18 170 M M 2 3 32 240
15 89 61 75 M 0 10 0.90 M M 10.4 17 290 M M 8 13 29 280
16 82 59 71 M 0 6 0.22 M M 6.8 30 30 M M 3 3 36 30
17 89 59 74 M 0 9 0.00 M M 2.6 7 40 M M 0 M M
18 92 59 76 M 0 11 0.00 M M 5.4 14 170 M M 0 18 170
19 97 66 82 M 0 17 0.00 M M 6.6 14 180 M M 0 20 200
20 97 67 82 M 0 17 0.00 M M 7.6 16 190 M M 3 13 25 190
21 92 64 78 M 0 13 0.06 M M 7.3 15 180 M M 5 23 190
22 92 72 82 M 0 17 0.00 M M 10.2 15 180 M M 5 1 22 160
23 92 64 78 M 0 13 0.32 M M 12.2 17 170 M M 7 3 28 160
24 89 61 75 M 0 10 0.69 M M 8.2 20 210 M M 6 3 40 210
25 79 61 70 M 0 5 0.04 M M 3.9 12 110 M M 7 3 18 110
26 83 59 71 M 0 6 0.00 M M 3.5 10 350 M M 5 3 16 320
27 91 57 74 M 0 9 0.63 M M 5.7 16 90 M M 2 3 24 170
28 92 59 76 M 0 11 1.05 M M 3.3 24 340 M M 2 13 35 340
29 84 61 73 M 0 8 0.00 M M 5.7 13 30 M M 1 20 30
30 83 59 71 M 0 6 0.00 M M 3.5 12 40 M M 1 17 60
31 82 61 72 M 0 7 0.81 0.0 0 3.1 10 10 M M 7 3 M M
================================================================================
SM 2707 1890 0 290 5.42 0.0 232.4 M 124
================================================================================
AV 87.3 61.0 7.5 FASTST M M 4 MAX(MPH)
MISC ----> # 30 30 # 40 210
================================================================================
NOTES:
# LAST OF SEVERAL OCCURRENCES
COLUMN 17 PEAK WIND IN M.P.H.
PRELIMINARY LOCAL CLIMATOLOGICAL DATA (WS FORM: F-6) , PAGE 2
STATION: KERRVILLE
MONTH: MAY
YEAR: 2020
LATITUDE: 29 58 N
LONGITUDE: 99 5 W
[TEMPERATURE DATA] [PRECIPITATION DATA] SYMBOLS USED IN COLUMN 16
AVERAGE MONTHLY: 74.2 TOTAL FOR MONTH: 5.42 1 = FOG OR MIST
DPTR FM NORMAL: M DPTR FM NORMAL: M 2 = FOG REDUCING VISIBILITY
HIGHEST: 97 ON 20,19 GRTST 24HR 1.05 ON 28-28 TO 1/4 MILE OR LESS
LOWEST: 49 ON 10 3 = THUNDER
SNOW, ICE PELLETS, HAIL 4 = ICE PELLETS
TOTAL MONTH: 0.0 INCH 5 = HAIL
GRTST 24HR 0.0 6 = FREEZING RAIN OR DRIZZLE
GRTST DEPTH: 0 7 = DUSTSTORM OR SANDSTORM:
VSBY 1/2 MILE OR LESS
8 = SMOKE OR HAZE
[NO. OF DAYS WITH] [WEATHER - DAYS WITH] 9 = BLOWING SNOW
X = TORNADO
MAX 32 OR BELOW: 0 0.01 INCH OR MORE: 10
MAX 90 OR ABOVE: 11 0.10 INCH OR MORE: 8
MIN 32 OR BELOW: 0 0.50 INCH OR MORE: 6
MIN 0 OR BELOW: 0 1.00 INCH OR MORE: 1
[HDD (BASE 65) ]
TOTAL THIS MO. 0 CLEAR (SCALE 0-3) 14
DPTR FM NORMAL M PTCLDY (SCALE 4-7) 15
TOTAL FM JUL 1 1872 CLOUDY (SCALE 8-10) 2
DPTR FM NORMAL M
[CDD (BASE 65) ]
TOTAL THIS MO. 290
DPTR FM NORMAL M [PRESSURE DATA]
TOTAL FM JAN 1 470 HIGHEST SLP M ON M
DPTR FM NORMAL M LOWEST SLP M ON M
[REMARKS]
#FINAL-05-20#