000
CXUS52 KMHX 012130
CF6EWN
PRELIMINARY LOCAL CLIMATOLOGICAL DATA (WS FORM: F-6)
STATION: NEW BERN NC
MONTH: DECEMBER
YEAR: 2023
LATITUDE: 35 4 N
LONGITUDE: 77 3 W
TEMPERATURE IN F: :PCPN: SNOW: WIND :SUNSHINE: SKY :PK WND
================================================================================
1 2 3 4 5 6A 6B 7 8 9 10 11 12 13 14 15 16 17 18
12Z AVG MX 2MIN
DY MAX MIN AVG DEP HDD CDD WTR SNW DPTH SPD SPD DIR MIN PSBL S-S WX SPD DR
================================================================================
1 69 34 52 2 13 0 T 0.0 0 4.4 13 180 M M 5 19 200
2 74 64 69 19 0 4 0.03 0.0 0 4.8 10 220 M M 8 16 170
3 79 63 71 21 0 6 0.00 0.0 0 7.5 21 250 M M 3 32 230
4 70 41 56 6 9 0 0.00 0.0 0 2.4 10 230 M M 0 16 290
5 61 35 48 -2 17 0 0.00 0.0 0 2.7 10 40 M M 0 1 15 80
6 49 34 42 -8 23 0 T 0.0 0 6.5 24 350 M M 4 32 340
7 53 28 41 -8 24 0 0.00 0.0 0 4.6 12 210 M M 0 17 280
8 62 38 50 1 15 0 0.00 0.0 0 4.9 12 220 M M 0 15 210
9 73 42 58 9 7 0 0.00 0.0 0 3.6 12 210 M M 3 16 200
10 71 59 65 16 0 0 1.81 0.0 0 10.6 21 180 M M 9 1 33 170
11 67 33 50 1 15 0 0.49 0.0 0 9.0 23 320 M M 6 35 340
12 54 31 43 -5 22 0 0.00 0.0 0 2.2 8 360 M M 0 1 13 350
13 59 27 43 -5 22 0 0.00 0.0 0 1.3 10 330 M M 2 1 15 350
14 51 30 41 -7 24 0 0.00 0.0 0 6.1 20 40 M M 0 26 40
15 57 26 42 -6 23 0 0.00 0.0 0 0.8 8 30 M M 0 13 50
16 61 28 45 -3 20 0 0.00 0.0 0 4.0 12 80 M M 1 16 80
17 71 47 59 12 6 0 2.00 0.0 0 10.4 26 140 M M 9 3 49 140
18 68 43 56 9 9 0 0.47 0.0 0 11.5 24 330 M M 4 38 300
19 47 29 38 -9 27 0 0.00 0.0 0 7.7 23 320 M M 1 34 320
20 48 29 39 -8 26 0 0.00 0.0 0 5.4 14 350 M M 0 20 10
21 57 27 42 -5 23 0 0.00 0.0 0 2.1 10 360 M M 0 14 20
22 56 29 43 -4 22 0 0.00 0.0 0 1.6 8 100 M M 1 12 90
23 61 30 46 0 19 0 0.00 0.0 0 2.3 8 140 M M 3 1 11 80
24 67 33 50 4 15 0 0.00 0.0 0 1.7 8 140 M M 2 1 11 100
25 66 36 51 5 14 0 T 0.0 0 4.3 13 60 M M 3 19 60
26 68 51 60 14 5 0 0.02 0.0 0 5.2 10 70 M M 4 15 90
27 66 58 62 16 3 0 2.10 0.0 0 6.8 14 280 M M 10 1 23 280
28 62 46 54 8 11 0 0.00 0.0 0 6.6 14 280 M M 2 19 270
29 63 38 51 5 14 0 0.00 0.0 0 7.8 21 260 M M 2 31 250
30 50 35 43 -2 22 0 0.00 0.0 0 7.9 17 250 M M 4 27 280
31 56 31 44 -1 21 0 0.00 0.0 0 4.3 13 210 M M 0 20 250
================================================================================
SM 1916 1175 471 10 6.92 0.0 161.0 M 86
================================================================================
AV 61.8 37.9 5.2 FASTST M M 3 MAX(MPH)
MISC ----> 26 140 49 140
================================================================================
NOTES:
# LAST OF SEVERAL OCCURRENCES
COLUMN 17 PEAK WIND IN M.P.H.
PRELIMINARY LOCAL CLIMATOLOGICAL DATA (WS FORM: F-6) , PAGE 2
STATION: NEW BERN NC
MONTH: DECEMBER
YEAR: 2023
LATITUDE: 35 4 N
LONGITUDE: 77 3 W
[TEMPERATURE DATA] [PRECIPITATION DATA] SYMBOLS USED IN COLUMN 16
AVERAGE MONTHLY: 49.9 TOTAL FOR MONTH: 6.92 1 = FOG OR MIST
DPTR FM NORMAL: 2.2 DPTR FM NORMAL: 3.29 2 = FOG REDUCING VISIBILITY
HIGHEST: 79 ON 3 GRTST 24HR 2.47 ON 17-18 TO 1/4 MILE OR LESS
LOWEST: 26 ON 15 3 = THUNDER
SNOW, ICE PELLETS, HAIL 4 = ICE PELLETS
TOTAL MONTH: 0.0 INCH 5 = HAIL
GRTST 24HR 0.0 6 = FREEZING RAIN OR DRIZZLE
GRTST DEPTH: 0 7 = DUSTSTORM OR SANDSTORM:
VSBY 1/2 MILE OR LESS
8 = SMOKE OR HAZE
[NO. OF DAYS WITH] [WEATHER - DAYS WITH] 9 = BLOWING SNOW
X = TORNADO
MAX 32 OR BELOW: 0 0.01 INCH OR MORE: 7
MAX 90 OR ABOVE: 0 0.10 INCH OR MORE: 5
MIN 32 OR BELOW: 12 0.50 INCH OR MORE: 3
MIN 0 OR BELOW: 0 1.00 INCH OR MORE: 3
[HDD (BASE 65) ]
TOTAL THIS MO. 471 CLEAR (SCALE 0-3) 19
DPTR FM NORMAL -70 PTCLDY (SCALE 4-7) 8
TOTAL FM JUL 1 892 CLOUDY (SCALE 8-10) 4
DPTR FM NORMAL -98
[CDD (BASE 65) ]
TOTAL THIS MO. 10
DPTR FM NORMAL 5 [PRESSURE DATA]
TOTAL FM JAN 1 1989 HIGHEST SLP 30.74 ON 14
DPTR FM NORMAL 93 LOWEST SLP 29.10 ON 18
[REMARKS]
#FINAL-12-23#