000
CXUS52 KMHX 012129
CF6EWN
PRELIMINARY LOCAL CLIMATOLOGICAL DATA (WS FORM: F-6)
STATION: NEW BERN NC
MONTH: NOVEMBER
YEAR: 2023
LATITUDE: 35 4 N
LONGITUDE: 77 3 W
TEMPERATURE IN F: :PCPN: SNOW: WIND :SUNSHINE: SKY :PK WND
================================================================================
1 2 3 4 5 6A 6B 7 8 9 10 11 12 13 14 15 16 17 18
12Z AVG MX 2MIN
DY MAX MIN AVG DEP HDD CDD WTR SNW DPTH SPD SPD DIR MIN PSBL S-S WX SPD DR
================================================================================
1 53 35 44 -14 21 0 T 0.0 0 10.0 23 340 M M 3 33 360
2 57 35 46 -12 19 0 0.00 0.0 0 6.1 14 10 M M 0 18 10
3 68 35 52 -6 13 0 0.00 0.0 0 5.0 12 30 M M 0 16 30
4 74 50 62 5 3 0 0.00 0.0 0 6.5 14 40 M M 7 20 30
5 75 47 61 4 4 0 0.00 0.0 0 3.8 12 30 M M 1 1 16 40
6 74 43 59 2 6 0 0.00 0.0 0 2.1 9 90 M M 0 12 90
7 79 49 64 8 1 0 0.00 0.0 0 5.3 15 260 M M 1 21 230
8 75 51 63 7 2 0 0.00 0.0 0 4.4 13 140 M M 0 18 120
9 81 53 67 11 0 2 0.00 0.0 0 7.5 18 240 M M 0 25 250
10 71 53 62 6 3 0 T 0.0 0 7.7 20 30 M M 5 8 24 20
11 54 50 52 -3 13 0 0.03 0.0 0 8.6 15 20 M M 10 19 30
12 54 50 52 -3 13 0 0.21 0.0 0 12.7 23 30 M M 10 28 30
13 64 42 53 -2 12 0 0.00 0.0 0 5.6 15 20 M M 2 19 20
14 65 42 54 0 11 0 0.00 0.0 0 5.6 15 360 M M 0 19 350
15 64 42 53 -1 12 0 0.00 0.0 0 4.7 10 40 M M 0 14 40
16 73 46 60 6 5 0 0.00 0.0 0 4.6 13 100 M M 1 17 110
17 75 55 65 11 0 0 T 0.0 0 3.5 10 90 M M 4 15 110
18 74 50 62 9 3 0 0.00 0.0 0 6.9 15 30 M M 3 1 20 340
19 61 39 50 -3 15 0 0.00 0.0 0 4.6 13 20 M M 0 17 30
20 64 36 50 -3 15 0 T 0.0 0 6.9 16 50 M M 5 21 70
21 72 52 62 9 3 0 0.17 0.0 0 9.6 22 170 M M 9 32 150
22 70 51 61 9 4 0 1.11 0.0 0 6.9 20 200 M M 7 13 27 210
23 61 41 51 -1 14 0 0.00 0.0 0 3.5 10 340 M M 0 14 330
24 62 42 52 0 13 0 T 0.0 0 2.8 13 20 M M 3 17 30
25 52 44 48 -4 17 0 T 0.0 0 12.4 21 30 M M 9 30 40
26 51 44 48 -4 17 0 0.35 0.0 0 6.8 13 30 M M 10 15 30
27 59 37 48 -3 17 0 0.02 0.0 0 6.6 17 310 M M 4 22 310
28 53 33 43 -8 22 0 0.00 0.0 0 6.7 18 320 M M 0 27 280
29 48 23 36 -15 29 0 0.00 0.0 0 1.9 10 10 M M 0 13 10
30 60 29 45 -6 20 0 0.00 0.0 0 2.0 9 120 M M 0 14 140
================================================================================
SM 1943 1299 327 2 1.89 0.0 181.3 M 94
================================================================================
AV 64.8 43.3 6.0 FASTST M M 3 MAX(MPH)
MISC ----> # 23 340 33 360
================================================================================
NOTES:
# LAST OF SEVERAL OCCURRENCES
COLUMN 17 PEAK WIND IN M.P.H.
PRELIMINARY LOCAL CLIMATOLOGICAL DATA (WS FORM: F-6) , PAGE 2
STATION: NEW BERN NC
MONTH: NOVEMBER
YEAR: 2023
LATITUDE: 35 4 N
LONGITUDE: 77 3 W
[TEMPERATURE DATA] [PRECIPITATION DATA] SYMBOLS USED IN COLUMN 16
AVERAGE MONTHLY: 54.0 TOTAL FOR MONTH: 1.89 1 = FOG OR MIST
DPTR FM NORMAL: -0.2 DPTR FM NORMAL: -1.44 2 = FOG REDUCING VISIBILITY
HIGHEST: 81 ON 9 GRTST 24HR 1.28 ON 21-22 TO 1/4 MILE OR LESS
LOWEST: 23 ON 29 3 = THUNDER
SNOW, ICE PELLETS, HAIL 4 = ICE PELLETS
TOTAL MONTH: 0.0 INCH 5 = HAIL
GRTST 24HR 0.0 6 = FREEZING RAIN OR DRIZZLE
GRTST DEPTH: 0 7 = DUSTSTORM OR SANDSTORM:
VSBY 1/2 MILE OR LESS
8 = SMOKE OR HAZE
[NO. OF DAYS WITH] [WEATHER - DAYS WITH] 9 = BLOWING SNOW
X = TORNADO
MAX 32 OR BELOW: 0 0.01 INCH OR MORE: 6
MAX 90 OR ABOVE: 0 0.10 INCH OR MORE: 4
MIN 32 OR BELOW: 2 0.50 INCH OR MORE: 1
MIN 0 OR BELOW: 0 1.00 INCH OR MORE: 1
[HDD (BASE 65) ]
TOTAL THIS MO. 327 CLEAR (SCALE 0-3) 19
DPTR FM NORMAL -8 PTCLDY (SCALE 4-7) 6
TOTAL FM JUL 1 421 CLOUDY (SCALE 8-10) 5
DPTR FM NORMAL -26
[CDD (BASE 65) ]
TOTAL THIS MO. 2
DPTR FM NORMAL -9 [PRESSURE DATA]
TOTAL FM JAN 1 1979 HIGHEST SLP 30.52 ON 2
DPTR FM NORMAL 88 LOWEST SLP 29.65 ON 22
[REMARKS]
#FINAL-11-23#