000
CXUS51 KOKX 011432
CLMEWR
CLIMATE REPORT
NATIONAL WEATHER SERVICE NEW YORK, NY
927 AM EST FRI DEC 01 2023
...................................
...THE NEWARK NJ CLIMATE SUMMARY FOR THE MONTH OF NOVEMBER 2023...
CLIMATE NORMAL PERIOD 1991 TO 2020
CLIMATE RECORD PERIOD 1931 TO 2023
WEATHER OBSERVED NORMAL DEPART LAST YEAR`S
VALUE DATE(S) VALUE FROM VALUE DATE(S)
NORMAL
................................................................
TEMPERATURE (F)
RECORD
HIGH 85 11/01/1950
LOW 12 11/27/1932
HIGHEST 70 11/17 MM MM 81 11/07
LOWEST 27 11/29 MM MM 24 11/21
AVG. MAXIMUM 55.7 54.9 0.8 59.8
AVG. MINIMUM 37.6 39.0 -1.4 42.1
MEAN 46.6 47.0 -0.4 51.0
DAYS MAX >= 90 0 0.0 0.0 0
DAYS MAX <= 32 0 0.1 -0.1 0
DAYS MIN <= 32 7 6.0 1.0 6
DAYS MIN <= 0 0 0.0 0.0 0
PRECIPITATION (INCHES)
RECORD
MAXIMUM 11.53 1977
MINIMUM 0.37 1931
TOTALS 2.91 3.33 -0.42 2.77
DAILY AVG. 0.10 0.11 -0.01 0.09
DAYS >= .01 4 8.8 -4.8 10
DAYS >= .10 3 5.3 -2.3 5
DAYS >= .50 3 2.4 0.6 3
DAYS >= 1.00 1 1.0 0.0 0
GREATEST
24 HR. TOTAL 2.24 11/21 TO 11/22 0.82 11/15 TO 11/16
STORM TOTAL 1.46 0.77
(MM/DD(HH)) MM
SNOWFALL (INCHES)
TOTALS T 0.6 -0.6 T
LIQUID EQUIV T 0.00 0.00 T
SINCE 7/1 T 0.8 -0.8 MM
LIQUID 7/1 -0.10 0.00 -0.10 MM
SNOWDEPTH AVG. 0 0
DAYS >= TRACE 1 0.3 0.7 1
DAYS >= 1.0 0 0.1 -0.1 0
GREATEST
SNOW DEPTH 0 0 MM
24 HR TOTAL T MM
STORM TOTAL 0.0 0.0
(MM/DD(HH)) MM
DEGREE DAYS
HEATING TOTAL 541 542 -1 436
SINCE 7/1 707 829 -122 MM
COOLING TOTAL 0 1 -1 20
SINCE 1/1 1434 1270 164 MM
................................................................
WIND (MPH)
AVERAGE WIND SPEED 9.1
HIGHEST WIND SPEED/DIRECTION 28/280 DATE 11/28
HIGHEST GUST SPEED/DIRECTION 40/110 DATE 11/22
WEATHER CONDITIONS. NUMBER OF DAYS WITH
THUNDERSTORM 0 MIXED PRECIP 0
HEAVY RAIN 3 RAIN 3
LIGHT RAIN 9 FREEZING RAIN 0
LT FREEZING RAIN 0 HAIL 0
HEAVY SNOW 0 SNOW 0
LIGHT SNOW 1 SLEET 0
FOG 4 FOG W/VIS <= 1/4 MILE 0
HAZE 0
- INDICATES NEGATIVE NUMBERS.
R INDICATES RECORD WAS SET OR TIED.
MM INDICATES DATA IS MISSING.
T INDICATES TRACE AMOUNT.
$$