000
CXUS53 KIND 010600
CF6EYE
PRELIMINARY LOCAL CLIMATOLOGICAL DATA (WS FORM: F-6)
STATION: INDIANAPOLIS EAGLE CREEK IN
MONTH: MARCH
YEAR: 2021
LATITUDE: 39 49 N
LONGITUDE: 86 18 W
TEMPERATURE IN F: :PCPN: SNOW: WIND :SUNSHINE: SKY :PK WND
================================================================================
1 2 3 4 5 6A 6B 7 8 9 10 11 12 13 14 15 16 17 18
12Z AVG MX 2MIN
DY MAX MIN AVG DEP HDD CDD WTR SNW DPTH SPD SPD DIR MIN PSBL S-S WX SPD DR
================================================================================
1 43 27 35 -2 30 0 0.00 M M 11.7 22 310 M M 5 31 280
2 44 21 33 -4 32 0 0.00 M M 5.2 13 200 M M 0 18 200
3 61 28 45 8 20 0 0.00 M M 5.5 14 300 M M 0 21 250
4 49 29 39 1 26 0 0.00 M M 8.1 16 340 M M 0 23 330
5 48 24 36 -2 29 0 0.00 M M 5.7 15 350 M M 0 19 350
6 48 28 38 0 27 0 0.00 M M 4.6 13 340 M M 1 20 310
7 53 24 39 0 26 0 0.00 M M 2.7 9 40 M M 0 14 40
8 66 30 48 9 17 0 0.00 M M 5.0 15 270 M M 0 25 210
9 68 37 53 13 12 0 0.00 M M 5.4 17 200 M M 0 26 180
10 71 52 62 22 3 0 0.00 M M 12.8 28 200 M M 5 51 220
11 67 47 57 17 8 0 0.59 M M 9.7 23 200 M M 8 1 37 200
12 60 38 49 8 16 0 0.00 M M 6.2 15 340 M M 1 20 340
13 52 37 45 4 20 0 0.00 M M 3.2 9 40 M M 0 14 40
14 55 34 45 3 20 0 0.00 M M 7.0 22 70 M M 1 33 110
15 44 32 38 -4 27 0 0.48 M M 13.8 26 90 M M 8 1368 40 70
16 50 36 43 1 22 0 0.13 M M 3.8 10 110 M M 9 123 14 140
17 62 41 52 9 13 0 0.02 M M 8.1 15 120 M M 8 1 22 160
18 55 37 46 3 19 0 1.73 M M 15.0 28 30 M M 10 13 41 20
19 48 30 39 -5 26 0 0.00 M M 12.6 22 20 M M 0 33 30
20 59 28 44 0 21 0 0.00 M M 4.9 13 110 M M 0 18 100
21 66 32 49 5 16 0 0.00 M M 3.2 12 130 M M 0 17 150
22 67 39 53 8 12 0 0.00 M M 4.0 15 190 M M 6 26 170
23 64 46 55 10 10 0 0.06 M M 6.7 15 190 M M 7 26 170
24 72 48 60 14 5 0 0.00 M M 9.2 24 210 M M 5 38 190
25 62 42 52 6 13 0 0.86 M M 6.3 21 200 M M 5 13 35 190
26 60 44 52 6 13 0 T M M 6.8 28 270 M M 9 45 270
27 74 42 58 11 7 0 0.40 M M 6.8 25 360 M M 1 13 35 360
28 53 37 45 -2 20 0 0.08 M M 14.5 29 300 M M 8 1 42 270
29 59 30 45 -2 20 0 0.00 M M 6.3 14 150 M M 0 22 160
30 74 44 59 11 6 0 0.05 M M 9.5 22 210 M M 3 1 37 230
31 55 33 44 -4 21 0 0.03 M M 16.1 28 310 M M 4 1 38 300
================================================================================
SM 1809 1097 557 0 4.43 M 240.4 M 104
================================================================================
AV 58.4 35.4 7.8 FASTST M M 3 MAX(MPH)
MISC ----> 29 300 51 220
================================================================================
NOTES:
# LAST OF SEVERAL OCCURRENCES
COLUMN 17 PEAK WIND IN M.P.H.
PRELIMINARY LOCAL CLIMATOLOGICAL DATA (WS FORM: F-6) , PAGE 2
STATION: INDIANAPOLIS EAGLE CREEK IN
MONTH: MARCH
YEAR: 2021
LATITUDE: 39 49 N
LONGITUDE: 86 18 W
[TEMPERATURE DATA] [PRECIPITATION DATA] SYMBOLS USED IN COLUMN 16
AVERAGE MONTHLY: 46.9 TOTAL FOR MONTH: 4.43 1 = FOG OR MIST
DPTR FM NORMAL: 4.5 DPTR FM NORMAL: 1.13 2 = FOG REDUCING VISIBILITY
HIGHEST: 74 ON 30,27 GRTST 24HR 1.75 ON 17-18 TO 1/4 MILE OR LESS
LOWEST: 21 ON 2 3 = THUNDER
SNOW, ICE PELLETS, HAIL 4 = ICE PELLETS
TOTAL MONTH: M 5 = HAIL
GRTST 24HR M ON M 6 = FREEZING RAIN OR DRIZZLE
GRTST DEPTH: M ON M 7 = DUSTSTORM OR SANDSTORM:
VSBY 1/2 MILE OR LESS
8 = SMOKE OR HAZE
[NO. OF DAYS WITH] [WEATHER - DAYS WITH] 9 = BLOWING SNOW
X = TORNADO
MAX 32 OR BELOW: 0 0.01 INCH OR MORE: 11
MAX 90 OR ABOVE: 0 0.10 INCH OR MORE: 6
MIN 32 OR BELOW: 13 0.50 INCH OR MORE: 3
MIN 0 OR BELOW: 0 1.00 INCH OR MORE: 1
[HDD (BASE 65) ]
TOTAL THIS MO. 557 CLEAR (SCALE 0-3) 17
DPTR FM NORMAL -143 PTCLDY (SCALE 4-7) 8
TOTAL FM JUL 1 4502 CLOUDY (SCALE 8-10) 6
DPTR FM NORMAL -321
[CDD (BASE 65) ]
TOTAL THIS MO. 0
DPTR FM NORMAL -1 [PRESSURE DATA]
TOTAL FM JAN 1 0 HIGHEST SLP M ON M
DPTR FM NORMAL -1 LOWEST SLP 29.39 ON 25
[REMARKS]
#FINAL-03-21#