000
CXAK56 PAFG 011354
CF6FAI
PRELIMINARY LOCAL CLIMATOLOGICAL DATA (WS FORM: F-6)
STATION: FAIRBANKS AK
MONTH: MARCH
YEAR: 2022
LATITUDE: 64 49 N
LONGITUDE: 147 52 W
TEMPERATURE IN F: :PCPN: SNOW: WIND :SUNSHINE: SKY :PK WND
================================================================================
1 2 3 4 5 6A 6B 7 8 9 10 11 12 13 14 15 16 17 18
12Z AVG MX 2MIN
DY MAX MIN AVG DEP HDD CDD WTR SNW DPTH SPD SPD DIR MIN PSBL S-S WX SPD DR
================================================================================
1 23 14 19 15 46 0 T T 39 0.6 6 200 M M 9 7 190
2 28 -5 12 7 53 0 0.00 0.0 38 1.3 7 10 M M 6 1 7 30
3 30 -6 12 7 53 0 0.00 0.0 36 1.1 6 40 M M 5 7 270
4 40 -3 19 14 46 0 0.00 0.0 36 4.4 9 60 M M 5 12 60
5 33 0 17 11 48 0 T T 36 2.5 10 260 M M 7 14 250
6 30 -2 14 8 51 0 T T 36 6.0 18 260 M M 7 1 23 260
7 32 -7 13 7 52 0 0.00 0.0 36 5.4 14 60 M M 2 16 60
8 33 -4 15 9 50 0 0.00 0.0 36 1.0 9 20 M M 6 11 20
9 31 19 25 18 40 0 0.10 1.4 34 4.6 14 10 M M 10 1 17 10
10 25 6 16 9 49 0 0.03 0.2 34 11.8 18 20 M M 8 1 22 20
11 25 -10 8 0 57 0 0.00 0.0 34 5.9 13 10 M M 2 15 40
12 16 -15 1 -7 64 0 0.00 0.0 33 12.4 22 50 M M 1 26 50
13 19 -22 -1 -9 66 0 0.00 0.0 33 5.0 13 90 M M 1 16 90
14 14 -25 -5 -14 70 0 0.00 0.0 33 2.1 9 50 M M 2 10 50
15 18 -24 -3 -12 68 0 0.00 0.0 33 2.3 8 40 M M 3 8 40
16 31 -1 15 5 50 0 0.00 0.0 33 5.8 12 20 M M 6 14 10
17 23 -3 10 0 55 0 0.00 0.0 33 3.6 12 40 M M 5 12 30
18 25 -5 10 -1 55 0 0.00 0.0 33 2.0 8 200 M M 5 10 210
19 22 2 12 1 53 0 0.00 0.0 33 4.5 16 360 M M 8 20 350
20 18 1 10 -2 55 0 0.00 0.0 33 7.7 14 350 M M 4 18 350
21 17 -9 4 -9 61 0 0.00 0.0 33 7.1 15 40 M M 1 18 40
22 15 -16 0 -13 65 0 T T 33 8.8 21 30 M M 5 1 25 30
23 21 0 11 -3 54 0 0.00 0.0 33 10.2 18 30 M M 5 21 50
24 35 1 18 3 47 0 0.00 0.0 33 6.4 10 60 M M 6 14 70
25 45 7 26 10 39 0 0.00 0.0 33 5.3 14 50 M M 7 16 50
26 43 10 27 11 38 0 0.00 0.0 31 1.0 8 200 M M 7 10 210
27 43 2 23 6 42 0 0.00 0.0 31 3.1 10 30 M M 3 11 120
28 43 14 29 11 36 0 0.00 0.0 31 6.5 13 350 M M 7 14 70
29 39 21 30 11 35 0 T T 31 4.9 12 350 M M 9 1 16 70
30 31 11 21 1 44 0 T T 31 9.1 15 350 M M 6 18 360
31 30 0 15 -5 50 0 0.00 0.0 31 10.3 18 50 M M 2 21 50
================================================================================
SM 878 -49 1592 0 0.13 1.6 162.7 M 160
================================================================================
AV 28.3 -1.6 5.2 FASTST M M 5 MAX(MPH)
MISC ----> 22 50 26 50
================================================================================
NOTES:
# LAST OF SEVERAL OCCURRENCES
COLUMN 17 PEAK WIND IN M.P.H.
PRELIMINARY LOCAL CLIMATOLOGICAL DATA (WS FORM: F-6) , PAGE 2
STATION: FAIRBANKS AK
MONTH: MARCH
YEAR: 2022
LATITUDE: 64 49 N
LONGITUDE: 147 52 W
[TEMPERATURE DATA] [PRECIPITATION DATA] SYMBOLS USED IN COLUMN 16
AVERAGE MONTHLY: 13.4 TOTAL FOR MONTH: 0.13 1 = FOG OR MIST
DPTR FM NORMAL: 2.7 DPTR FM NORMAL: -0.27 2 = FOG REDUCING VISIBILITY
HIGHEST: 45 ON 25 GRTST 24HR 0.10 ON 9- 9 TO 1/4 MILE OR LESS
LOWEST: -25 ON 14 3 = THUNDER
SNOW, ICE PELLETS, HAIL 4 = ICE PELLETS
TOTAL MONTH: 3.2 INCHES 5 = HAIL
GRTST 24HR 1.4 ON 9- 9 6 = FREEZING RAIN OR DRIZZLE
GRTST DEPTH: 39 ON 1 7 = DUSTSTORM OR SANDSTORM:
VSBY 1/2 MILE OR LESS
8 = SMOKE OR HAZE
[NO. OF DAYS WITH] [WEATHER - DAYS WITH] 9 = BLOWING SNOW
X = TORNADO
MAX 32 OR BELOW: 22 0.01 INCH OR MORE: 2
MAX 90 OR ABOVE: 0 0.10 INCH OR MORE: 1
MIN 32 OR BELOW: 31 0.50 INCH OR MORE: 0
MIN 0 OR BELOW: 19 1.00 INCH OR MORE: 0
[HDD (BASE 65) ]
TOTAL THIS MO. 1592 CLEAR (SCALE 0-3) 8
DPTR FM NORMAL -90 PTCLDY (SCALE 4-7) 19
TOTAL FM JUL 1 11558 CLOUDY (SCALE 8-10) 4
DPTR FM NORMAL -321
[CDD (BASE 65) ]
TOTAL THIS MO. 0
DPTR FM NORMAL 0 [PRESSURE DATA]
TOTAL FM JAN 1 0 HIGHEST SLP 30.83 ON 7
DPTR FM NORMAL 0 LOWEST SLP 29.38 ON 16
[REMARKS]
#FINAL-03-22#