000
CXUS53 KFGF 010815
CF6FAR
PRELIMINARY LOCAL CLIMATOLOGICAL DATA (WS FORM: F-6)
STATION: FARGO HECTOR INTL AP ND
MONTH: OCTOBER
YEAR: 2021
LATITUDE: 46 54 N
LONGITUDE: 96 48 W
TEMPERATURE IN F: :PCPN: SNOW: WIND :SUNSHINE: SKY :PK WND
================================================================================
1 2 3 4 5 6A 6B 7 8 9 10 11 12 13 14 15 16 17 18
12Z AVG MX 2MIN
DY MAX MIN AVG DEP HDD CDD WTR SNW DPTH SPD SPD DIR MIN PSBL S-S WX SPD DR
================================================================================
1 67 55 61 8 4 0 0.20 0.0 0 7.4 15 340 M M 7 1 19 340
2 73 47 60 7 5 0 0.12 0.0 0 6.2 13 330 M M 5 1 18 320
3 76 42 59 7 6 0 0.00 0.0 0 3.7 10 340 M M 0 8 13 350
4 82 47 65 13 0 0 0.00 0.0 0 4.8 10 150 M M 0 8 16 140
5 81 55 68 17 0 3 0.00 0.0 0 12.6 21 170 M M 0 29 150
6 77 57 67 16 0 2 0.00 0.0 0 14.3 22 150 M M 0 30 170
7 77 58 68 18 0 3 0.00 0.0 0 13.3 21 180 M M 1 30 170
8 78 61 70 20 0 5 0.00 0.0 0 10.5 16 140 M M 3 3 21 140
9 68 58 63 14 2 0 1.00 0.0 0 11.1 28 30 M M 10 13 41 40
10 60 49 55 6 10 0 0.03 0.0 0 11.2 25 300 M M 10 18 35 160
11 66 40 53 5 12 0 0.00 0.0 0 9.5 21 340 M M 0 26 340
12 59 35 47 -1 18 0 0.00 0.0 0 11.2 20 10 M M 1 27 10
13 59 49 54 7 11 0 0.85 0.0 0 12.6 25 170 M M 9 13 36 180
14 52 38 45 -2 20 0 T 0.0 0 16.0 26 250 M M 8 37 250
15 49 37 43 -3 22 0 0.03 0.0 0 11.8 20 290 M M 7 26 280
16 62 33 48 2 17 0 0.00 0.0 0 8.0 17 300 M M 0 21 310
17 68 34 51 6 14 0 0.00 0.0 0 7.1 13 160 M M 0 18 160
18 77 49 63 19 2 0 0.00 0.0 0 12.6 22 160 M M 0 32 170
19 57 41 49 5 16 0 0.00 0.0 0 16.1 24 350 M M 7 33 10
20 47 31 39 -4 26 0 0.00 0.0 0 16.7 25 10 M M 9 37 10
21 46 25 36 -7 29 0 0.00 0.0 0 7.7 16 360 M M 0 8 22 350
22 48 27 38 -4 27 0 0.00 0.0 0 5.1 13 350 M M 2 18 360
23 50 23 37 -5 28 0 0.00 0.0 0 5.8 12 130 M M 1 16 110
24 48 32 40 -1 25 0 0.00 0.0 0 7.4 13 90 M M 8 16 100
25 53 30 42 1 23 0 0.00 0.0 0 11.2 20 130 M M 1 27 130
26 58 43 51 11 14 0 0.00 0.0 0 22.1 36 150 M M 4 50 150
27 52 46 49 9 16 0 0.73 0.0 0 8.8 24 150 M M 10 1 37 140
28 54 31 43 4 22 0 0.00 0.0 0 7.4 20 320 M M 3 12 24 320
29 57 28 43 4 22 0 0.00 0.0 0 7.0 16 160 M M 0 12 25 160
30 49 34 42 4 23 0 0.00 0.0 0 13.3 29 340 M M 3 38 350
31 46 29 38 0 27 0 T T 0 12.2 25 290 M M 6 33 290
================================================================================
SM 1896 1264 441 13 2.96 T 324.7 M 115
================================================================================
AV 61.2 40.8 10.5 FASTST M M 4 MAX(MPH)
MISC ----> 36 150 50 150
================================================================================
NOTES:
# LAST OF SEVERAL OCCURRENCES
COLUMN 17 PEAK WIND IN M.P.H.
PRELIMINARY LOCAL CLIMATOLOGICAL DATA (WS FORM: F-6) , PAGE 2
STATION: FARGO HECTOR INTL AP ND
MONTH: OCTOBER
YEAR: 2021
LATITUDE: 46 54 N
LONGITUDE: 96 48 W
[TEMPERATURE DATA] [PRECIPITATION DATA] SYMBOLS USED IN COLUMN 16
AVERAGE MONTHLY: 51.0 TOTAL FOR MONTH: 2.96 1 = FOG OR MIST
DPTR FM NORMAL: 5.5 DPTR FM NORMAL: 0.79 2 = FOG REDUCING VISIBILITY
HIGHEST: 82 ON 4 GRTST 24HR 1.00 ON 9- 9 TO 1/4 MILE OR LESS
LOWEST: 23 ON 23 3 = THUNDER
SNOW, ICE PELLETS, HAIL 4 = ICE PELLETS
TOTAL MONTH: T 5 = HAIL
GRTST 24HR T ON 31-31 6 = FREEZING RAIN OR DRIZZLE
GRTST DEPTH: 0 7 = DUSTSTORM OR SANDSTORM:
VSBY 1/2 MILE OR LESS
8 = SMOKE OR HAZE
[NO. OF DAYS WITH] [WEATHER - DAYS WITH] 9 = BLOWING SNOW
X = TORNADO
MAX 32 OR BELOW: 0 0.01 INCH OR MORE: 7
MAX 90 OR ABOVE: 0 0.10 INCH OR MORE: 5
MIN 32 OR BELOW: 9 0.50 INCH OR MORE: 3
MIN 0 OR BELOW: 0 1.00 INCH OR MORE: 1
[HDD (BASE 65) ]
TOTAL THIS MO. 441 CLEAR (SCALE 0-3) 16
DPTR FM NORMAL -168 PTCLDY (SCALE 4-7) 9
TOTAL FM JUL 1 516 CLOUDY (SCALE 8-10) 6
DPTR FM NORMAL -340
[CDD (BASE 65) ]
TOTAL THIS MO. 13
DPTR FM NORMAL 9 [PRESSURE DATA]
TOTAL FM JAN 1 865 HIGHEST SLP M ON M
DPTR FM NORMAL 323 LOWEST SLP 29.26 ON 13
[REMARKS]
#FINAL-10-21#