000
CXUS56 KHNX 011146
CF6FAT
PRELIMINARY LOCAL CLIMATOLOGICAL DATA (WS FORM: F-6)
STATION: FRESNO CA
MONTH: NOVEMBER
YEAR: 2020
LATITUDE: 36 46 N
LONGITUDE: 119 43 W
TEMPERATURE IN F: :PCPN: SNOW: WIND :SUNSHINE: SKY :PK WND
================================================================================
1 2 3 4 5 6A 6B 7 8 9 10 11 12 13 14 15 16 17 18
12Z AVG MX 2MIN
DY MAX MIN AVG DEP HDD CDD WTR SNW DPTH SPD SPD DIR MIN PSBL S-S WX SPD DR
================================================================================
1 82 51 67 7 0 2 0.00 0.0 0 2.5 9 330 M M 6 8 13 300
2 80 53 67 7 0 2 0.00 0.0 0 3.3 7 80 M M 4 8 10 290
3 81 51 66 7 0 1 0.00 0.0 0 2.2 9 300 M M 1 8 11 300
4 80 50 65 6 0 0 0.00 0.0 0 2.7 7 300 M M 2 8 9 280
5 76 51 64 6 1 0 0.00 0.0 0 2.5 7 120 M M 3 8 8 190
6 65 47 56 -2 9 0 T 0.0 0 9.9 25 310 M M 8 8 31 320
7 56 46 51 -6 14 0 0.10 0.0 0 6.9 17 290 M M 8 1 20 290
8 57 38 48 -9 17 0 0.01 0.0 0 7.2 20 30 M M 6 26 300
9 56 36 46 -11 19 0 0.00 0.0 0 4.2 10 140 M M 3 8 12 140
10 59 37 48 -8 17 0 0.00 0.0 0 3.1 7 40 M M 3 9 310
11 60 39 50 -6 15 0 0.00 0.0 0 3.2 7 320 M M 6 8 11 210
12 66 44 55 0 10 0 0.00 0.0 0 2.8 7 310 M M 6 8 9 300
13 68 40 54 -1 11 0 T 0.0 0 3.0 9 350 M M 6 8 12 330
14 66 48 57 2 8 0 0.00 0.0 0 6.2 12 320 M M 3 18 14 330
15 68 43 56 2 9 0 0.00 0.0 0 2.3 6 250 M M 1 18 10 220
16 72 43 58 4 7 0 0.00 0.0 0 2.9 9 80 M M 1 18 10 70
17 77 50 64 10 1 0 0.00 0.0 0 5.1 10 140 M M 7 12 100
18 67 51 59 6 6 0 0.17 0.0 0 6.1 14 340 M M 8 18 17 320
19 65 48 57 4 8 0 0.00 0.0 0 5.8 14 300 M M 1 17 290
20 60 45 53 1 12 0 0.00 0.0 0 1.9 7 140 M M 8 18 9 140
21 61 42 52 0 13 0 0.00 0.0 0 3.3 7 300 M M 7 18 8 320
22 65 41 53 1 12 0 0.00 0.0 0 2.3 8 290 M M 2 18 11 290
23 63 43 53 2 12 0 0.00 0.0 0 3.7 14 300 M M 4 18 15 310
24 64 42 53 2 12 0 0.00 0.0 0 2.8 7 140 M M 0 18 9 140
25 64 40 52 1 13 0 0.00 0.0 0 5.8 14 320 M M 1 8 19 310
26 60 36 48 -2 17 0 0.00 0.0 0 4.8 10 200 M M 1 M M
27 64 37 51 1 14 0 0.00 0.0 0 2.3 7 50 M M 0 9 60
28 65 35 50 0 15 0 0.00 0.0 0 2.5 7 310 M M 0 11 310
29 66 34 50 0 15 0 0.00 0.0 0 2.3 7 140 M M 3 8 9 160
30 65 36 51 2 14 0 0.00 0.0 0 1.8 9 280 M M 2 12 280
================================================================================
SM 1998 1297 301 5 0.28 0.0 115.4 M 111
================================================================================
AV 66.6 43.2 3.8 FASTST M M 4 MAX(MPH)
MISC ----> # 25 310 # 31 320
================================================================================
NOTES:
# LAST OF SEVERAL OCCURRENCES
COLUMN 17 PEAK WIND IN M.P.H.
PRELIMINARY LOCAL CLIMATOLOGICAL DATA (WS FORM: F-6) , PAGE 2
STATION: FRESNO CA
MONTH: NOVEMBER
YEAR: 2020
LATITUDE: 36 46 N
LONGITUDE: 119 43 W
[TEMPERATURE DATA] [PRECIPITATION DATA] SYMBOLS USED IN COLUMN 16
AVERAGE MONTHLY: 54.9 TOTAL FOR MONTH: 0.28 1 = FOG OR MIST
DPTR FM NORMAL: 0.6 DPTR FM NORMAL: -0.79 2 = FOG REDUCING VISIBILITY
HIGHEST: 82 ON 1 GRTST 24HR 0.17 ON 18-18 TO 1/4 MILE OR LESS
LOWEST: 34 ON 29 3 = THUNDER
SNOW, ICE PELLETS, HAIL 4 = ICE PELLETS
TOTAL MONTH: 0.0 INCH 5 = HAIL
GRTST 24HR 0.0 6 = FREEZING RAIN OR DRIZZLE
GRTST DEPTH: 0 7 = DUSTSTORM OR SANDSTORM:
VSBY 1/2 MILE OR LESS
8 = SMOKE OR HAZE
[NO. OF DAYS WITH] [WEATHER - DAYS WITH] 9 = BLOWING SNOW
X = TORNADO
MAX 32 OR BELOW: 0 0.01 INCH OR MORE: 3
MAX 90 OR ABOVE: 0 0.10 INCH OR MORE: 2
MIN 32 OR BELOW: 0 0.50 INCH OR MORE: 0
MIN 0 OR BELOW: 0 1.00 INCH OR MORE: 0
[HDD (BASE 65) ]
TOTAL THIS MO. 301 CLEAR (SCALE 0-3) 16
DPTR FM NORMAL -24 PTCLDY (SCALE 4-7) 13
TOTAL FM JUL 1 324 CLOUDY (SCALE 8-10) 1
DPTR FM NORMAL -64
[CDD (BASE 65) ]
TOTAL THIS MO. 5
DPTR FM NORMAL 3 [PRESSURE DATA]
TOTAL FM JAN 1 2783 HIGHEST SLP 30.32 ON 30
DPTR FM NORMAL 659 LOWEST SLP 29.65 ON 7
[REMARKS]
#FINAL-11-20#