000
CXUS54 KOUN 010910
CF6FDR
PRELIMINARY LOCAL CLIMATOLOGICAL DATA (WS FORM: F-6)
STATION: FREDERICK MUNICIPAL
MONTH: FEBRUARY
YEAR: 2024
LATITUDE: 34 21 N
LONGITUDE: 98 59 W
TEMPERATURE IN F: :PCPN: SNOW: WIND :SUNSHINE: SKY :PK WND
================================================================================
1 2 3 4 5 6A 6B 7 8 9 10 11 12 13 14 15 16 17 18
12Z AVG MX 2MIN
DY MAX MIN AVG DEP HDD CDD WTR SNW DPTH SPD SPD DIR MIN PSBL S-S WX SPD DR
================================================================================
1 72 47 60 17 5 0 T M M 11.9 21 180 M M 2 27 180
2 67 48 58 15 7 0 0.60 M M 13.3 24 130 M M 4 13 31 40
3 64 43 54 11 11 0 0.00 M M 12.6 23 190 M M 3 12 29 190
4 59 48 54 11 11 0 T M M 15.9 28 350 M M 9 35 350
5 60 41 51 7 14 0 0.00 0.0 M 11.2 24 360 M M 5 30 350
6 62 36 49 5 16 0 0.00 0.0 M 7.7 15 130 M M 0 18 18 130
7 63 43 53 9 12 0 0.00 0.0 M 11.7 24 170 M M 1 31 170
8 71 41 56 12 9 0 0.00 M M 13.2 24 220 M M 0 31 260
9 66 42 54 10 11 0 0.00 M M 8.3 18 260 M M 0 24 250
10 53 40 47 3 18 0 0.01 M M 11.8 24 10 M M 6 30 10
11 44 33 39 -5 26 0 0.66 M M 18.4 26 360 M M 10 1 33 360
12 51 31 41 -4 24 0 0.03 M M 7.3 15 340 M M 2 1 20 340
13 65 30 48 3 17 0 0.00 M M 8.8 16 200 M M 0 21 190
14 68 37 53 8 12 0 0.00 M M 11.5 24 190 M M 0 32 190
15 62 39 51 6 14 0 0.00 M M 6.5 17 50 M M 0 12 21 50
16 51 32 42 -4 23 0 0.00 M M 18.3 33 360 M M 1 1 42 10
17 38 26 32 -14 33 0 0.00 M M 15.1 26 10 M M 5 33 360
18 56 23 40 -6 25 0 0.00 M M 8.3 17 220 M M 0 22 210
19 72 32 52 6 13 0 0.00 M M 8.3 15 330 M M 0 19 230
20 80 39 60 13 5 0 0.00 M M 9.2 16 180 M M 0 23 190
21 83 39 61 14 4 0 0.00 M M 9.7 17 170 M M 0 22 160
22 73 44 59 12 6 0 0.00 M M 13.9 25 340 M M 0 34 350
23 69 43 56 9 9 0 0.00 M M 7.8 17 290 M M 0 26 290
24 76 36 56 8 9 0 0.00 M M 9.9 24 200 M M 0 31 200
25 81 45 63 15 2 0 0.00 M M 9.6 17 280 M M 0 8 22 310
26 92 47 70 22 0 5 0.00 M M 11.9 31 260 M M 0 42 250
27 83 44 64 15 1 0 0.00 0.0 0 17.6 39 360 M M 2 55 350
28 49 33 41 -8 24 0 0.00 M M 12.9 32 360 M M 1 42 360
29 41 32 37 -12 28 0 0.26 M M 7.0 16 110 M M 5 1 20 110
================================================================================
SM 1871 1114 389 5 1.56 0.0 329.6 M 56
================================================================================
AV 64.5 38.4 11.4 FASTST M M 2 MAX(MPH)
MISC ----> 39 360 55 350
================================================================================
NOTES:
# LAST OF SEVERAL OCCURRENCES
COLUMN 17 PEAK WIND IN M.P.H.
PRELIMINARY LOCAL CLIMATOLOGICAL DATA (WS FORM: F-6) , PAGE 2
STATION: FREDERICK MUNICIPAL
MONTH: FEBRUARY
YEAR: 2024
LATITUDE: 34 21 N
LONGITUDE: 98 59 W
[TEMPERATURE DATA] [PRECIPITATION DATA] SYMBOLS USED IN COLUMN 16
AVERAGE MONTHLY: 51.5 TOTAL FOR MONTH: 1.56 1 = FOG OR MIST
DPTR FM NORMAL: 6.0 DPTR FM NORMAL: M 2 = FOG REDUCING VISIBILITY
HIGHEST: 92 ON 26 GRTST 24HR 0.69 ON 11-12 TO 1/4 MILE OR LESS
LOWEST: 23 ON 18 3 = THUNDER
SNOW, ICE PELLETS, HAIL 4 = ICE PELLETS
TOTAL MONTH: 0.0 INCH 5 = HAIL
GRTST 24HR 0.0 6 = FREEZING RAIN OR DRIZZLE
GRTST DEPTH: 0 7 = DUSTSTORM OR SANDSTORM:
VSBY 1/2 MILE OR LESS
8 = SMOKE OR HAZE
[NO. OF DAYS WITH] [WEATHER - DAYS WITH] 9 = BLOWING SNOW
X = TORNADO
MAX 32 OR BELOW: 0 0.01 INCH OR MORE: 5
MAX 90 OR ABOVE: 1 0.10 INCH OR MORE: 3
MIN 32 OR BELOW: 7 0.50 INCH OR MORE: 2
MIN 0 OR BELOW: 0 1.00 INCH OR MORE: 0
[HDD (BASE 65) ]
TOTAL THIS MO. 389 CLEAR (SCALE 0-3) 22
DPTR FM NORMAL -159 PTCLDY (SCALE 4-7) 5
TOTAL FM JUL 1 2213 CLOUDY (SCALE 8-10) 2
DPTR FM NORMAL -279
[CDD (BASE 65) ]
TOTAL THIS MO. 5
DPTR FM NORMAL 3 [PRESSURE DATA]
TOTAL FM JAN 1 5 HIGHEST SLP 30.47 ON 17
DPTR FM NORMAL 3 LOWEST SLP 29.41 ON 3
[REMARKS]
#FINAL-02-24#