000
CXUS53 KARX 011000
CF6FKA
PRELIMINARY LOCAL CLIMATOLOGICAL DATA (WS FORM: F-6)
STATION: PRESTON MN
MONTH: JANUARY
YEAR: 2022
LATITUDE: 43 40 N
LONGITUDE: 92 11 W
TEMPERATURE IN F: :PCPN: SNOW: WIND :SUNSHINE: SKY :PK WND
================================================================================
1 2 3 4 5 6A 6B 7 8 9 10 11 12 13 14 15 16 17 18
12Z AVG MX 2MIN
DY MAX MIN AVG DEP HDD CDD WTR SNW DPTH SPD SPD DIR MIN PSBL S-S WX SPD DR
================================================================================
1 6 -9 -1 M 66 0 0.00 0.0 M 13.2 18 350 M M 0 8 23 350
2 3 -15 -6 M 71 0 0.00 0.0 M 6.0 12 320 M M 0 8 M M
3 20 -1 10 M 55 0 0.00 0.0 M 10.7 17 210 M M 0 21 210
4 29 16 23 M 42 0 M M M 13.4 25 300 M M 2 1 33 300
5 17 3 10 M 55 0 M M M 22.3 32 290 M M 10 189 41 290
6 4 -12 -4 M 69 0 M M M 12.3 17 310 M M 5 18 21 310
7 7 -13 -3 M 68 0 M M M 7.6 18 170 M M 3 8 25 160
8 26 7 17 M 48 0 M M M 16.5 23 170 M M 8 18 33 170
9 14 -3 6 M 59 0 0.00 M M 14.3 22 320 M M 2 8 29 320
10 7 -7 0 M 65 0 0.00 M M 6.7 10 320 M M 0 8 M M
11 37 2 20 M 45 0 0.00 M M 15.1 22 180 M M 0 31 190
12 39 28 34 M 31 0 0.00 M M 5.2 13 260 M M 1 1 18 250
13 39 23 31 M 34 0 0.00 M M 6.4 16 330 M M 5 1 22 330
14 29 11 20 M 45 0 M M M 11.3 17 90 M M 10 1 25 60
15 16 1 9 M 56 0 0.00 0.0 M 5.7 13 40 M M 1 21 40
16 26 3 15 M 50 0 M M M 12.7 21 210 M M 7 8 24 210
17 27 20 24 M 41 0 0.00 0.0 M 9.2 13 330 M M 8 17 210
18 35 11 23 M 42 0 0.00 0.0 M 16.5 25 300 M M 3 1 40 300
19 11 -5 3 M 62 0 0.00 0.0 M 16.5 24 310 M M 1 8 32 310
20 1 -13 -6 M 71 0 0.00 0.0 M 5.8 15 320 M M 0 17 320
21 13 -12 1 M 64 0 0.02 M M 13.8 22 200 M M 2 18 30 200
22 23 9 16 M 49 0 M M M 13.1 24 220 M M 6 18 35 260
23 9 -5 2 M 63 0 M M M 8.8 15 190 M M 3 20 360
24 16 -6 5 M 60 0 M M M 12.1 20 350 M M 5 18 24 350
25 -2 -17 -9 M 74 0 0.00 0.0 M 10.8 16 310 M M 0 8 18 320
26 18 -23 -2 M 67 0 0.00 0.0 M 14.7 24 200 M M 1 8 35 200
27 30 7 19 M 46 0 T T M 12.3 20 220 M M 7 24 220
28 10 -5 3 M 62 0 0.00 0.0 M 6.5 10 220 M M 3 8 M M
29 21 6 14 M 51 0 0.00 0.0 M 12.3 21 190 M M 1 8 23 190
30 21 10 16 M 49 0 T T M 6.7 13 330 M M 4 18 16 330
31 31 9 20 M 45 0 M M M 13.7 20 180 M M 0 18 29 170
================================================================================
SM 583 20 1705 0 0.02 T 352.2 M 98
================================================================================
AV 18.8 0.6 11.4 FASTST M M 3 MAX(MPH)
MISC ----> 32 290 41 290
================================================================================
NOTES:
# LAST OF SEVERAL OCCURRENCES
COLUMN 17 PEAK WIND IN M.P.H.
PRELIMINARY LOCAL CLIMATOLOGICAL DATA (WS FORM: F-6) , PAGE 2
STATION: PRESTON MN
MONTH: JANUARY
YEAR: 2022
LATITUDE: 43 40 N
LONGITUDE: 92 11 W
[TEMPERATURE DATA] [PRECIPITATION DATA] SYMBOLS USED IN COLUMN 16
AVERAGE MONTHLY: 9.7 TOTAL FOR MONTH: 0.02 1 = FOG OR MIST
DPTR FM NORMAL: 0.0 DPTR FM NORMAL: M 2 = FOG REDUCING VISIBILITY
HIGHEST: 39 ON 13,12 GRTST 24HR 0.44 ON 14-14 TO 1/4 MILE OR LESS
LOWEST: -23 ON 26 3 = THUNDER
SNOW, ICE PELLETS, HAIL 4 = ICE PELLETS
TOTAL MONTH: T 5 = HAIL
GRTST 24HR T ON 27-27 6 = FREEZING RAIN OR DRIZZLE
GRTST DEPTH: M ON M 7 = DUSTSTORM OR SANDSTORM:
VSBY 1/2 MILE OR LESS
8 = SMOKE OR HAZE
[NO. OF DAYS WITH] [WEATHER - DAYS WITH] 9 = BLOWING SNOW
X = TORNADO
MAX 32 OR BELOW: 27 0.01 INCH OR MORE: 1
MAX 90 OR ABOVE: 0 0.10 INCH OR MORE: 0
MIN 32 OR BELOW: 31 0.50 INCH OR MORE: 0
MIN 0 OR BELOW: 15 1.00 INCH OR MORE: 0
[HDD (BASE 65) ]
TOTAL THIS MO. 1705 CLEAR (SCALE 0-3) 18
DPTR FM NORMAL M PTCLDY (SCALE 4-7) 11
TOTAL FM JUL 1 4251 CLOUDY (SCALE 8-10) 2
DPTR FM NORMAL M
[CDD (BASE 65) ]
TOTAL THIS MO. 0
DPTR FM NORMAL M [PRESSURE DATA]
TOTAL FM JAN 1 0 HIGHEST SLP M ON M
DPTR FM NORMAL M LOWEST SLP M ON M
[REMARKS]
#FINAL-01-22#