000
CXUS53 KARX 010930
CF6FKA
PRELIMINARY LOCAL CLIMATOLOGICAL DATA (WS FORM: F-6)
STATION: PRESTON MN
MONTH: JULY
YEAR: 2020
LATITUDE: 43 40 N
LONGITUDE: 92 11 W
TEMPERATURE IN F: :PCPN: SNOW: WIND :SUNSHINE: SKY :PK WND
================================================================================
1 2 3 4 5 6A 6B 7 8 9 10 11 12 13 14 15 16 17 18
12Z AVG MX 2MIN
DY MAX MIN AVG DEP HDD CDD WTR SNW DPTH SPD SPD DIR MIN PSBL S-S WX SPD DR
================================================================================
1 83 69 76 M 0 11 0.00 0.0 0 3.1 7 90 M M 2 1 M M
2 85 67 76 M 0 11 0.00 0.0 0 2.7 7 100 M M 1 12 M M
3 86 63 75 M 0 10 0.00 0.0 0 1.3 5 190 M M 1 M M
4 87 66 77 M 0 12 0.00 0.0 0 2.4 8 150 M M 3 M M
5 88 68 78 M 0 13 0.00 0.0 0 4.9 9 220 M M 1 M M
6 87 68 78 M 0 13 0.00 0.0 0 6.8 15 280 M M 0 17 240
7 86 67 77 M 0 12 0.00 0.0 0 5.2 13 270 M M 1 3 M M
8 90 68 79 M 0 14 0.00 0.0 0 7.6 15 180 M M 1 20 180
9 83 64 74 M 0 9 0.81 0.0 0 7.6 21 10 M M 3 13 27 10
10 80 64 72 M 0 7 0.00 0.0 0 7.9 14 280 M M 0 1 17 280
11 82 64 73 M 0 8 0.32 0.0 0 3.9 12 260 M M 3 3 27 260
12 78 59 69 M 0 4 0.00 0.0 0 3.5 9 350 M M 1 M M
13 82 60 71 M 0 6 0.00 0.0 0 7.1 15 160 M M 1 21 170
14 83 61 72 M 0 7 0.08 0.0 0 11.0 17 310 M M 5 3 21 190
15 66 55 61 M 4 0 0.08 0.0 0 3.7 8 60 M M 2 M M
16 79 47 63 M 2 0 0.00 0.0 0 5.8 14 170 M M 0 1 M M
17 83 63 73 M 0 8 0.00 0.0 0 9.2 13 170 M M 3 20 170
18 86 66 76 M 0 11 0.23 0.0 0 10.3 17 180 M M 4 3 29 160
19 80 63 72 M 0 7 0.00 0.0 0 10.8 15 320 M M 1 27 300
20 78 59 69 M 0 4 0.00 0.0 0 2.3 7 290 M M 0 M M
21 78 61 70 M 0 5 0.00 0.0 0 6.4 13 180 M M 3 M M
22 71 55 63 M 2 0 0.00 0.0 0 7.4 13 10 M M 3 17 10
23 78 52 65 M 0 0 0.00 0.0 0 3.8 7 150 M M 2 12 M M
24 86 63 75 M 0 10 0.00 0.0 0 9.4 15 170 M M 2 20 170
25 87 73 80 M 0 15 0.00 0.0 0 10.4 15 190 M M 3 18 190
26 82 71 77 M 0 12 0.00 0.0 0 7.1 13 320 M M 4 3 20 210
27 80 60 70 M 0 5 0.00 0.0 0 9.1 15 310 M M 1 20 330
28 84 63 74 M 0 9 0.00 0.0 0 7.2 17 250 M M 3 27 240
29 80 60 70 M 0 5 0.00 0.0 0 3.0 8 360 M M 0 M M
30 78 59 69 M 0 4 0.00 0.0 0 7.7 14 30 M M 1 17 40
31 79 56 68 M 0 3 0.00 0.0 0 3.2 8 360 M M 1 M M
================================================================================
SM 2535 1934 8 235 1.52 0.0 191.8 M 56
================================================================================
AV 81.8 62.4 6.2 FASTST M M 2 MAX(MPH)
MISC ----> # 21 10 # 29 160
================================================================================
NOTES:
# LAST OF SEVERAL OCCURRENCES
COLUMN 17 PEAK WIND IN M.P.H.
PRELIMINARY LOCAL CLIMATOLOGICAL DATA (WS FORM: F-6) , PAGE 2
STATION: PRESTON MN
MONTH: JULY
YEAR: 2020
LATITUDE: 43 40 N
LONGITUDE: 92 11 W
[TEMPERATURE DATA] [PRECIPITATION DATA] SYMBOLS USED IN COLUMN 16
AVERAGE MONTHLY: 72.1 TOTAL FOR MONTH: 1.52 1 = FOG OR MIST
DPTR FM NORMAL: M DPTR FM NORMAL: M 2 = FOG REDUCING VISIBILITY
HIGHEST: 90 ON 8 GRTST 24HR 0.81 ON 9- 9 TO 1/4 MILE OR LESS
LOWEST: 47 ON 16 3 = THUNDER
SNOW, ICE PELLETS, HAIL 4 = ICE PELLETS
TOTAL MONTH: 0.0 INCH 5 = HAIL
GRTST 24HR 0.0 6 = FREEZING RAIN OR DRIZZLE
GRTST DEPTH: 0 7 = DUSTSTORM OR SANDSTORM:
VSBY 1/2 MILE OR LESS
8 = SMOKE OR HAZE
[NO. OF DAYS WITH] [WEATHER - DAYS WITH] 9 = BLOWING SNOW
X = TORNADO
MAX 32 OR BELOW: 0 0.01 INCH OR MORE: 5
MAX 90 OR ABOVE: 1 0.10 INCH OR MORE: 3
MIN 32 OR BELOW: 0 0.50 INCH OR MORE: 1
MIN 0 OR BELOW: 0 1.00 INCH OR MORE: 0
[HDD (BASE 65) ]
TOTAL THIS MO. 8 CLEAR (SCALE 0-3) 27
DPTR FM NORMAL M PTCLDY (SCALE 4-7) 4
TOTAL FM JUL 1 8 CLOUDY (SCALE 8-10) 0
DPTR FM NORMAL M
[CDD (BASE 65) ]
TOTAL THIS MO. 235
DPTR FM NORMAL M [PRESSURE DATA]
TOTAL FM JAN 1 403 HIGHEST SLP M ON M
DPTR FM NORMAL M LOWEST SLP M ON M
[REMARKS]
#FINAL-07-20#