000
CXUS53 KMKX 010910
CF6FLD
PRELIMINARY LOCAL CLIMATOLOGICAL DATA (WS FORM: F-6)
STATION: FOND_DU_LAC WI
MONTH: DECEMBER
YEAR: 2023
LATITUDE: 43 46 N
LONGITUDE: 88 29 W
TEMPERATURE IN F: :PCPN: SNOW: WIND :SUNSHINE: SKY :PK WND
================================================================================
1 2 3 4 5 6A 6B 7 8 9 10 11 12 13 14 15 16 17 18
12Z AVG MX 2MIN
DY MAX MIN AVG DEP HDD CDD WTR SNW DPTH SPD SPD DIR MIN PSBL S-S WX SPD DR
================================================================================
1 36 22 29 -1 36 0 0.00 M M 10.3 18 20 M M 4 25 20
2 41 28 35 5 30 0 T M M 6.7 15 10 M M 8 18 20
3 36 32 34 4 31 0 0.28 M M 8.2 13 360 M M 10 1 17 10
4 36 27 32 3 33 0 T M M 3.2 7 200 M M 10 9 200
5 36 33 35 6 30 0 T M M 5.7 10 290 M M 10 1 15 280
6 38 32 35 7 30 0 0.00 M M 10.6 22 200 M M 7 32 210
7 50 33 42 14 23 0 0.00 M M 7.8 13 160 M M 0 19 210
8 56 37 47 19 18 0 0.00 M M 11.8 24 200 M M 0 1 34 210
9 46 35 41 14 24 0 0.16 M M 9.4 20 230 M M 10 1 30 250
10 35 25 30 3 35 0 0.01 M M 10.9 18 320 M M 10 1 26 280
11 32 22 27 0 38 0 0.00 M M 7.7 17 210 M M 6 28 220
12 34 17 26 0 39 0 0.00 M M 10.1 25 290 M M 0 34 310
13 42 18 30 4 35 0 0.00 M M 6.7 14 240 M M 4 21 240
14 52 29 41 15 24 0 0.00 M M 9.9 16 240 M M 0 24 220
15 M M M M M M M M M M M M M M M M M
16 48 39 44 19 21 0 0.05 M M 9.3 17 130 M M 9 1 25 130
17 42 34 38 13 27 0 T M M 8.6 18 280 M M 10 1 25 290
18 35 19 27 3 38 0 T M M 18.1 31 310 M M 9 44 320
19 33 14 24 0 41 0 0.00 M M 9.8 20 190 M M 2 27 190
20 41 27 34 10 31 0 0.00 M M 4.7 12 60 M M 1 14 60
21 41 29 35 12 30 0 0.00 M M 4.8 9 120 M M 6 14 100
22 47 39 43 20 22 0 0.00 M M 3.4 8 130 M M 10 18 10 120
23 45 35 40 17 25 0 0.00 M M 2.6 9 140 M M 10 12 11 130
24 54 42 48 25 17 0 T M M 10.6 21 150 M M 9 1 29 150
25 54 49 52 30 13 0 0.06 M M 11.7 21 120 M M 7 18 33 120
26 52 30 41 19 24 0 0.03 M M 6.9 18 190 M M 10 18 27 130
27 41 24 33 11 32 0 0.00 M M 4.6 13 10 M M 0 17 350
28 39 33 36 14 29 0 0.44 M M 12.6 20 10 M M 10 1 26 20
29 42 25 34 13 31 0 T M M 7.7 15 360 M M 6 1 20 360
30 39 22 31 10 34 0 T M M 5.7 13 290 M M 5 1 16 290
31 33 29 31 10 34 0 0.02 M M 13.2 25 20 M M 10 16 36 20
================================================================================
SM 1256 880 875 0 1.05 M 253.3 M 193
================================================================================
AV 41.9 29.3 8.4 FASTST M M 6 MAX(MPH)
MISC ----> 31 310 44 320
================================================================================
NOTES:
# LAST OF SEVERAL OCCURRENCES
COLUMN 17 PEAK WIND IN M.P.H.
PRELIMINARY LOCAL CLIMATOLOGICAL DATA (WS FORM: F-6) , PAGE 2
STATION: FOND_DU_LAC WI
MONTH: DECEMBER
YEAR: 2023
LATITUDE: 43 46 N
LONGITUDE: 88 29 W
[TEMPERATURE DATA] [PRECIPITATION DATA] SYMBOLS USED IN COLUMN 16
AVERAGE MONTHLY: 35.6 TOTAL FOR MONTH: 1.05 1 = FOG OR MIST
DPTR FM NORMAL: 10.5 DPTR FM NORMAL: 0.13 2 = FOG REDUCING VISIBILITY
HIGHEST: 56 ON 8 GRTST 24HR 0.44 ON 28-28 TO 1/4 MILE OR LESS
LOWEST: 14 ON 19 3 = THUNDER
SNOW, ICE PELLETS, HAIL 4 = ICE PELLETS
TOTAL MONTH: M 5 = HAIL
GRTST 24HR M ON M 6 = FREEZING RAIN OR DRIZZLE
GRTST DEPTH: M ON M 7 = DUSTSTORM OR SANDSTORM:
VSBY 1/2 MILE OR LESS
8 = SMOKE OR HAZE
[NO. OF DAYS WITH] [WEATHER - DAYS WITH] 9 = BLOWING SNOW
X = TORNADO
MAX 32 OR BELOW: 1 0.01 INCH OR MORE: 8
MAX 90 OR ABOVE: 0 0.10 INCH OR MORE: 3
MIN 32 OR BELOW: 19 0.50 INCH OR MORE: 0
MIN 0 OR BELOW: 0 1.00 INCH OR MORE: 0
[HDD (BASE 65) ]
TOTAL THIS MO. 875 CLEAR (SCALE 0-3) 7
DPTR FM NORMAL -360 PTCLDY (SCALE 4-7) 9
TOTAL FM JUL 1 2169 CLOUDY (SCALE 8-10) 14
DPTR FM NORMAL -581
[CDD (BASE 65) ]
TOTAL THIS MO. 0
DPTR FM NORMAL 0 [PRESSURE DATA]
TOTAL FM JAN 1 736 HIGHEST SLP 30.64 ON 13
DPTR FM NORMAL 153 LOWEST SLP 29.54 ON 9
[REMARKS]
#FINAL-12-23#