000
CXUS54 KLZK 011130
CF6FLP
PRELIMINARY LOCAL CLIMATOLOGICAL DATA (WS FORM: F-6)
STATION: Flippin
MONTH: SEPTEMBER
YEAR: 2020
LATITUDE: 36 17 N
LONGITUDE: 92 28 W
TEMPERATURE IN F: :PCPN: SNOW: WIND :SUNSHINE: SKY :PK WND
================================================================================
1 2 3 4 5 6A 6B 7 8 9 10 11 12 13 14 15 16 17 18
12Z AVG MX 2MIN
DY MAX MIN AVG DEP HDD CDD WTR SNW DPTH SPD SPD DIR MIN PSBL S-S WX SPD DR
================================================================================
1 77 69 73 M 0 8 1.19 M M 2.2 5 230 M M 7 13 M M
2 77 70 74 M 0 9 0.24 M M 0.7 5 250 M M 5 1 M M
3 85 69 77 M 0 12 0.01 M M 1.9 7 260 M M 5 1 M M
4 84 66 75 M 0 10 0.00 M M 3.5 10 40 M M 1 M M
5 91 63 77 M 0 12 0.00 M M 1.8 5 99 M M 2 M M
6 91 68 80 M 0 15 0.00 M M 2.9 10 220 M M 1 M M
7 91 64 78 M 0 13 0.00 M M 2.8 13 240 M M 0 16 99
8 90 68 79 M 0 14 0.00 M M 2.9 7 99 M M 1 M M
9 90 66 78 M 0 13 0.00 M M 2.1 7 100 M M 2 1 M M
10 85 68 77 M 0 12 0.00 M M 0.6 4 120 M M 2 M M
11 81 70 76 M 0 11 T M M 0.9 5 99 M M 8 M M
12 84 68 76 M 0 11 0.01 M M 1.5 7 50 M M 7 12 M M
13 80 66 73 M 0 8 0.00 M M 4.4 9 40 M M 7 12 M M
14 84 61 73 M 0 8 0.00 M M 4.0 10 30 M M 1 M M
15 86 60 73 M 0 8 0.00 M M 2.3 9 50 M M 0 M M
16 87 60 74 M 0 9 0.00 M M 2.1 6 20 M M 3 M M
17 86 60 73 M 0 8 0.00 M M 4.6 12 10 M M 1 M M
18 79 57 68 M 0 3 0.00 M M 3.4 9 50 M M 0 M M
19 75 50 63 M 2 0 0.00 M M 2.8 8 40 M M 0 M M
20 78 46 62 M 3 0 0.00 M M 2.2 6 80 M M 2 M M
21 80 51 66 M 0 1 0.00 M M 2.9 10 110 M M 1 17 110
22 72 60 66 M 0 1 0.01 M M 2.3 6 110 M M 4 M M
23 72 56 64 M 1 0 T M M 3.7 10 120 M M 6 M M
24 78 56 67 M 0 2 0.00 M M 3.0 7 20 M M 5 1 M M
25 82 52 67 M 0 2 0.00 M M 2.3 7 140 M M 4 1 M M
26 82 55 69 M 0 4 0.00 M M 4.1 9 170 M M 2 1 M M
27 85 54 70 M 0 5 0.33 M M 3.9 15 340 M M 4 123 30 340
28 70 50 60 M 5 0 0.44 M M 7.3 16 300 M M 5 23 300
29 72 44 58 M 7 0 0.00 M M 4.6 18 270 M M 0 25 270
30 91 45 68 M 0 3 0.00 M M 6.4 14 250 M M 0 18 250
================================================================================
SM 2465 1792 18 202 2.23 M 90.1 M 86
================================================================================
AV 82.2 59.7 3.0 FASTST M M 3 MAX(MPH)
MISC ----> # 18 270 # 30 340
================================================================================
NOTES:
# LAST OF SEVERAL OCCURRENCES
COLUMN 17 PEAK WIND IN M.P.H.
PRELIMINARY LOCAL CLIMATOLOGICAL DATA (WS FORM: F-6) , PAGE 2
STATION: Flippin
MONTH: SEPTEMBER
YEAR: 2020
LATITUDE: 36 17 N
LONGITUDE: 92 28 W
[TEMPERATURE DATA] [PRECIPITATION DATA] SYMBOLS USED IN COLUMN 16
AVERAGE MONTHLY: 71.0 TOTAL FOR MONTH: 2.23 1 = FOG OR MIST
DPTR FM NORMAL: M DPTR FM NORMAL: M 2 = FOG REDUCING VISIBILITY
HIGHEST: 91 ON 30, 7 GRTST 24HR 1.19 ON 1- 1 TO 1/4 MILE OR LESS
LOWEST: 44 ON 29 3 = THUNDER
SNOW, ICE PELLETS, HAIL 4 = ICE PELLETS
TOTAL MONTH: M 5 = HAIL
GRTST 24HR M ON M 6 = FREEZING RAIN OR DRIZZLE
GRTST DEPTH: M ON M 7 = DUSTSTORM OR SANDSTORM:
VSBY 1/2 MILE OR LESS
8 = SMOKE OR HAZE
[NO. OF DAYS WITH] [WEATHER - DAYS WITH] 9 = BLOWING SNOW
X = TORNADO
MAX 32 OR BELOW: 0 0.01 INCH OR MORE: 7
MAX 90 OR ABOVE: 6 0.10 INCH OR MORE: 4
MIN 32 OR BELOW: 0 0.50 INCH OR MORE: 1
MIN 0 OR BELOW: 0 1.00 INCH OR MORE: 1
[HDD (BASE 65) ]
TOTAL THIS MO. 18 CLEAR (SCALE 0-3) 18
DPTR FM NORMAL M PTCLDY (SCALE 4-7) 12
TOTAL FM JUL 1 18 CLOUDY (SCALE 8-10) 0
DPTR FM NORMAL M
[CDD (BASE 65) ]
TOTAL THIS MO. 202
DPTR FM NORMAL M [PRESSURE DATA]
TOTAL FM JAN 1 1560 HIGHEST SLP 30.33 ON 5
DPTR FM NORMAL M LOWEST SLP 29.69 ON 27
[REMARKS]
#FINAL-09-20#