000
CXUS52 KTBW 041654
CF6FMY
PRELIMINARY LOCAL CLIMATOLOGICAL DATA (WS FORM: F-6)
STATION: FORT MYERS
MONTH: JUNE
YEAR: 2022
LATITUDE: 26 34 N
LONGITUDE: 81 52 W
TEMPERATURE IN F: :PCPN: SNOW: WIND :SUNSHINE: SKY :PK WND
================================================================================
1 2 3 4 5 6A 6B 7 8 9 10 11 12 13 14 15 16 17 18
12Z AVG MX 2MIN
DY MAX MIN AVG DEP HDD CDD WTR SNW DPTH SPD SPD DIR MIN PSBL S-S WX SPD DR
================================================================================
1 91 72 82 1 0 17 0.00 0.0 0 6.8 17 40 M M 2 3 22 50
2 90 72 81 0 0 16 0.15 0.0 0 7.4 21 210 M M 3 8 33 200
3 76 72 74 -8 0 9 4.13 0.0 0 9.4 18 110 M M 8 1 28 100
4 86 72 79 -3 0 14 0.62 0.0 0 9.9 21 30 M M 7 13 29 30
5 89 73 81 -1 0 16 0.00 0.0 0 6.2 14 250 M M 1 20 290
6 91 77 84 2 0 19 0.00 0.0 0 5.2 16 260 M M 1 21 260
7 90 72 81 -1 0 16 0.03 0.0 0 4.4 22 120 M M 3 13 32 150
8 89 74 82 0 0 17 T 0.0 0 6.6 17 250 M M 2 3 25 250
9 89 78 84 2 0 19 0.02 0.0 0 5.8 17 270 M M 2 3 23 260
10 90 73 82 0 0 17 0.20 0.0 0 8.4 21 260 M M 3 138 28 320
11 85 72 79 -3 0 14 2.51 0.0 0 5.2 23 310 M M 3 138 31 300
12 88 74 81 -1 0 16 0.00 0.0 0 6.2 16 250 M M 1 21 230
13 93 76 85 3 0 20 0.00 0.0 0 4.3 14 290 M M 1 22 260
14 95 76 86 4 0 21 0.05 0.0 0 5.8 16 90 M M 3 3 23 80
15 94 75 85 3 0 20 0.00 0.0 0 4.6 13 130 M M 1 16 110
16 95 78 87 5 0 22 0.00 0.0 0 4.0 17 110 M M 1 22 100
17 95 79 87 5 0 22 T 0.0 0 7.4 14 80 M M 2 3 21 60
18 95 75 85 3 0 20 T 0.0 0 5.0 28 20 M M 2 3 38 360
19 94 74 84 1 0 19 0.16 0.0 0 3.2 28 280 M M 2 3 35 290
20 93 74 84 1 0 19 0.56 0.0 0 4.6 21 250 M M 3 13 28 50
21 91 74 83 0 0 18 0.00 0.0 0 8.2 16 80 M M 1 24 60
22 90 72 81 -2 0 16 T 0.0 0 6.3 14 40 M M 2 23 350
23 91 73 82 -1 0 17 0.00 0.0 0 6.2 15 280 M M 1 21 270
24 92 79 86 3 0 21 0.00 0.0 0 6.7 18 30 M M 0 23 30
25 93 75 84 1 0 19 2.92 0.0 0 5.2 31 310 M M 2 13 42 320
26 94 75 85 2 0 20 0.33 0.0 0 4.9 21 180 M M 4 13 30 170
27 94 73 84 1 0 19 1.09 0.0 0 5.4 24 140 M M 2 123 39 130
28 94 75 85 2 0 20 T 0.0 0 5.5 17 160 M M 2 38 26 160
29 94 75 85 2 0 20 0.00 0.0 0 3.3 18 40 M M 1 3 24 30
30 94 74 84 1 0 19 1.31 0.0 0 3.8 29 350 M M 3 13 43 320
================================================================================
SM 2735 2233 0 542 14.08 0.0 175.9 M 69
================================================================================
AV 91.2 74.4 5.9 FASTST M M 2 MAX(MPH)
MISC ----> 31 310 43 320
================================================================================
NOTES:
# LAST OF SEVERAL OCCURRENCES
COLUMN 17 PEAK WIND IN M.P.H.
PRELIMINARY LOCAL CLIMATOLOGICAL DATA (WS FORM: F-6) , PAGE 2
STATION: FORT MYERS
MONTH: JUNE
YEAR: 2022
LATITUDE: 26 34 N
LONGITUDE: 81 52 W
[TEMPERATURE DATA] [PRECIPITATION DATA] SYMBOLS USED IN COLUMN 16
AVERAGE MONTHLY: 82.8 TOTAL FOR MONTH: 14.08 1 = FOG OR MIST
DPTR FM NORMAL: 0.5 DPTR FM NORMAL: 4.42 2 = FOG REDUCING VISIBILITY
HIGHEST: 95 ON 16,17 GRTST 24HR 4.69 ON 3- 4 TO 1/4 MILE OR LESS
LOWEST: 72 ON 22, 7 3 = THUNDER
SNOW, ICE PELLETS, HAIL 4 = ICE PELLETS
TOTAL MONTH: 0.0 INCH 5 = HAIL
GRTST 24HR 0.0 6 = FREEZING RAIN OR DRIZZLE
GRTST DEPTH: 0 7 = DUSTSTORM OR SANDSTORM:
VSBY 1/2 MILE OR LESS
8 = SMOKE OR HAZE
[NO. OF DAYS WITH] [WEATHER - DAYS WITH] 9 = BLOWING SNOW
X = TORNADO
MAX 32 OR BELOW: 0 0.01 INCH OR MORE: 14
MAX 90 OR ABOVE: 23 0.10 INCH OR MORE: 11
MIN 32 OR BELOW: 0 0.50 INCH OR MORE: 7
MIN 0 OR BELOW: 0 1.00 INCH OR MORE: 5
[HDD (BASE 65) ]
TOTAL THIS MO. 0 CLEAR (SCALE 0-3) 23
DPTR FM NORMAL 0 PTCLDY (SCALE 4-7) 7
TOTAL FM JUL 1 105 CLOUDY (SCALE 8-10) 0
DPTR FM NORMAL -148
[CDD (BASE 65) ]
TOTAL THIS MO. 542
DPTR FM NORMAL 23 [PRESSURE DATA]
TOTAL FM JAN 1 2059 HIGHEST SLP 30.16 ON 21
DPTR FM NORMAL 411 LOWEST SLP 29.61 ON 4
[REMARKS]
#FINAL-06-22#